000
CXUS51 KCLE 041935
CLSYNG
CLIMATE REPORT
NATIONAL WEATHER SERVICE CLEVELAND, OH
235 PM EST SAT DEC 04 2021
...................................
...THE YOUNGSTOWN OH CLIMATE SUMMARY FOR THE SEASON, FROM
9/1/2021 TO 11/30/2021...
CLIMATE NORMAL PERIOD 1991 TO 2020
CLIMATE RECORD PERIOD 1897 TO 2021
WEATHER OBSERVED NORMAL DEPART
VALUE DATE(S) VALUE FROM
NORMAL
................................................
TEMPERATURE (F)
RECORD
HIGH 99 09/05/1954
LOW 1 11/30/1976
11/30/1958
HIGHEST 85 09/14
09/20
LOWEST 24 11/06
11/20
11/23
AVG. MAXIMUM 64.3 62.0 2.3
AVG. MINIMUM 45.5 42.6 2.9
MEAN 54.9 52.3 2.6
DAYS MAX >= 90 0 0.7
DAYS MAX <= 32 0 1.7
DAYS MIN <= 32 17 18.8
DAYS MIN <= 0 0 0.0
PRECIPITATION (INCHES)
RECORD
MAXIMUM 15.85 2018
MINIMUM 3.08 1960
TOTALS 9.47 10.14 -0.67
DAYS >= .01 43 36.7
DAYS >= .10 24 21.2
DAYS >= .50 6 6.0
DAYS >= 1.00 2 1.9
SNOWFALL (INCHES)
RECORDS
TOTAL 30.6 1950
TOTALS 9.0 5.2
DAYS >= TRACE 14
DAYS >= 1.0 3 1.7
DEGREE DAYS
HEATING TOTAL 1013 1232 -219
COOLING TOTAL 118 74 44
................................................
WIND (MPH)
HIGHEST GUST SPEED/DIRECTION 36/280 DATE 10/17
SKY COVER
POSSIBLE SUNSHINE (PERCENT) MM
NUMBER OF DAYS FAIR 12
NUMBER OF DAYS PC 37
NUMBER OF DAYS CLOUDY 42
WEATHER CONDITIONS. NUMBER OF DAYS WITH
THUNDERSTORM 7 MIXED PRECIP 1
HEAVY RAIN 3 RAIN 12
LIGHT RAIN 40 FREEZING RAIN 0
LT FREEZING RAIN 2 HAIL 1
HEAVY SNOW 2 SNOW 4
LIGHT SNOW 14 SLEET 0
FOG 57 FOG W/VIS <= 1/4 MILE 5
HAZE 3
- INDICATES NEGATIVE NUMBERS.
R INDICATES RECORD WAS SET OR TIED.
MM INDICATES DATA IS MISSING.
T INDICATES TRACE AMOUNT.
$$