000
CXUS51 KPBZ 091537
CF6ZZV
PRELIMINARY LOCAL CLIMATOLOGICAL DATA (WS FORM: F-6)
STATION: ZANESVILLE OH
MONTH: JUNE
YEAR: 2021
LATITUDE: 39 56 N
LONGITUDE: 81 54 W
TEMPERATURE IN F: :PCPN: SNOW: WIND :SUNSHINE: SKY :PK WND
================================================================================
1 2 3 4 5 6A 6B 7 8 9 10 11 12 13 14 15 16 17 18
12Z AVG MX 2MIN
DY MAX MIN AVG DEP HDD CDD WTR SNW DPTH SPD SPD DIR MIN PSBL S-S WX SPD DR
================================================================================
1 76 50 63 -4 2 0 0.00 M M 1.9 9 130 M M 0 8 13 150
2 70 59 65 -2 0 0 0.03 M M 3.8 10 170 M M 10 1 12 170
3 72 62 67 0 0 2 M M M 4.8 18 190 M M 9 123 22 210
4 83 58 71 3 0 6 0.00 M M 6.1 16 270 M M 3 12 21 280
5 87 59 73 5 0 8 0.00 M M 4.1 16 200 M M 0 22 200
6 87 61 74 6 0 9 0.00 M M 3.8 14 160 M M 2 19 160
7 84 69 77 9 0 12 0.01 M M 4.6 15 280 M M 3 3 19 290
8 85 67 76 7 0 11 0.08 M M 4.9 15 30 M M 4 13 20 20
9 77 69 73 4 0 8 0.03 M M 3.9 12 190 M M 7 1 15 120
10 82 68 75 6 0 10 0.09 M M 4.5 12 70 M M 6 13 14 50
11 78 70 74 4 0 9 0.36 M M 2.8 12 80 M M 8 123 14 70
12 87 68 78 8 0 13 0.00 M M 1.3 10 80 M M 6 12 14 50
13 87 65 76 6 0 11 0.31 M M 2.8 14 10 M M 3 13 18 360
14 85 58 72 2 0 7 0.01 M M 5.8 20 340 M M 3 13 25 340
15 77 55 66 -5 0 1 0.01 M M 6.7 20 330 M M 3 24 330
16 75 47 61 -10 4 0 0.00 M M 4.1 16 310 M M 0 21 320
17 80 47 64 -7 1 0 0.00 M M 3.5 10 200 M M 0 8 15 250
18 80 58 69 -2 0 4 0.09 M M 6.1 22 150 M M 2 13 26 150
19 81 68 75 3 0 10 0.02 M M 7.3 17 260 M M 4 25 220
20 88 68 78 6 0 13 0.09 M M 6.9 16 200 M M 4 13 21 200
21 88 62 75 3 0 10 0.04 M M 9.2 20 230 M M 6 3 31 230
22 70 50 60 -12 5 0 0.01 M M 6.0 16 320 M M 5 22 290
23 76 45 61 -11 4 0 0.00 M M 3.3 13 160 M M 0 15 140
24 85 54 70 -3 0 5 0.00 M M 7.0 18 200 M M 1 22 180
25 84 65 75 2 0 10 0.00 M M 10.1 20 200 M M M 26 320
26 87 70 79 6 0 14 0.00 M M 9.9 20 200 M M M 24 200
27 91 67 79 6 0 14 0.00 M M 8.1 17 200 M M 0 22 190
28 93 66 80 7 0 15 T M M 3.6 14 220 M M 2 M M
29 95 69 82 9 0 17 0.00 M M 3.6 15 170 M M M 24 150
30 88 68 78 4 0 13 0.73 M M M M M M M M M M
================================================================================
SM 2478 1842 16 232 1.91 M 150.5 M 91
================================================================================
AV 82.6 61.4 5.2 FASTST M M 4 MAX(MPH)
MISC ----> 22 150 31 230
================================================================================
NOTES:
# LAST OF SEVERAL OCCURRENCES
COLUMN 17 PEAK WIND IN M.P.H.
PRELIMINARY LOCAL CLIMATOLOGICAL DATA (WS FORM: F-6) , PAGE 2
STATION: ZANESVILLE OH
MONTH: JUNE
YEAR: 2021
LATITUDE: 39 56 N
LONGITUDE: 81 54 W
[TEMPERATURE DATA] [PRECIPITATION DATA] SYMBOLS USED IN COLUMN 16
AVERAGE MONTHLY: 72.0 TOTAL FOR MONTH: 1.91 1 = FOG OR MIST
DPTR FM NORMAL: 1.5 DPTR FM NORMAL: -2.38 2 = FOG REDUCING VISIBILITY
HIGHEST: 95 ON 29 GRTST 24HR 0.73 ON 30-30 TO 1/4 MILE OR LESS
LOWEST: 45 ON 23 3 = THUNDER
SNOW, ICE PELLETS, HAIL 4 = ICE PELLETS
TOTAL MONTH: M 5 = HAIL
GRTST 24HR M ON M 6 = FREEZING RAIN OR DRIZZLE
GRTST DEPTH: M ON M 7 = DUSTSTORM OR SANDSTORM:
VSBY 1/2 MILE OR LESS
8 = SMOKE OR HAZE
[NO. OF DAYS WITH] [WEATHER - DAYS WITH] 9 = BLOWING SNOW
X = TORNADO
MAX 32 OR BELOW: 0 0.01 INCH OR MORE: 15
MAX 90 OR ABOVE: 3 0.10 INCH OR MORE: 3
MIN 32 OR BELOW: 0 0.50 INCH OR MORE: 1
MIN 0 OR BELOW: 0 1.00 INCH OR MORE: 0
[HDD (BASE 65) ]
TOTAL THIS MO. 16 CLEAR (SCALE 0-3) 13
DPTR FM NORMAL -6 PTCLDY (SCALE 4-7) 11
TOTAL FM JUL 1 5121 CLOUDY (SCALE 8-10) 6
DPTR FM NORMAL -145
[CDD (BASE 65) ]
TOTAL THIS MO. 232
DPTR FM NORMAL 45 [PRESSURE DATA]
TOTAL FM JAN 1 311 HIGHEST SLP M ON M
DPTR FM NORMAL 46 LOWEST SLP 29.57 ON 21
[REMARKS]
#FINAL-06-21#