000
CXUS51 KPBZ 010730
CF6ZZV
PRELIMINARY LOCAL CLIMATOLOGICAL DATA (WS FORM: F-6)
STATION: ZANESVILLE OH
MONTH: SEPTEMBER
YEAR: 2023
LATITUDE: 39 56 N
LONGITUDE: 81 54 W
TEMPERATURE IN F: :PCPN: SNOW: WIND :SUNSHINE: SKY :PK WND
================================================================================
1 2 3 4 5 6A 6B 7 8 9 10 11 12 13 14 15 16 17 18
12Z AVG MX 2MIN
DY MAX MIN AVG DEP HDD CDD WTR SNW DPTH SPD SPD DIR MIN PSBL S-S WX SPD DR
================================================================================
1 81 53 67 -3 0 2 0.00 M M 3.1 9 130 M M 0 12 90
2 86 56 71 1 0 6 0.00 M M 3.3 12 260 M M 1 1 16 270
3 87 66 77 7 0 12 0.00 M M 4.6 14 240 M M 2 18 260
4 88 63 76 6 0 11 0.00 M M 1.8 12 280 M M 0 1 17 270
5 90 65 78 8 0 13 0.00 M M 2.2 8 210 M M 1 1 12 230
6 89 67 78 9 0 13 T M M 4.8 16 190 M M 1 3 21 220
7 80 66 73 4 0 8 0.02 M M 5.0 16 270 M M 7 1 23 250
8 77 65 71 2 0 6 T M M 3.6 12 340 M M 7 1 16 10
9 75 62 69 1 0 4 0.00 M M 6.3 12 30 M M 7 15 20
10 79 60 70 2 0 5 0.00 M M 4.6 10 330 M M 7 13 20
11 80 56 68 0 0 3 0.00 M M 1.4 8 270 M M 3 12 11 230
12 72 58 65 -2 0 0 0.18 M M 1.6 10 350 M M 7 1 14 350
13 74 54 64 -3 1 0 0.00 M M 2.7 15 320 M M 5 12 18 330
14 73 48 61 -6 4 0 0.00 M M 2.8 12 50 M M 2 1 14 40
15 74 47 61 -5 4 0 0.00 M M 3.1 12 60 M M 0 18 110
16 76 44 60 -6 5 0 0.00 M M 1.1 7 280 M M 0 1 10 180
17 73 55 64 -2 1 0 0.17 M M 1.7 8 310 M M 5 1 12 330
18 74 51 63 -2 2 0 0.00 M M 3.4 15 320 M M 2 1 21 310
19 73 45 59 -6 6 0 0.00 M M 1.6 10 290 M M 3 1 14 320
20 79 53 66 2 0 1 0.00 M M 1.4 9 120 M M 3 13 130
21 82 51 67 3 0 2 0.00 M M 3.7 13 100 M M 0 1 18 90
22 79 53 66 2 0 1 0.00 M M 5.0 16 70 M M 0 23 60
23 74 49 62 -1 3 0 0.00 M M 6.1 17 40 M M 3 26 40
24 67 60 64 1 1 0 0.00 M M 3.5 13 50 M M 10 18 60
25 68 59 64 2 1 0 0.00 M M 0.6 5 180 M M 10 12 6 340
26 69 63 66 4 0 1 0.04 M M 4.6 10 80 M M 10 1 13 90
27 72 59 66 4 0 1 T M M 6.7 13 130 M M 10 18 140
28 71 60 66 5 0 1 0.28 M M 5.7 12 160 M M 9 1 16 160
29 72 57 65 4 0 0 0.00 M M 1.2 6 50 M M 7 12 10 60
30 80 56 68 8 0 3 0.00 M M 1.6 9 50 M M 5 12 14 360
================================================================================
SM 2314 1701 28 93 0.69 M 98.8 M 127
================================================================================
AV 77.1 56.7 3.3 FASTST M M 4 MAX(MPH)
MISC ----> 17 40 26 40
================================================================================
NOTES:
# LAST OF SEVERAL OCCURRENCES
COLUMN 17 PEAK WIND IN M.P.H.
PRELIMINARY LOCAL CLIMATOLOGICAL DATA (WS FORM: F-6) , PAGE 2
STATION: ZANESVILLE OH
MONTH: SEPTEMBER
YEAR: 2023
LATITUDE: 39 56 N
LONGITUDE: 81 54 W
[TEMPERATURE DATA] [PRECIPITATION DATA] SYMBOLS USED IN COLUMN 16
AVERAGE MONTHLY: 66.9 TOTAL FOR MONTH: 0.69 1 = FOG OR MIST
DPTR FM NORMAL: 1.0 DPTR FM NORMAL: -2.43 2 = FOG REDUCING VISIBILITY
HIGHEST: 90 ON 5 GRTST 24HR 0.28 ON 28-28 TO 1/4 MILE OR LESS
LOWEST: 44 ON 16 3 = THUNDER
SNOW, ICE PELLETS, HAIL 4 = ICE PELLETS
TOTAL MONTH: M 5 = HAIL
GRTST 24HR M ON M 6 = FREEZING RAIN OR DRIZZLE
GRTST DEPTH: M ON M 7 = DUSTSTORM OR SANDSTORM:
VSBY 1/2 MILE OR LESS
8 = SMOKE OR HAZE
[NO. OF DAYS WITH] [WEATHER - DAYS WITH] 9 = BLOWING SNOW
X = TORNADO
MAX 32 OR BELOW: 0 0.01 INCH OR MORE: 5
MAX 90 OR ABOVE: 1 0.10 INCH OR MORE: 3
MIN 32 OR BELOW: 0 0.50 INCH OR MORE: 0
MIN 0 OR BELOW: 0 1.00 INCH OR MORE: 0
[HDD (BASE 65) ]
TOTAL THIS MO. 28 CLEAR (SCALE 0-3) 14
DPTR FM NORMAL -47 PTCLDY (SCALE 4-7) 11
TOTAL FM JUL 1 28 CLOUDY (SCALE 8-10) 5
DPTR FM NORMAL -54
[CDD (BASE 65) ]
TOTAL THIS MO. 93
DPTR FM NORMAL -10 [PRESSURE DATA]
TOTAL FM JAN 1 764 HIGHEST SLP 30.28 ON 21
DPTR FM NORMAL -134 LOWEST SLP 29.79 ON 7
[REMARKS]
#FINAL-09-23#