000
CXUS51 KPBZ 011346
CLMZZV
CLIMATE REPORT
NATIONAL WEATHER SERVICE PITTSBURGH PA
946 AM EDT MON MAY 01 2023
...................................
...THE ZANESVILLE OH CLIMATE SUMMARY FOR THE MONTH OF APRIL 2023...
CLIMATE NORMAL PERIOD 1991 TO 2020
CLIMATE RECORD PERIOD 1895 TO 2023
WEATHER OBSERVED NORMAL DEPART LAST YEAR`S
VALUE DATE(S) VALUE FROM VALUE DATE(S)
NORMAL
................................................................
TEMPERATURE (F)
RECORD
HIGH 92 04/30/1942
04/30/1899
LOW 10 04/01/1923
HIGHEST 85 04/05 82 3 86 04/23
04/20
LOWEST 27 04/25 24 3 26 04/02
04/20
AVG. MAXIMUM 66.3 64.6 1.7 60.7
AVG. MINIMUM 40.0 41.0 -1.0 40.0
MEAN 53.1 52.8 0.3 50.3
DAYS MAX >= 90 0 0.0 0.0 0
DAYS MAX <= 32 0 0.0 0.0 0
DAYS MIN <= 32 7 6.5 0.5 6
DAYS MIN <= 0 0 0.0 0.0 0
PRECIPITATION (INCHES)
RECORD
MAXIMUM 8.04 2011
MINIMUM 0.39 1930
TOTALS 3.39 3.86 -0.47 3.38
DAILY AVG. 0.11 0.13 -0.02 0.11
DAYS >= .01 10 13.3 -3.3 16
DAYS >= .10 5 8.2 -3.2 8
DAYS >= .50 2 2.6 -0.6 3
DAYS >= 1.00 1 0.6 0.4 0
GREATEST
24 HR. TOTAL 1.59 04/28 TO 04/28 1.05
DEGREE DAYS
HEATING TOTAL 361 376 -15 449
SINCE 7/1 4554 5097 -543 4903
COOLING TOTAL 12 10 2 17
SINCE 1/1 12 11 1 94
................................................................
WIND (MPH)
AVERAGE WIND SPEED 6.4
HIGHEST WIND SPEED/DIRECTION 37/290 DATE 04/01
HIGHEST GUST SPEED/DIRECTION 51/280 DATE 04/01
AVERAGE RH (PERCENT) 60
WEATHER CONDITIONS. NUMBER OF DAYS WITH
THUNDERSTORM 4 MIXED PRECIP 0
HEAVY RAIN 3 RAIN 4
LIGHT RAIN 13 FREEZING RAIN 0
LT FREEZING RAIN 0 HAIL 0
HEAVY SNOW 0 SNOW 0
LIGHT SNOW 0 SLEET 0
FOG 7 FOG W/VIS <= 1/4 MILE 2
HAZE 1
- INDICATES NEGATIVE NUMBERS.
R INDICATES RECORD WAS SET OR TIED.
MM INDICATES DATA IS MISSING.
T INDICATES TRACE AMOUNT.
$$