000
CXUS53 KUNR 230945
CF62WX
PRELIMINARY LOCAL CLIMATOLOGICAL DATA (WS FORM: F-6)

                                          STATION:   BUFFALO SD
                                          MONTH:     APRIL
                                          YEAR:      2018
                                          LATITUDE:   45 35 N
                                          LONGITUDE: 103 33 W

  TEMPERATURE IN F:       :PCPN:    SNOW:  WIND      :SUNSHINE: SKY     :PK WND
================================================================================
1   2   3   4   5  6A  6B    7    8   9   10  11  12  13   14  15   16   17  18
                                     12Z  AVG MX 2MIN
DY MAX MIN AVG DEP HDD CDD  WTR  SNW DPTH SPD SPD DIR MIN PSBL S-S WX    SPD DR
================================================================================

 1  38  10  24 -14  41   0 0.00    M    M  9.1 16  50   M    M   M        22 190
 2  31  14  23 -15  42   0 0.21    M    M 18.9 26  30   M    M   M        30  50
 3  20   6  13 -26  52   0 0.10    M    M  9.7 25  30   M    M   M        28  30
 4  37   8  23 -16  42   0 0.00    M    M  5.8 13 170   M    M   M        16 170
 5  35  19  27 -13  38   0 0.00    M    M 17.5 30 340   M    M   M        34 340
 6  20   6  13 -27  52   0 0.00    M    M  8.8 26 350   M    M   M        32 350
 7  34  10  22 -18  43   0 0.01    M    M 14.8 25 140   M    M   M        31 100
 8  32  22  27 -14  38   0 0.17    M    M 10.7 23 100   M    M   M        30 100
 9  48  25  37  -4  28   0 0.00    M    M  7.4 15 300   M    M   M        19 250
10  60  34  47   6  18   0 0.00    M    M  8.5 16 280   M    M   M        21 290
11  56  39  48   6  17   0 0.21    M    M  8.5 28 280   M    M   M        35 290
12  43  31  37  -5  28   0 0.22    M    M 16.7 33  80   M    M   M        38  80
13  31  19  25 -17  40   0 0.26    M    M 14.7 25  40   M    M   M        30  70
14  34  14  24 -19  41   0 0.00    M    M  4.2 13  90   M    M   M        15  90
15  42  19  31 -12  34   0 0.00    M    M 12.5 22 140   M    M   M        25 140
16  47  26  37  -7  28   0 0.00    M    M 28.3 43 140   M    M   M        49 140
17  43  31  37  -7  28   0 0.00    M    M 16.3 43 140   M    M   M        50 140
18  58  31  45   1  20   0 0.00    M    M 14.0 29 320   M    M   M        36 310
19  59  30  45   0  20   0 0.00    M    M 13.8 26 120   M    M   M        31 120
20  59  35  47   2  18   0 0.00    M    M 19.4 36 160   M    M   M        44 150
21  62  39  51   6  14   0 0.00    M    M 18.0 30 160   M    M   M        37 150
22  70  34  52   6  13   0 0.00    M    M  7.8 14  30   M    M   M        20  30
================================================================================
SM  959  502       695   0  1.18    M    285.4          M        M
================================================================================
AV 43.6 22.8                              13.0 FASTST   M    M   4    MAX(MPH)
                                 MISC ---->  # 43 140               # 50  140
================================================================================
NOTES:
# LAST OF SEVERAL OCCURRENCES

COLUMN 17 PEAK WIND IN M.P.H.

PRELIMINARY LOCAL CLIMATOLOGICAL DATA (WS FORM: F-6) , PAGE 2

                                          STATION:  BUFFALO SD
                                          MONTH:    APRIL
                                          YEAR:     2018
                                          LATITUDE:   45 35 N
                                          LONGITUDE: 103 33 W

[TEMPERATURE DATA]      [PRECIPITATION DATA]       SYMBOLS USED IN COLUMN 16

AVERAGE MONTHLY: 33.2   TOTAL FOR MONTH:   1.18    1 = FOG OR MIST
DPTR FM NORMAL:  -8.7   DPTR FM NORMAL:    0.20    2 = FOG REDUCING VISIBILITY
HIGHEST:    70 ON 22    GRTST 24HR  0.26 ON 13-13      TO 1/4 MILE OR LESS
LOWEST:      6 ON  6, 3                            3 = THUNDER
                        SNOW, ICE PELLETS, HAIL    4 = ICE PELLETS
                        TOTAL MONTH:    M          5 = HAIL
                        GRTST 24HR    M  ON   M    6 = FREEZING RAIN OR DRIZZLE
                        GRTST DEPTH:  M  ON   M    7 = DUSTSTORM OR SANDSTORM:
                                                       VSBY 1/2 MILE OR LESS
                                                   8 = SMOKE OR HAZE
[NO. OF DAYS WITH]      [WEATHER - DAYS WITH]      9 = BLOWING SNOW
                                                   X = TORNADO
MAX 32 OR BELOW:   5    0.01 INCH OR MORE:   7
MAX 90 OR ABOVE:   0    0.10 INCH OR MORE:   6
MIN 32 OR BELOW:  17    0.50 INCH OR MORE:   0
MIN  0 OR BELOW:   0    1.00 INCH OR MORE:   0

[HDD (BASE 65) ]
TOTAL THIS MO.   695    CLEAR  (SCALE 0-3)   0
DPTR FM NORMAL   187    PTCLDY (SCALE 4-7)   0
TOTAL FM JUL 1  7786    CLOUDY (SCALE 8-10)  0
DPTR FM NORMAL   475

[CDD (BASE 65) ]
TOTAL THIS MO.     0
DPTR FM NORMAL     0    [PRESSURE DATA]
TOTAL FM JAN 1     0    HIGHEST SLP M ON M
DPTR FM NORMAL     0    LOWEST  SLP 29.27 ON  8

[REMARKS]
