000
CXUS54 KFWD 270730
CF6ACT
PRELIMINARY LOCAL CLIMATOLOGICAL DATA (WS FORM: F-6)

                                          STATION:   WACO
                                          MONTH:     MAY
                                          YEAR:      2018
                                          LATITUDE:   31 37 N
                                          LONGITUDE:  97 13 W

  TEMPERATURE IN F:       :PCPN:    SNOW:  WIND      :SUNSHINE: SKY     :PK WND
================================================================================
1   2   3   4   5  6A  6B    7    8   9   10  11  12  13   14  15   16   17  18
                                     12Z  AVG MX 2MIN
DY MAX MIN AVG DEP HDD CDD  WTR  SNW DPTH SPD SPD DIR MIN PSBL S-S WX    SPD DR
================================================================================

 1  80  69  75   5   0  10    T  0.0    0 15.1 25 150   M    M  10 18     31 150
 2  89  71  80   9   0  15 0.00  0.0    0 17.7 31 160   M    M   8 1      39 160
 3  80  70  75   4   0  10 0.27  0.0    0 10.6 20 170   M    M   8 13     26 150
 4  75  59  67  -4   0   2 1.59  0.0    0  8.3 21  10   M    M   8 13     28 360
 5  83  56  70  -1   0   5 0.00  0.0    0  6.4 18  10   M    M   0 12     23  10
 6  87  51  69  -3   0   4 0.00  0.0    0  3.5  9  40   M    M   0        12  10
 7  91  56  74   2   0   9 0.00  0.0    0  6.3 12 170   M    M   0        15 170
 8  89  63  76   4   0  11 0.00  0.0    0 13.4 21 170   M    M   0        26 190
 9  87  65  76   3   0  11 0.00  0.0    0 13.8 21 170   M    M   0        25 170
10  87  66  77   4   0  12 0.00  0.0    0 15.4 25 170   M    M   1        32 190
11  88  70  79   6   0  14 0.00  0.0    0 18.4 25 180   M    M   3        33 200
12  91  72  82   9   0  17 0.00  0.0    0 14.8 23 180   M    M   3        27 180
13  91  71  81   7   0  16 0.00  0.0    0 13.4 20 160   M    M   2        27 160
14  91  73  82   8   0  17 0.00  0.0    0 12.4 20 190   M    M   3        26 210
15  90  69  80   6   0  15    T  0.0    0  8.3 18 160   M    M   1        23 130
16  95  65  80   6   0  15 0.00  0.0    0  5.2 13 350   M    M   0        16 350
17  96  65  81   6   0  16 0.00  0.0    0  7.1 13 180   M    M   0        16 150
18  95  66  81   6   0  16 0.00  0.0    0 11.8 22 150   M    M   0        29 150
19  92  73  83   8   0  18 0.00  0.0    0 16.2 26 170   M    M   4        33 170
20  82  66  74  -2   0   9 1.08  0.0    0  8.1 22 350   M    M   4 13     28 330
21  88  65  77   1   0  12 0.00  0.0    0  5.8 18 170   M    M   4 12     23 170
22  89  66  78   2   0  13 0.00  0.0    0  6.9 14 150   M    M   3 1      19 150
23  91  69  80   4   0  15 0.00  0.0    0  7.5 22 170   M    M   3        29 160
24  91  68  80   4   0  15 0.00  0.0    0  6.5 17 170   M    M   2 1      22 170
25  94  72  83   6   0  18 0.00  0.0    0  9.3 30  60   M    M   1        37  50
26  98  68  83   6   0  18    T  0.0    0  6.7 20 240   M    M   1 3      25 240
================================================================================
SM 2310 1724         0 333  2.94     0.0 268.9          M       69
================================================================================
AV 88.9 66.3                              10.3 FASTST   M    M   3    MAX(MPH)
                                 MISC ---->  # 31 160               # 39  160
================================================================================
NOTES:
# LAST OF SEVERAL OCCURRENCES

COLUMN 17 PEAK WIND IN M.P.H.

PRELIMINARY LOCAL CLIMATOLOGICAL DATA (WS FORM: F-6) , PAGE 2

                                          STATION:  WACO
                                          MONTH:    MAY
                                          YEAR:     2018
                                          LATITUDE:   31 37 N
                                          LONGITUDE:  97 13 W

[TEMPERATURE DATA]      [PRECIPITATION DATA]       SYMBOLS USED IN COLUMN 16

AVERAGE MONTHLY: 77.6   TOTAL FOR MONTH:   2.94    1 = FOG OR MIST
DPTR FM NORMAL:   3.8   DPTR FM NORMAL:   -0.63    2 = FOG REDUCING VISIBILITY
HIGHEST:    98 ON 26    GRTST 24HR  1.59 ON  4- 4      TO 1/4 MILE OR LESS
LOWEST:     51 ON  6                               3 = THUNDER
                        SNOW, ICE PELLETS, HAIL    4 = ICE PELLETS
                        TOTAL MONTH:   0.0 INCH    5 = HAIL
                        GRTST 24HR     0.0         6 = FREEZING RAIN OR DRIZZLE
                        GRTST DEPTH:   0           7 = DUSTSTORM OR SANDSTORM:
                                                       VSBY 1/2 MILE OR LESS
                                                   8 = SMOKE OR HAZE
[NO. OF DAYS WITH]      [WEATHER - DAYS WITH]      9 = BLOWING SNOW
                                                   X = TORNADO
MAX 32 OR BELOW:   0    0.01 INCH OR MORE:   3
MAX 90 OR ABOVE:  13    0.10 INCH OR MORE:   3
MIN 32 OR BELOW:   0    0.50 INCH OR MORE:   2
MIN  0 OR BELOW:   0    1.00 INCH OR MORE:   2

[HDD (BASE 65) ]
TOTAL THIS MO.     0    CLEAR  (SCALE 0-3)  18
DPTR FM NORMAL    -4    PTCLDY (SCALE 4-7)   5
TOTAL FM JUL 1  2088    CLOUDY (SCALE 8-10)  3
DPTR FM NORMAL   -52

[CDD (BASE 65) ]
TOTAL THIS MO.   333
DPTR FM NORMAL    99    [PRESSURE DATA]
TOTAL FM JAN 1   469    HIGHEST SLP M ON M
DPTR FM NORMAL    81    LOWEST  SLP 29.65 ON 18

[REMARKS]
