000
CXUS51 KAKQ 280710
CF6AKQ
PRELIMINARY LOCAL CLIMATOLOGICAL DATA (WS FORM: F-6)
STATION: WAKEFIELD
MONTH: MARCH
YEAR: 2024
LATITUDE: 36 58 N
LONGITUDE: 77 0 W
TEMPERATURE IN F: :PCPN: SNOW: WIND :SUNSHINE: SKY :PK WND
================================================================================
1 2 3 4 5 6A 6B 7 8 9 10 11 12 13 14 15 16 17 18
12Z AVG MX 2MIN
DY MAX MIN AVG DEP HDD CDD WTR SNW DPTH SPD SPD DIR MIN PSBL S-S WX SPD DR
================================================================================
1 55 26 41 -4 24 0 0.05 0.0 0 3.5 8 110 M M 5 17 100
2 67 45 56 11 9 0 1.08 0.0 0 4.6 10 100 M M 7 1 20 90
3 68 41 55 10 10 0 0.00 0.0 0 1.9 9 90 M M 3 1 16 100
4 63 44 54 8 11 0 0.89 0.0 0 3.6 9 40 M M 7 1 18 40
5 60 50 55 9 10 0 0.17 0.0 0 4.1 8 340 M M 10 1 M M
6 57 49 53 7 12 0 1.77 0.0 0 3.5 7 340 M M 9 1 M M
7 68 45 57 11 8 0 0.00 0.0 0 2.5 8 350 M M 6 17 350
8 60 40 50 3 15 0 0.00 0.0 0 3.9 10 110 M M 3 1 21 110
9 65 44 55 8 10 0 0.48 0.0 0 5.1 10 170 M M 9 1 24 170
10 57 40 49 2 16 0 0.01 0.0 0 8.2 12 270 M M 4 35 320
11 61 35 48 1 17 0 0.00 0.0 0 6.6 12 280 M M 0 30 340
12 73 32 53 5 12 0 0.00 0.0 0 2.8 8 240 M M 0 18 240
13 76 37 57 9 8 0 0.00 0.0 0 0.9 5 250 M M 0 M M
14 81 40 61 13 4 0 0.00 0.0 0 3.1 9 220 M M 0 M M
15 78 59 69 20 0 4 0.10 M M 5.6 10 220 M M 4 1 20 220
16 68 51 60 11 5 0 0.00 M M 3.6 8 220 M M 4 1 M M
17 73 54 64 15 1 0 0.00 M M 6.2 15 240 M M 2 1 24 250
18 61 42 52 2 13 0 0.00 M M 4.4 10 360 M M 6 21 20
19 54 30 42 -8 23 0 0.00 M M 5.7 13 220 M M 0 27 220
20 70 32 51 1 14 0 0.00 M M 7.6 18 260 M M 0 36 260
21 57 32 45 -5 20 0 0.00 M M 2.6 7 360 M M 0 M M
22 62 32 47 -4 18 0 0.07 M M 3.7 10 90 M M 6 21 99
23 64 41 53 2 12 0 1.37 M M 6.9 15 340 M M 7 1 30 20
24 52 32 42 -9 23 0 0.00 0.0 0 4.9 8 360 M M 0 21 99
25 58 30 44 -8 21 0 0.00 0.0 0 2.7 9 90 M M 0 17 99
26 56 31 44 -8 21 0 T 0.0 0 2.8 12 100 M M 4 20 100
27 50 44 47 -5 18 0 0.83 0.0 0 3.3 6 60 M M 10 1 M M
================================================================================
SM 1714 1078 355 4 6.82 0.0 114.3 M 106
================================================================================
AV 63.5 39.9 4.2 FASTST M M 4 MAX(MPH)
MISC ----> 18 260 36 260
================================================================================
NOTES:
# LAST OF SEVERAL OCCURRENCES
COLUMN 17 PEAK WIND IN M.P.H.
PRELIMINARY LOCAL CLIMATOLOGICAL DATA (WS FORM: F-6) , PAGE 2
STATION: WAKEFIELD
MONTH: MARCH
YEAR: 2024
LATITUDE: 36 58 N
LONGITUDE: 77 0 W
[TEMPERATURE DATA] [PRECIPITATION DATA] SYMBOLS USED IN COLUMN 16
AVERAGE MONTHLY: 51.7 TOTAL FOR MONTH: 6.82 1 = FOG OR MIST
DPTR FM NORMAL: 3.3 DPTR FM NORMAL: 3.54 2 = FOG REDUCING VISIBILITY
HIGHEST: 81 ON 14 GRTST 24HR 1.77 ON 6- 6 TO 1/4 MILE OR LESS
LOWEST: 26 ON 1 3 = THUNDER
SNOW, ICE PELLETS, HAIL 4 = ICE PELLETS
TOTAL MONTH: 0.0 INCH 5 = HAIL
GRTST 24HR 0.0 6 = FREEZING RAIN OR DRIZZLE
GRTST DEPTH: 0 7 = DUSTSTORM OR SANDSTORM:
VSBY 1/2 MILE OR LESS
8 = SMOKE OR HAZE
[NO. OF DAYS WITH] [WEATHER - DAYS WITH] 9 = BLOWING SNOW
X = TORNADO
MAX 32 OR BELOW: 0 0.01 INCH OR MORE: 11
MAX 90 OR ABOVE: 0 0.10 INCH OR MORE: 8
MIN 32 OR BELOW: 9 0.50 INCH OR MORE: 5
MIN 0 OR BELOW: 0 1.00 INCH OR MORE: 3
[HDD (BASE 65) ]
TOTAL THIS MO. 355 CLEAR (SCALE 0-3) 12
DPTR FM NORMAL -97 PTCLDY (SCALE 4-7) 11
TOTAL FM JUL 1 2904 CLOUDY (SCALE 8-10) 4
DPTR FM NORMAL -299
[CDD (BASE 65) ]
TOTAL THIS MO. 4
DPTR FM NORMAL 4 [PRESSURE DATA]
TOTAL FM JAN 1 8 HIGHEST SLP M ON M
DPTR FM NORMAL 6 LOWEST SLP M ON M
[REMARKS]