000
CXUS55 KABQ 261000
CF6CAO
PRELIMINARY LOCAL CLIMATOLOGICAL DATA (WS FORM: F-6)

                                          STATION:   CLAYTON  NM
                                          MONTH:     MAY
                                          YEAR:      2018
                                          LATITUDE:   36 27 N
                                          LONGITUDE: 103  9 W

  TEMPERATURE IN F:       :PCPN:    SNOW:  WIND      :SUNSHINE: SKY     :PK WND
================================================================================
1   2   3   4   5  6A  6B    7    8   9   10  11  12  13   14  15   16   17  18
                                     12Z  AVG MX 2MIN
DY MAX MIN AVG DEP HDD CDD  WTR  SNW DPTH SPD SPD DIR MIN PSBL S-S WX    SPD DR
================================================================================

 1  77  41  59   2   6   0 0.00  0.0    0 16.4 36 200   M    M   0        55 190
 2  77  47  62   5   3   0 0.00  0.0    0 14.0 31 190   M    M   1        39 190
 3  72  39  56  -2   9   0    T  0.0    0 14.6 26 340   M    M   1        37 240
 4  69  43  56  -2   9   0    T  0.0    0 10.5 22 250   M    M   3        27 270
 5  79  45  62   4   3   0 0.00  0.0    0  8.5 20 240   M    M   0        25 250
 6  87  52  70  12   0   5 0.00  0.0    0  8.7 21 200   M    M   0        29 240
 7  89  55  72  13   0   7 0.00  0.0    0 10.5 25 200   M    M   0        31 200
 8  88  54  71  12   0   6 0.00  0.0    0 11.2 23 320   M    M   0        31 310
 9  85  53  69  10   0   4 0.00  0.0    0  8.4 21 330   M    M   0        27 340
10  89  51  70  10   0   5 0.00  0.0    0 11.7 28 160   M    M   0        35 150
11  91  56  74  14   0   9 0.00  0.0    0 14.1 38 200   M    M   0        49 190
12  90  56  73  13   0   8 0.00  0.0    0 14.1 37 190   M    M   0        47 200
13  87  49  68   7   0   3 0.00  0.0    0 13.4 35 190   M    M   0        43 190
14  84  54  69   8   0   4 0.00  0.0    0 13.5 26 150   M    M   0        32 160
15  77  48  63   2   2   0 0.03  0.0    0 14.2 32 130   M    M   4 3      39 140
16  83  46  65   3   0   0 0.00  0.0    0 11.7 26 150   M    M   1        33 140
17  91  51  71   9   0   6 0.00  0.0    0 17.6 36 130   M    M   0        44 130
18  87  56  72  10   0   7 0.00  0.0    0 13.5 28 180   M    M   2        34 170
19  75  46  61  -1   4   0 0.30  0.0    0 14.8 35 320   M    M   6 13     43 320
20  67  43  55  -8  10   0    T    M    0 11.0 23 360   M    M   2        31 360
21  78  48  63   0   2   0 0.45  0.0    0 15.6 32 150   M    M   2 13     40 280
22  78  54  66   3   0   1 0.44  0.0    0 15.4 30 170   M    M   2 138    38 170
23  76  53  65   1   0   0 0.21  0.0    0 13.5 29 160   M    M   1 13     37 120
24  85  53  69   5   0   4 0.00  0.0    0 14.3 24 200   M    M   0        30 190
25  90  56  73   9   0   8 0.00  0.0    0 10.5 22 310   M    M   0        26 300
================================================================================
SM 2051 1249        48  77  1.43     0.0 321.7          M       25
================================================================================
AV 82.0 50.0                              12.9 FASTST   M    M   1    MAX(MPH)
                                 MISC ---->  # 38 200               # 55  190
================================================================================
NOTES:
# LAST OF SEVERAL OCCURRENCES

COLUMN 17 PEAK WIND IN M.P.H.

PRELIMINARY LOCAL CLIMATOLOGICAL DATA (WS FORM: F-6) , PAGE 2

                                          STATION:  CLAYTON  NM
                                          MONTH:    MAY
                                          YEAR:     2018
                                          LATITUDE:   36 27 N
                                          LONGITUDE: 103  9 W

[TEMPERATURE DATA]      [PRECIPITATION DATA]       SYMBOLS USED IN COLUMN 16

AVERAGE MONTHLY: 66.0   TOTAL FOR MONTH:   1.43    1 = FOG OR MIST
DPTR FM NORMAL:   5.4   DPTR FM NORMAL:   -0.03    2 = FOG REDUCING VISIBILITY
HIGHEST:    91 ON 17,11 GRTST 24HR  0.45 ON 21-21      TO 1/4 MILE OR LESS
LOWEST:     39 ON  3                               3 = THUNDER
                        SNOW, ICE PELLETS, HAIL    4 = ICE PELLETS
                        TOTAL MONTH:   0.0 INCH    5 = HAIL
                        GRTST 24HR     0.0         6 = FREEZING RAIN OR DRIZZLE
                        GRTST DEPTH:   0           7 = DUSTSTORM OR SANDSTORM:
                                                       VSBY 1/2 MILE OR LESS
                                                   8 = SMOKE OR HAZE
[NO. OF DAYS WITH]      [WEATHER - DAYS WITH]      9 = BLOWING SNOW
                                                   X = TORNADO
MAX 32 OR BELOW:   0    0.01 INCH OR MORE:   5
MAX 90 OR ABOVE:   4    0.10 INCH OR MORE:   4
MIN 32 OR BELOW:   0    0.50 INCH OR MORE:   0
MIN  0 OR BELOW:   0    1.00 INCH OR MORE:   0

[HDD (BASE 65) ]
TOTAL THIS MO.    48    CLEAR  (SCALE 0-3)  23
DPTR FM NORMAL   -91    PTCLDY (SCALE 4-7)   2
TOTAL FM JUL 1  4444    CLOUDY (SCALE 8-10)  0
DPTR FM NORMAL  -401

[CDD (BASE 65) ]
TOTAL THIS MO.    77
DPTR FM NORMAL    46    [PRESSURE DATA]
TOTAL FM JAN 1    85    HIGHEST SLP M ON M
DPTR FM NORMAL    48    LOWEST  SLP 29.47 ON 11

[REMARKS]
