000
CXUS55 KRIW 191010
CF6COD
PRELIMINARY LOCAL CLIMATOLOGICAL DATA (WS FORM: F-6)
STATION: CODY WY
MONTH: APRIL
YEAR: 2024
LATITUDE: 44 31 N
LONGITUDE: 109 1 W
TEMPERATURE IN F: :PCPN: SNOW: WIND :SUNSHINE: SKY :PK WND
================================================================================
1 2 3 4 5 6A 6B 7 8 9 10 11 12 13 14 15 16 17 18
12Z AVG MX 2MIN
DY MAX MIN AVG DEP HDD CDD WTR SNW DPTH SPD SPD DIR MIN PSBL S-S WX SPD DR
================================================================================
1 47 18 33 -9 32 0 T M M M M M M M 4 1 M M
2 61 33 47 5 18 0 0.00 M M M M M M M 0 M M
3 67 46 57 15 8 0 0.00 M M M M M M M 0 M M
4 69 37 53 11 12 0 0.00 M M 11.3 24 150 M M 0 33 150
5 69 32 51 9 14 0 0.00 M M 8.7 26 210 M M 0 48 200
6 43 30 37 -6 28 0 0.19 M M 9.7 23 260 M M 9 1 40 280
7 43 30 37 -6 28 0 T M M 7.7 15 250 M M 10 22 250
8 48 30 39 -4 26 0 0.00 M M 6.5 21 250 M M 6 33 250
9 55 33 44 1 21 0 0.00 M M 12.4 21 250 M M 4 39 260
10 47 27 37 -7 28 0 T M M 7.4 18 10 M M 4 23 20
11 60 27 44 0 21 0 0.00 M M 7.1 15 110 M M 0 22 110
12 72 41 57 13 8 0 T M M 8.8 16 220 M M 1 20 260
13 75 39 57 13 8 0 0.00 M M 7.3 13 250 M M 1 23 250
14 73 43 58 14 7 0 0.00 M M 6.2 12 100 M M 0 22 110
15 62 43 53 8 12 0 0.11 M M 12.2 25 10 M M 4 3 35 10
16 60 35 48 3 17 0 T M M 9.5 21 260 M M 6 35 270
17 35 25 30 -15 35 0 0.02 M M 11.5 17 350 M M 10 1 24 340
18 40 22 31 -15 34 0 T M M 5.5 14 350 M M 7 M M
================================================================================
SM 1026 591 357 0 0.32 M 131.8 M 66
================================================================================
AV 57.0 32.8 8.8 FASTST M M 4 MAX(MPH)
MISC ----> 26 210 48 200
================================================================================
NOTES:
# LAST OF SEVERAL OCCURRENCES
COLUMN 17 PEAK WIND IN M.P.H.
PRELIMINARY LOCAL CLIMATOLOGICAL DATA (WS FORM: F-6) , PAGE 2
STATION: CODY WY
MONTH: APRIL
YEAR: 2024
LATITUDE: 44 31 N
LONGITUDE: 109 1 W
[TEMPERATURE DATA] [PRECIPITATION DATA] SYMBOLS USED IN COLUMN 16
AVERAGE MONTHLY: 44.9 TOTAL FOR MONTH: 0.32 1 = FOG OR MIST
DPTR FM NORMAL: 1.4 DPTR FM NORMAL: -0.22 2 = FOG REDUCING VISIBILITY
HIGHEST: 75 ON 13 GRTST 24HR 0.19 ON 6- 6 TO 1/4 MILE OR LESS
LOWEST: 18 ON 1 3 = THUNDER
SNOW, ICE PELLETS, HAIL 4 = ICE PELLETS
TOTAL MONTH: M 5 = HAIL
GRTST 24HR M ON M 6 = FREEZING RAIN OR DRIZZLE
GRTST DEPTH: M ON M 7 = DUSTSTORM OR SANDSTORM:
VSBY 1/2 MILE OR LESS
8 = SMOKE OR HAZE
[NO. OF DAYS WITH] [WEATHER - DAYS WITH] 9 = BLOWING SNOW
X = TORNADO
MAX 32 OR BELOW: 0 0.01 INCH OR MORE: 3
MAX 90 OR ABOVE: 0 0.10 INCH OR MORE: 2
MIN 32 OR BELOW: 9 0.50 INCH OR MORE: 0
MIN 0 OR BELOW: 0 1.00 INCH OR MORE: 0
[HDD (BASE 65) ]
TOTAL THIS MO. 357 CLEAR (SCALE 0-3) 8
DPTR FM NORMAL -29 PTCLDY (SCALE 4-7) 7
TOTAL FM JUL 1 6073 CLOUDY (SCALE 8-10) 3
DPTR FM NORMAL 85
[CDD (BASE 65) ]
TOTAL THIS MO. 0
DPTR FM NORMAL 0 [PRESSURE DATA]
TOTAL FM JAN 1 0 HIGHEST SLP M ON M
DPTR FM NORMAL 0 LOWEST SLP M ON M
[REMARKS]