658
CXUS55 KRIW 241538
CF6COD
PRELIMINARY LOCAL CLIMATOLOGICAL DATA (WS FORM: F-6)

                                          STATION:   CODY WY
                                          MONTH:     APRIL
                                          YEAR:      2018
                                          LATITUDE:   44 31 N
                                          LONGITUDE: 109  1 W

  TEMPERATURE IN F:       :PCPN:    SNOW:  WIND      :SUNSHINE: SKY     :PK WND
================================================================================
1   2   3   4   5  6A  6B    7    8   9   10  11  12  13   14  15   16   17  18
                                     12Z  AVG MX 2MIN
DY MAX MIN AVG DEP HDD CDD  WTR  SNW DPTH SPD SPD DIR MIN PSBL S-S WX    SPD DR
================================================================================

 1  52  13  33  -9  32   0 0.00  0.0    M  6.4 18  40   M    M   0        30  50
 2  36   6  21 -21  44   0 0.02    M    M 12.1 28 360   M    M   6 12     38  10
 3  36  -5  16 -26  49   0    T    M    M  6.2 14  50   M    M   0 1       M  M
 4  50  25  38  -4  27   0    T    M    M  9.5 16 240   M    M   2        32 300
 5  35  17  26 -16  39   0 0.01    M    M 11.8 18  30   M    M   8 1      21 360
 6  29  12  21 -22  44   0 0.00    M    M  6.8 13 320   M    M   7 1      20 330
 7  49  17  33 -10  32   0    T    M    M  4.5 21  20   M    M   3 1      33  20
 8  50  27  39  -4  26   0    T    M    M  7.8 17 230   M    M   3        31 230
 9  52  27  40  -3  25   0 0.00    M    M  8.6 20 250   M    M   2        31 260
10  61  39  50   6  15   0 0.00    M    M 11.3 17 270   M    M   1        32 260
11  62  42  52   8  13   0 0.00    M    M  8.6 20 250   M    M   0        41 250
12  49  30  40  -4  25   0 0.10    M    M  7.2 17  10   M    M   3        21 320
13  43  25  34 -10  31   0 0.00  0.0    M 11.5 22 360   M    M   5        32 360
14  54  22  38  -6  27   0 0.00  0.0    M  4.2 12 250   M    M   1        20 270
15  60  35  48   3  17   0    T    M    M  5.5 10 190   M    M   1         M  M
16  72  32  52   7  13   0 0.00  0.0    M 10.8 27 200   M    M   0        43 190
17  45  31  38  -7  27   0 0.09    M    M  9.7 18  10   M    M   7 1      22  10
18  51  34  43  -3  22   0 0.00  0.0    M  8.1 14 140   M    M   0        17 130
19  54  32  43  -3  22   0 0.00    M    M  4.4 10 150   M    M   0 8       M  M
20  61  36  49   3  16   0 0.00    M    M 13.9 24 360   M    M   0        37  20
21  71  39  55   9  10   0 0.00    M    M  6.4 14 260   M    M   0        21 260
22  67  33  50   3  15   0 0.00    M    M  6.1 12 340   M    M   1        20 340
23  49  32  41  -6  24   0 0.01    M    M 16.3 27 340   M    M   9 1      37 330
================================================================================
SM 1188  601       595   0  0.23     0.0 197.7          M       59
================================================================================
AV 51.7 26.1                               8.6 FASTST   M    M   3    MAX(MPH)
                                 MISC ---->  # 28 360               # 43  190
================================================================================
NOTES:
# LAST OF SEVERAL OCCURRENCES

COLUMN 17 PEAK WIND IN M.P.H.

PRELIMINARY LOCAL CLIMATOLOGICAL DATA (WS FORM: F-6) , PAGE 2

                                          STATION:  CODY WY
                                          MONTH:    APRIL
                                          YEAR:     2018
                                          LATITUDE:   44 31 N
                                          LONGITUDE: 109  1 W

[TEMPERATURE DATA]      [PRECIPITATION DATA]       SYMBOLS USED IN COLUMN 16

AVERAGE MONTHLY: 38.9   TOTAL FOR MONTH:   0.23    1 = FOG OR MIST
DPTR FM NORMAL:  -5.2   DPTR FM NORMAL:   -0.50    2 = FOG REDUCING VISIBILITY
HIGHEST:    72 ON 16    GRTST 24HR  0.10 ON 12-12      TO 1/4 MILE OR LESS
LOWEST:     -5 ON  3                               3 = THUNDER
                        SNOW, ICE PELLETS, HAIL    4 = ICE PELLETS
                        TOTAL MONTH:   0.0 INCH    5 = HAIL
                        GRTST 24HR     0.0         6 = FREEZING RAIN OR DRIZZLE
                        GRTST DEPTH:  M  ON   M    7 = DUSTSTORM OR SANDSTORM:
                                                       VSBY 1/2 MILE OR LESS
                                                   8 = SMOKE OR HAZE
[NO. OF DAYS WITH]      [WEATHER - DAYS WITH]      9 = BLOWING SNOW
                                                   X = TORNADO
MAX 32 OR BELOW:   1    0.01 INCH OR MORE:   5
MAX 90 OR ABOVE:   0    0.10 INCH OR MORE:   1
MIN 32 OR BELOW:  16    0.50 INCH OR MORE:   0
MIN  0 OR BELOW:   1    1.00 INCH OR MORE:   0

[HDD (BASE 65) ]
TOTAL THIS MO.   595    CLEAR  (SCALE 0-3)  16
DPTR FM NORMAL     M    PTCLDY (SCALE 4-7)   6
TOTAL FM JUL 1  6957    CLOUDY (SCALE 8-10)  1
DPTR FM NORMAL     M

[CDD (BASE 65) ]
TOTAL THIS MO.     0
DPTR FM NORMAL     0    [PRESSURE DATA]
TOTAL FM JAN 1     0    HIGHEST SLP M ON M
DPTR FM NORMAL     0    LOWEST  SLP M ON M

[REMARKS]
