000
CXUS53 KDLH 240639
CF6DLH
PRELIMINARY LOCAL CLIMATOLOGICAL DATA (WS FORM: F-6)

                                          STATION:   DULUTH
                                          MONTH:     JUNE
                                          YEAR:      2018
                                          LATITUDE:   46 49 N
                                          LONGITUDE:  92 11 W

  TEMPERATURE IN F:       :PCPN:    SNOW:  WIND      :SUNSHINE: SKY     :PK WND
================================================================================
1   2   3   4   5  6A  6B    7    8   9   10  11  12  13   14  15   16   17  18
                                     12Z  AVG MX 2MIN
DY MAX MIN AVG DEP HDD CDD  WTR  SNW DPTH SPD SPD DIR MIN PSBL S-S WX    SPD DR
================================================================================

 1  50  42  46 -10  19   0    T  0.0    0 16.4 24  90   M    M  10 18     33 100
 2  48  40  44 -12  21   0 0.97  0.0    0 11.5 24 100   M    M   8 123    31 100
 3  61  43  52  -4  13   0 0.08  0.0    0 13.3 28 310   M    M   7 18     39 300
 4  75  46  61   4   4   0 0.00  0.0    0 12.4 23 310   M    M   2        32 300
 5  64  43  54  -3  11   0 0.00  0.0    0  8.7 17 130   M    M   1        21 140
 6  77  45  61   4   4   0 0.34  0.0    0 10.0 24 300   M    M   5 1      31 300
 7  68  50  59   1   6   0 0.00  0.0    0  8.2 16 130   M    M   1        20 140
 8  71  48  60   2   5   0 0.00  0.0    0  9.8 20 110   M    M   3        23 120
 9  66  48  57  -1   8   0 0.04  0.0    0  9.9 20  80   M    M   6 3      25  80
10  73  50  62   4   3   0 0.00  0.0    0 11.8 26  70   M    M   2        33  80
11  66  50  58  -1   7   0 0.00  0.0    0  8.7 28 110   M    M   3        35 110
12  76  56  66   7   0   1    T  0.0    0  7.8 17 320   M    M   9        24 300
13  79  52  66   7   0   1 0.00  0.0    0  9.4 20 280   M    M   1        25 290
14  77  52  65   5   0   0 0.00  0.0    0  8.1 17 100   M    M   3        21 100
15  74  56  65   5   0   0 0.61    T    0 12.1 32 180   M    M   7 1235   53 310
16  75  53  64   4   1   0 0.45  0.0    0  8.1 18 120   M    M   8 123    24 130
17  76  59  68   7   0   3 1.30  0.0    0  6.7 17 120   M    M   8 13     22 200
18  77  57  67   6   0   2 0.01  0.0    0  8.1 16 120   M    M   3        21 130
19  75  54  65   4   0   0 0.00  0.0    0  6.9 15  80   M    M   3        22 130
20  81  56  69   8   0   4 0.00  0.0    0  7.3 14  80   M    M   3        19  80
21  73  53  63   1   2   0 0.00  0.0    0  9.0 17 100   M    M   1        21  90
22  82  49  66   4   0   1 0.00  0.0    0  4.0  9 130   M    M   1        13 130
23  81  52  67   5   0   2 0.00  0.0    0  5.3 15 120   M    M   2        19 120
================================================================================
SM 1645 1154       104  14  3.80    T    213.5          M       97
================================================================================
AV 71.5 50.2                               9.3 FASTST   M    M   4    MAX(MPH)
                                 MISC ---->  # 32 180               # 53  310
================================================================================
NOTES:
# LAST OF SEVERAL OCCURRENCES

COLUMN 17 PEAK WIND IN M.P.H.

PRELIMINARY LOCAL CLIMATOLOGICAL DATA (WS FORM: F-6) , PAGE 2

                                          STATION:  DULUTH
                                          MONTH:    JUNE
                                          YEAR:     2018
                                          LATITUDE:   46 49 N
                                          LONGITUDE:  92 11 W

[TEMPERATURE DATA]      [PRECIPITATION DATA]       SYMBOLS USED IN COLUMN 16

AVERAGE MONTHLY: 60.9   TOTAL FOR MONTH:   3.80    1 = FOG OR MIST
DPTR FM NORMAL:   1.8   DPTR FM NORMAL:    0.65    2 = FOG REDUCING VISIBILITY
HIGHEST:    82 ON 22    GRTST 24HR  1.30 ON 17-17      TO 1/4 MILE OR LESS
LOWEST:     40 ON  2                               3 = THUNDER
                        SNOW, ICE PELLETS, HAIL    4 = ICE PELLETS
                        TOTAL MONTH:    T          5 = HAIL
                        GRTST 24HR    T  ON 15-15  6 = FREEZING RAIN OR DRIZZLE
                        GRTST DEPTH:   0           7 = DUSTSTORM OR SANDSTORM:
                                                       VSBY 1/2 MILE OR LESS
                                                   8 = SMOKE OR HAZE
[NO. OF DAYS WITH]      [WEATHER - DAYS WITH]      9 = BLOWING SNOW
                                                   X = TORNADO
MAX 32 OR BELOW:   0    0.01 INCH OR MORE:   8
MAX 90 OR ABOVE:   0    0.10 INCH OR MORE:   5
MIN 32 OR BELOW:   0    0.50 INCH OR MORE:   3
MIN  0 OR BELOW:   0    1.00 INCH OR MORE:   1

[HDD (BASE 65) ]
TOTAL THIS MO.   104    CLEAR  (SCALE 0-3)  12
DPTR FM NORMAL   -49    PTCLDY (SCALE 4-7)   9
TOTAL FM JUL 1  9539    CLOUDY (SCALE 8-10)  2
DPTR FM NORMAL   121

[CDD (BASE 65) ]
TOTAL THIS MO.    14
DPTR FM NORMAL    -1    [PRESSURE DATA]
TOTAL FM JAN 1    58    HIGHEST SLP M ON M
DPTR FM NORMAL    39    LOWEST  SLP 29.74 ON M

[REMARKS]
