034
CXUS53 KGID 230730
CF6EAR
PRELIMINARY LOCAL CLIMATOLOGICAL DATA (WS FORM: F-6)

                                          STATION:   KEARNEY
                                          MONTH:     MAY
                                          YEAR:      2018
                                          LATITUDE:   40 43 N
                                          LONGITUDE:  99  0 W

  TEMPERATURE IN F:       :PCPN:    SNOW:  WIND      :SUNSHINE: SKY     :PK WND
================================================================================
1   2   3   4   5  6A  6B    7    8   9   10  11  12  13   14  15   16   17  18
                                     12Z  AVG MX 2MIN
DY MAX MIN AVG DEP HDD CDD  WTR  SNW DPTH SPD SPD DIR MIN PSBL S-S WX    SPD DR
================================================================================

 1  73  52  63   9   2   0 0.00    M    M 14.8 21 350   M    M   6        30 360
 2  61  48  55   0  10   0 0.00    M    M 14.9 24  60   M    M   8        32  40
 3  57  49  53  -2  12   0 0.44    M    M 14.1 23  20   M    M  10 13     30  20
 4  77  46  62   7   3   0 0.00    M    M  7.7 12 330   M    M   1         M  M
 5  85  51  68  12   0   3 0.04    M    M  7.6 14 280   M    M   2        35  50
 6  79  51  65   9   0   0 0.00    M    M  9.5 16  50   M    M   0        21  40
 7  84  51  68  12   0   3 0.00    M    M 14.6 25 140   M    M   0        30 150
 8  80  54  67  10   0   2 0.00    M    M 10.6 24  10   M    M   0        30  40
 9  84  51  68  11   0   3 0.00    M    M 10.8 15 290   M    M   0        24 300
10  85  49  67   9   0   2    T    M    M 12.7 44 360   M    M   1 38     58 340
11  62  48  55  -3  10   0 1.54    M    M 16.9 35  70   M    M   9 13     40  20
12  54  48  51  -7  14   0 0.07    M    M 14.4 20  40   M    M  10 3      26  40
13  59  48  54  -4  11   0 0.01    M    M  9.0 14  90   M    M  10        15 340
14  72  53  63   4   2   0 0.34    M    M 10.2 15 350   M    M   8 3      21  30
15  76  53  65   6   0   0 0.00    M    M  5.6 10  10   M    M   2        13  30
16  82  53  68   8   0   3 0.00    M    M  4.5 10 120   M    M   1 18     28 160
17  85  55  70  10   0   5 0.00    M    M 11.9 22 140   M    M   2        30 170
18  69  57  63   3   2   0 0.62    M    M 14.4 23  70   M    M   8 13     38  70
19  62  49  56  -5   9   0 0.95    M    M 14.9 25  40   M    M  10 1      28  40
20  56  50  53  -8  12   0 0.02    M    M  9.0 15  10   M    M  10 1       M  M
21  74  45  60  -1   5   0 0.00    M    M  7.8 14 140   M    M   7 12     17 210
22  87  61  74  12   0   9 0.00    M    M 14.2 23 160   M    M   1        27 160
================================================================================
SM 1603 1122        92  30  4.03    M    250.1          M      106
================================================================================
AV 72.9 51.0                              11.4 FASTST   M    M   5    MAX(MPH)
                                 MISC ---->  # 44 360               # 58  340
================================================================================
NOTES:
# LAST OF SEVERAL OCCURRENCES

COLUMN 17 PEAK WIND IN M.P.H.

PRELIMINARY LOCAL CLIMATOLOGICAL DATA (WS FORM: F-6) , PAGE 2

                                          STATION:  KEARNEY
                                          MONTH:    MAY
                                          YEAR:     2018
                                          LATITUDE:   40 43 N
                                          LONGITUDE:  99  0 W

[TEMPERATURE DATA]      [PRECIPITATION DATA]       SYMBOLS USED IN COLUMN 16

AVERAGE MONTHLY: 61.9   TOTAL FOR MONTH:   4.03    1 = FOG OR MIST
DPTR FM NORMAL:   3.9   DPTR FM NORMAL:    1.14    2 = FOG REDUCING VISIBILITY
HIGHEST:    87 ON 22    GRTST 24HR  1.54 ON 11-11      TO 1/4 MILE OR LESS
LOWEST:     45 ON 21                               3 = THUNDER
                        SNOW, ICE PELLETS, HAIL    4 = ICE PELLETS
                        TOTAL MONTH:    M          5 = HAIL
                        GRTST 24HR    M  ON   M    6 = FREEZING RAIN OR DRIZZLE
                        GRTST DEPTH:  M  ON   M    7 = DUSTSTORM OR SANDSTORM:
                                                       VSBY 1/2 MILE OR LESS
                                                   8 = SMOKE OR HAZE
[NO. OF DAYS WITH]      [WEATHER - DAYS WITH]      9 = BLOWING SNOW
                                                   X = TORNADO
MAX 32 OR BELOW:   0    0.01 INCH OR MORE:   9
MAX 90 OR ABOVE:   0    0.10 INCH OR MORE:   5
MIN 32 OR BELOW:   0    0.50 INCH OR MORE:   3
MIN  0 OR BELOW:   0    1.00 INCH OR MORE:   1

[HDD (BASE 65) ]
TOTAL THIS MO.    92    CLEAR  (SCALE 0-3)  11
DPTR FM NORMAL   -83    PTCLDY (SCALE 4-7)   4
TOTAL FM JUL 1  6274    CLOUDY (SCALE 8-10)  7
DPTR FM NORMAL  -169

[CDD (BASE 65) ]
TOTAL THIS MO.    30
DPTR FM NORMAL     6    [PRESSURE DATA]
TOTAL FM JAN 1    38    HIGHEST SLP M ON M
DPTR FM NORMAL     7    LOWEST  SLP M ON M

[REMARKS]
