000
CXUS54 KOUN 240700
CF6GAG
PRELIMINARY LOCAL CLIMATOLOGICAL DATA (WS FORM: F-6)

                                          STATION:   GAGE
                                          MONTH:     MAY
                                          YEAR:      2018
                                          LATITUDE:   36 17 N
                                          LONGITUDE:  99 46 W

  TEMPERATURE IN F:       :PCPN:    SNOW:  WIND      :SUNSHINE: SKY     :PK WND
================================================================================
1   2   3   4   5  6A  6B    7    8   9   10  11  12  13   14  15   16   17  18
                                     12Z  AVG MX 2MIN
DY MAX MIN AVG DEP HDD CDD  WTR  SNW DPTH SPD SPD DIR MIN PSBL S-S WX    SPD DR
================================================================================

 1  86  65  76  14   0  11 0.00  0.0    0 26.2 35 160   M    M   2        43 160
 2  87  65  76  14   0  11 0.00  0.0    0 22.0 37 170   M    M   1        46 170
 3  86  57  72  10   0   7    T  0.0    0 17.4 32 250   M    M   1        53 240
 4  78  47  63   0   2   0 0.00  0.0    0  7.9 18  40   M    M   0 8      23 330
 5  88  45  67   4   0   2 0.00  0.0    0  7.6 20 190   M    M   0        24 170
 6  94  50  72   9   0   7 0.00  0.0    0  8.1 21 200   M    M   0        26 200
 7  97  54  76  12   0  11 0.00  0.0    0 15.4 28 180   M    M   0        35 170
 8  95  72  84  20   0  19 0.00  0.0    0 12.7 25 220   M    M   0        31 200
 9  97  61  79  15   0  14    T  0.0    0 12.4 28 160   M    M   0        36 160
10  91  65  78  13   0  13 0.01  0.0    0 21.9 38 170   M    M   1 3      47 170
11  97  67  82  17   0  17 0.00  0.0    0 25.5 38 180   M    M   0        48 170
12  95  67  81  16   0  16    T  0.0    0 17.9 66 160   M    M   0 8      93 160
13  96  68  82  16   0  17 0.03  0.0    0 17.7 31 170   M    M   1 138    39 160
14  95  67  81  15   0  16 0.00  0.0    0 18.3 30 190   M    M   0 38     40 180
15  87  59  73   7   0   8 0.14  0.0    0  9.2 18 130   M    M   4 138    24 130
16  89  57  73   7   0   8    T  0.0    0  6.4 14 150   M    M   2 3      21 230
17  89  63  76   9   0  11 0.08  0.0    0 12.2 25 140   M    M   1 3      30 150
18  94  64  79  12   0  14 0.02  0.0    0 15.3 30 340   M    M   1 3      41 330
19  84  61  73   6   0   8 0.00  0.0    0 13.7 24 360   M    M   4        32 350
20  78  53  66  -2   0   1 0.00  0.0    0  9.8 24 360   M    M   4        31 360
21  83  51  67  -1   0   2 0.00  0.0    0 10.6 20 220   M    M   3 128    27 180
22  91  61  76   8   0  11    T  0.0    0 13.5 24 160   M    M   0        32 180
23  92  64  78  10   0  13 0.59  0.0    0 12.7 25 180   M    M   2 13     31 170
================================================================================
SM 2069 1383         2 237  0.87     0.0 334.4          M       27
================================================================================
AV 90.0 60.1                              14.5 FASTST   M    M   1    MAX(MPH)
                                 MISC ---->  # 66 160               # 93  160
================================================================================
NOTES:
# LAST OF SEVERAL OCCURRENCES

COLUMN 17 PEAK WIND IN M.P.H.

PRELIMINARY LOCAL CLIMATOLOGICAL DATA (WS FORM: F-6) , PAGE 2

                                          STATION:  GAGE
                                          MONTH:    MAY
                                          YEAR:     2018
                                          LATITUDE:   36 17 N
                                          LONGITUDE:  99 46 W

[TEMPERATURE DATA]      [PRECIPITATION DATA]       SYMBOLS USED IN COLUMN 16

AVERAGE MONTHLY: 75.0   TOTAL FOR MONTH:   0.87    1 = FOG OR MIST
DPTR FM NORMAL:   9.9   DPTR FM NORMAL:   -1.40    2 = FOG REDUCING VISIBILITY
HIGHEST:    97 ON 11, 9 GRTST 24HR  0.59 ON 23-23      TO 1/4 MILE OR LESS
LOWEST:     45 ON  5                               3 = THUNDER
                        SNOW, ICE PELLETS, HAIL    4 = ICE PELLETS
                        TOTAL MONTH:   0.0 INCH    5 = HAIL
                        GRTST 24HR     0.0         6 = FREEZING RAIN OR DRIZZLE
                        GRTST DEPTH:   0           7 = DUSTSTORM OR SANDSTORM:
                                                       VSBY 1/2 MILE OR LESS
                                                   8 = SMOKE OR HAZE
[NO. OF DAYS WITH]      [WEATHER - DAYS WITH]      9 = BLOWING SNOW
                                                   X = TORNADO
MAX 32 OR BELOW:   0    0.01 INCH OR MORE:   6
MAX 90 OR ABOVE:  12    0.10 INCH OR MORE:   2
MIN 32 OR BELOW:   0    0.50 INCH OR MORE:   1
MIN  0 OR BELOW:   0    1.00 INCH OR MORE:   0

[HDD (BASE 65) ]
TOTAL THIS MO.     2    CLEAR  (SCALE 0-3)  20
DPTR FM NORMAL   -71    PTCLDY (SCALE 4-7)   3
TOTAL FM JUL 1  3934    CLOUDY (SCALE 8-10)  0
DPTR FM NORMAL  -443

[CDD (BASE 65) ]
TOTAL THIS MO.   237
DPTR FM NORMAL   162    [PRESSURE DATA]
TOTAL FM JAN 1   294    HIGHEST SLP M ON M
DPTR FM NORMAL   183    LOWEST  SLP 29.66 ON 18

[REMARKS]
