000
CXUS54 KJAN 261000
CF6GLH
PRELIMINARY LOCAL CLIMATOLOGICAL DATA (WS FORM: F-6)

                                          STATION:   GREENVILLE
                                          MONTH:     APRIL
                                          YEAR:      2018
                                          LATITUDE:   33 29 N
                                          LONGITUDE:  90 59 W

  TEMPERATURE IN F:       :PCPN:    SNOW:  WIND      :SUNSHINE: SKY     :PK WND
================================================================================
1   2   3   4   5  6A  6B    7    8   9   10  11  12  13   14  15   16   17  18
                                     12Z  AVG MX 2MIN
DY MAX MIN AVG DEP HDD CDD  WTR  SNW DPTH SPD SPD DIR MIN PSBL S-S WX    SPD DR
================================================================================

 1  75  53  64   5   1   0 0.00  0.0    0  8.1 17  20   M    M   1        22  10
 2  75  48  62   3   3   0 0.00  0.0    0  8.1 16  30   M    M   5        19  30
 3  83  53  68   9   0   3 0.21  0.0    0   M  49 250   M    M   6 3      69 240
 4  58  42  50 -10  15   0 0.00  0.0    0 11.3 16 250   M    M   0        24 240
 5  66  37  52  -8  13   0    T  0.0    0  5.9 20 130   M    M   1        24 130
 6  61  53  57  -3   8   0 1.57  0.0    0  6.9 21 350   M    M  10 13     26 350
 7  55  34  45 -16  20   0    T  0.0    0 16.0 29  10   M    M   8 1      36 360
 8  56  31  44 -17  21   0 0.00  0.0    0  6.9 16 100   M    M   3 1      25 110
 9  62  45  54  -7  11   0 0.00  0.0    0 10.0 18  40   M    M   2        24  40
10  64  44  54  -7  11   0 0.00  0.0    0  9.5 20 320   M    M   0        24 310
11  73  39  56  -6   9   0 0.00  0.0    0  5.6 15 190   M    M   0 1      18 140
12  79  49  64   2   1   0 0.00  0.0    0 14.9 26 180   M    M   0        33 180
13  79  62  71   9   0   6 0.84  0.0    0 17.3 30 170   M    M   7 13     37 170
14  72  48  60  -3   5   0 1.09  0.0    0  7.9 28 180   M    M   6 13     36 210
15  52  40  46 -17  19   0 0.00  0.0    0 10.8 20 280   M    M   4        26 300
16  64  36  50 -13  15   0 0.00  0.0    0  6.9 15 270   M    M   0        19 270
17  80  47  64   0   1   0 0.00  0.0    0 14.6 26 200   M    M   0        33 200
18  76  59  68   4   0   3 0.00  0.0    0 14.2 22 220   M    M   5        29 220
19  60  46  53 -11  12   0 0.00  0.0    0 13.7 23  20   M    M   0        30 360
20  70  41  56  -9   9   0 0.00  0.0    0  8.7 22  60   M    M   0        29  50
21  77  47  62  -3   3   0    T  0.0    0 10.4 23 140   M    M   1        28 170
22  69  57  63  -2   2   0 0.65  0.0    0  8.4 21 290   M    M   9 1      28 280
23  64  53  59  -7   6   0 0.01  0.0    0  7.9 14 230   M    M   9 1      18 210
24  71  53  62  -4   3   0 0.00  0.0    0  7.1 20 330   M    M   4 12     23 330
25  77  51  64  -2   1   0 0.11  0.0    0  3.6 13 350   M    M   4 12     19 360
================================================================================
SM 1718 1168       189  12  4.48     0.0 234.7          M       85
================================================================================
AV 68.7 46.7                               9.8 FASTST   M    M   3    MAX(MPH)
                                 MISC ---->  # 49 250               # 69  240
================================================================================
NOTES:
# LAST OF SEVERAL OCCURRENCES

COLUMN 17 PEAK WIND IN M.P.H.

PRELIMINARY LOCAL CLIMATOLOGICAL DATA (WS FORM: F-6) , PAGE 2

                                          STATION:  GREENVILLE
                                          MONTH:    APRIL
                                          YEAR:     2018
                                          LATITUDE:   33 29 N
                                          LONGITUDE:  90 59 W

[TEMPERATURE DATA]      [PRECIPITATION DATA]       SYMBOLS USED IN COLUMN 16

AVERAGE MONTHLY: 57.7   TOTAL FOR MONTH:   4.48    1 = FOG OR MIST
DPTR FM NORMAL:  -4.7   DPTR FM NORMAL:    0.37    2 = FOG REDUCING VISIBILITY
HIGHEST:    83 ON  3    GRTST 24HR  1.57 ON  6- 6      TO 1/4 MILE OR LESS
LOWEST:     31 ON  8                               3 = THUNDER
                        SNOW, ICE PELLETS, HAIL    4 = ICE PELLETS
                        TOTAL MONTH:   0.0 INCH    5 = HAIL
                        GRTST 24HR     0.0         6 = FREEZING RAIN OR DRIZZLE
                        GRTST DEPTH:   0           7 = DUSTSTORM OR SANDSTORM:
                                                       VSBY 1/2 MILE OR LESS
                                                   8 = SMOKE OR HAZE
[NO. OF DAYS WITH]      [WEATHER - DAYS WITH]      9 = BLOWING SNOW
                                                   X = TORNADO
MAX 32 OR BELOW:   0    0.01 INCH OR MORE:   7
MAX 90 OR ABOVE:   0    0.10 INCH OR MORE:   6
MIN 32 OR BELOW:   1    0.50 INCH OR MORE:   4
MIN  0 OR BELOW:   0    1.00 INCH OR MORE:   2

[HDD (BASE 65) ]
TOTAL THIS MO.   189    CLEAR  (SCALE 0-3)  12
DPTR FM NORMAL    80    PTCLDY (SCALE 4-7)   9
TOTAL FM JUL 1  2670    CLOUDY (SCALE 8-10)  4
DPTR FM NORMAL   -84

[CDD (BASE 65) ]
TOTAL THIS MO.    12
DPTR FM NORMAL   -33    [PRESSURE DATA]
TOTAL FM JAN 1    55    HIGHEST SLP M ON M
DPTR FM NORMAL   -12    LOWEST  SLP 29.69 ON  6

[REMARKS]
