000
CXUS52 KJAX 240800
CF6GNV
PRELIMINARY LOCAL CLIMATOLOGICAL DATA (WS FORM: F-6)

                                          STATION:   GAINESVILLE FL
                                          MONTH:     MAY
                                          YEAR:      2018
                                          LATITUDE:   29 40 N
                                          LONGITUDE:  82 16 W

  TEMPERATURE IN F:       :PCPN:    SNOW:  WIND      :SUNSHINE: SKY     :PK WND
================================================================================
1   2   3   4   5  6A  6B    7    8   9   10  11  12  13   14  15   16   17  18
                                     12Z  AVG MX 2MIN
DY MAX MIN AVG DEP HDD CDD  WTR  SNW DPTH SPD SPD DIR MIN PSBL S-S WX    SPD DR
================================================================================

 1  85  51  68  -3   0   3 0.00  0.0    0  5.8 16 110   M    M   1        20  90
 2  84  54  69  -2   0   4 0.00  0.0    0  6.1 15  80   M    M   1        19  70
 3  85  55  70  -2   0   5 0.00  0.0    0  5.5 17 110   M    M   3        21 110
 4  89  57  73   1   0   8 0.00  0.0    0  3.8 13 100   M    M   1        18 140
 5  87  55  71  -1   0   6 0.00  0.0    0  4.2 16 110   M    M   4        22 100
 6  90  65  78   6   0  13 0.00  0.0    0  3.4 13 320   M    M   2 1      19 300
 7  89  60  75   3   0  10 0.00  0.0    0  5.7 14  10   M    M   1        18 360
 8  88  57  73   0   0   8 0.00  0.0    0  3.8 10  70   M    M   1        17  80
 9  89  57  73   0   0   8 0.00  0.0    0  4.5  9  30   M    M   2        18  60
10  90  58  74   1   0   9 0.00  0.0    0  3.0 10 280   M    M   2 1      14 320
11  94  64  79   5   0  14 0.00  0.0    0  4.6 12  80   M    M   2        16 300
12  91  65  78   4   0  13 0.00  0.0    0  4.6 18 130   M    M   1        23 130
13  85  60  73  -1   0   8 0.00  0.0    0  4.2 14  80   M    M   0        18 110
14  77  71  74   0   0   9 0.67  0.0    0  5.8 17 110   M    M   8 1      20 110
15  84  70  77   3   0  12 0.74  0.0    0  8.1 30 240   M    M   7 13     38 250
16  83  69  76   1   0  11 0.30  0.0    0  8.1 24 220   M    M   6 13     35 220
17  81  71  76   1   0  11 1.13  0.0    0  6.4 15 210   M    M   2 138    20 200
18  86  70  78   3   0  13 0.01  0.0    0  7.2 24 260   M    M   6 13     33 250
19  90  67  79   3   0  14 0.00  0.0    0  4.4 17 130   M    M   2 1      22 130
20  76  70  73  -3   0   8 0.84  0.0    0  4.9 15 100   M    M   8 18     19  80
21  83  70  77   1   0  12 1.13  0.0    0  5.5 21 120   M    M   8 13     28 120
22  88  70  79   3   0  14 0.56  0.0    0  5.3 24 150   M    M   6 13     30 150
23  89  67  78   2   0  13 0.00  0.0    0  3.1 12 260   M    M   5 12     14 260
================================================================================
SM 1983 1453         0 226  5.38     0.0 118.0          M       79
================================================================================
AV 86.2 63.2                               5.1 FASTST   M    M   3    MAX(MPH)
                                 MISC ---->  # 30 240               # 38  250
================================================================================
NOTES:
# LAST OF SEVERAL OCCURRENCES

COLUMN 17 PEAK WIND IN M.P.H.

PRELIMINARY LOCAL CLIMATOLOGICAL DATA (WS FORM: F-6) , PAGE 2

                                          STATION:  GAINESVILLE FL
                                          MONTH:    MAY
                                          YEAR:     2018
                                          LATITUDE:   29 40 N
                                          LONGITUDE:  82 16 W

[TEMPERATURE DATA]      [PRECIPITATION DATA]       SYMBOLS USED IN COLUMN 16

AVERAGE MONTHLY: 74.7   TOTAL FOR MONTH:   5.38    1 = FOG OR MIST
DPTR FM NORMAL:   1.0   DPTR FM NORMAL:    3.79    2 = FOG REDUCING VISIBILITY
HIGHEST:    94 ON 11    GRTST 24HR  1.13 ON 21-21      TO 1/4 MILE OR LESS
LOWEST:     51 ON  1                               3 = THUNDER
                        SNOW, ICE PELLETS, HAIL    4 = ICE PELLETS
                        TOTAL MONTH:   0.0 INCH    5 = HAIL
                        GRTST 24HR     0.0         6 = FREEZING RAIN OR DRIZZLE
                        GRTST DEPTH:   0           7 = DUSTSTORM OR SANDSTORM:
                                                       VSBY 1/2 MILE OR LESS
                                                   8 = SMOKE OR HAZE
[NO. OF DAYS WITH]      [WEATHER - DAYS WITH]      9 = BLOWING SNOW
                                                   X = TORNADO
MAX 32 OR BELOW:   0    0.01 INCH OR MORE:   8
MAX 90 OR ABOVE:   5    0.10 INCH OR MORE:   7
MIN 32 OR BELOW:   0    0.50 INCH OR MORE:   6
MIN  0 OR BELOW:   0    1.00 INCH OR MORE:   2

[HDD (BASE 65) ]
TOTAL THIS MO.     0    CLEAR  (SCALE 0-3)  14
DPTR FM NORMAL     0    PTCLDY (SCALE 4-7)   8
TOTAL FM JUL 1  1104    CLOUDY (SCALE 8-10)  1
DPTR FM NORMAL  -110

[CDD (BASE 65) ]
TOTAL THIS MO.   226
DPTR FM NORMAL    21    [PRESSURE DATA]
TOTAL FM JAN 1   559    HIGHEST SLP M ON M
DPTR FM NORMAL   147    LOWEST  SLP 29.87 ON M

[REMARKS]
