000
CXUS54 KHGX 251415
CF6IAH
PRELIMINARY LOCAL CLIMATOLOGICAL DATA (WS FORM: F-6)

                                          STATION:   HOUSTON INTERCONTINENTAL
                                          MONTH:     APRIL
                                          YEAR:      2018
                                          LATITUDE:   29 58 N
                                          LONGITUDE:  95 21 W

  TEMPERATURE IN F:       :PCPN:    SNOW:  WIND      :SUNSHINE: SKY     :PK WND
================================================================================
1   2   3   4   5  6A  6B    7    8   9   10  11  12  13   14  15   16   17  18
                                     12Z  AVG MX 2MIN
DY MAX MIN AVG DEP HDD CDD  WTR  SNW DPTH SPD SPD DIR MIN PSBL S-S WX    SPD DR
================================================================================

 1  83  59  71   5   0   6 0.00  0.0    0  7.5 18 140   M    M   7        22 130
 2  85  69  77  11   0  12 0.00  0.0    0 10.0 26 140   M    M   7        32 160
 3  85  65  75   8   0  10 0.01  0.0    0 11.3 24 360   M    M   8 13     31 360
 4  74  54  64  -3   1   0    T  0.0    0 13.8 25  40   M    M   5        32  40
 5  73  53  63  -4   2   0    T  0.0    0 11.6 21 130   M    M   7        25 130
 6  82  71  77  10   0  12    T  0.0    0  9.4 17 170   M    M  10 3      26 170
 7  74  47  61  -7   4   0 0.29  0.0    0 11.9 24 330   M    M  10 13     29 330
 8  58  45  52 -16  13   0 0.00  0.0    0  7.0 16 360   M    M  10        21 350
 9  65  54  60  -8   5   0 0.03  0.0    0  7.8 14  40   M    M  10 1      17  80
10  78  53  66  -2   0   1 0.00  0.0    0  8.0 20  20   M    M   4 8      24  20
11  80  48  64  -4   1   0 0.00  0.0    0  6.2 18 150   M    M   4        27 140
12  84  57  71   2   0   6 0.00  0.0    0 12.7 26 150   M    M   6        33 150
13  84  67  76   7   0  11 0.02  0.0    0 14.6 28 280   M    M  10 13     38 260
14  68  50  59 -10   6   0 0.43  0.0    0 11.0 24 340   M    M   5 13     33 310
15  70  47  59 -10   6   0 0.00  0.0    0  9.7 25 320   M    M   0        32 310
16  80  43  62  -8   3   0 0.00  0.0    0  6.3 18 150   M    M   0        24 150
17  84  61  73   3   0   8 0.00  0.0    0 11.4 23 160   M    M   2        37 160
18  82  68  75   5   0  10 0.00  0.0    0  6.9 14 240   M    M   7        19 240
19  77  56  67  -3   0   2 0.00  0.0    0 10.6 22  30   M    M   5        28  20
20  67  52  60 -10   5   0 0.00  0.0    0 10.4 17  80   M    M   8        22  80
21  74  59  67  -4   0   2 1.12  0.0    0 11.8 22 140   M    M  10 1      26 140
22  73  58  66  -5   0   1    T  0.0    0  9.6 21 310   M    M   5 1      27 310
23  80  51  66  -5   0   1 0.00  0.0    0  6.2 17 320   M    M   2        24 330
24  85  54  70  -2   0   5 0.00  0.0    0  3.3 12 330   M    M   4        17 320
================================================================================
SM 1845 1341        46  87  1.90     0.0 229.0          M      146
================================================================================
AV 76.9 55.9                               9.5 FASTST   M    M   6    MAX(MPH)
                                 MISC ---->  # 28 280               # 38  260
================================================================================
NOTES:
# LAST OF SEVERAL OCCURRENCES

COLUMN 17 PEAK WIND IN M.P.H.

PRELIMINARY LOCAL CLIMATOLOGICAL DATA (WS FORM: F-6) , PAGE 2

                                          STATION:  HOUSTON INTERCONTINENTAL
                                          MONTH:    APRIL
                                          YEAR:     2018
                                          LATITUDE:   29 58 N
                                          LONGITUDE:  95 21 W

[TEMPERATURE DATA]      [PRECIPITATION DATA]       SYMBOLS USED IN COLUMN 16

AVERAGE MONTHLY: 66.4   TOTAL FOR MONTH:   1.90    1 = FOG OR MIST
DPTR FM NORMAL:  -2.4   DPTR FM NORMAL:   -0.64    2 = FOG REDUCING VISIBILITY
HIGHEST:    85 ON 24, 3 GRTST 24HR  1.12 ON 21-21      TO 1/4 MILE OR LESS
LOWEST:     43 ON 16                               3 = THUNDER
                        SNOW, ICE PELLETS, HAIL    4 = ICE PELLETS
                        TOTAL MONTH:   0.0 INCH    5 = HAIL
                        GRTST 24HR     0.0         6 = FREEZING RAIN OR DRIZZLE
                        GRTST DEPTH:   0           7 = DUSTSTORM OR SANDSTORM:
                                                       VSBY 1/2 MILE OR LESS
                                                   8 = SMOKE OR HAZE
[NO. OF DAYS WITH]      [WEATHER - DAYS WITH]      9 = BLOWING SNOW
                                                   X = TORNADO
MAX 32 OR BELOW:   0    0.01 INCH OR MORE:   6
MAX 90 OR ABOVE:   0    0.10 INCH OR MORE:   3
MIN 32 OR BELOW:   0    0.50 INCH OR MORE:   1
MIN  0 OR BELOW:   0    1.00 INCH OR MORE:   1

[HDD (BASE 65) ]
TOTAL THIS MO.    46    CLEAR  (SCALE 0-3)   4
DPTR FM NORMAL    11    PTCLDY (SCALE 4-7)  14
TOTAL FM JUL 1  1230    CLOUDY (SCALE 8-10)  6
DPTR FM NORMAL  -134

[CDD (BASE 65) ]
TOTAL THIS MO.    87
DPTR FM NORMAL   -39    [PRESSURE DATA]
TOTAL FM JAN 1   319    HIGHEST SLP M ON M
DPTR FM NORMAL    84    LOWEST  SLP 29.65 ON 13

[REMARKS]
