000
CXUS52 KILM 211000
CF6ILM
PRELIMINARY LOCAL CLIMATOLOGICAL DATA (WS FORM: F-6)

                                          STATION:   WILMINGTON NORTH CAROLINA
                                          MONTH:     APRIL
                                          YEAR:      2018
                                          LATITUDE:   34 16 N
                                          LONGITUDE:  77 55 W

  TEMPERATURE IN F:       :PCPN:    SNOW:  WIND      :SUNSHINE: SKY     :PK WND
================================================================================
1   2   3   4   5  6A  6B    7    8   9   10  11  12  13   14  15   16   17  18
                                     12Z  AVG MX 2MIN
DY MAX MIN AVG DEP HDD CDD  WTR  SNW DPTH SPD SPD DIR MIN PSBL S-S WX    SPD DR
================================================================================

 1  77  41  59   0   6   0 0.00  0.0    0  5.3 20 190   M    M   1        23 190
 2  84  55  70  10   0   5 0.00  0.0    0  9.0 17 190   M    M   0        25 260
 3  80  56  68   8   0   3 0.00  0.0    0 10.7 24 200   M    M   7 1      31 180
 4  77  55  66   6   0   1 0.24  0.0    0 12.5 25 320   M    M   3 1      34 320
 5  63  42  53  -7  12   0 0.00  0.0    0  6.0 17  40   M    M   0        22  10
 6  74  39  57  -4   8   0 0.00  0.0    0  9.2 23 200   M    M   0        28 200
 7  76  41  59  -2   6   0 0.65  0.0    0 12.5 23  10   M    M   6 13     30 240
 8  54  37  46 -15  19   0 0.18  0.0    0  9.0 22 360   M    M   4 1      31 360
 9  50  44  47 -14  18   0 0.45  0.0    0  8.7 20  40   M    M   8 1      24  40
10  58  45  52 -10  13   0 0.12  0.0    0  7.0 14  20   M    M   7 1      18 360
11  63  39  51 -11  14   0 0.00  0.0    0  5.3 15  50   M    M   2 1      17  30
12  71  40  56  -6   9   0 0.00  0.0    0  6.0 16 160   M    M   0 18     22 130
13  78  55  67   5   0   2 0.00  0.0    0 10.5 21 180   M    M   1        26 170
14  79  54  67   4   0   2    T  0.0    0  9.1 22 190   M    M   5        27 200
15  79  61  70   7   0   5 0.81  0.0    0 12.1 30 210   M    M   8 13     39 190
16  68  50  59  -4   6   0 0.19  0.0    0 17.3 30 250   M    M   5 1      37 240
17  65  40  53 -10  12   0 0.00  0.0    0 13.8 22 290   M    M   0        27 290
18  82  57  70   6   0   5 0.00  0.0    0 11.8 21 220   M    M   0        31 210
19  85  51  68   4   0   3 0.00  0.0    0 16.8 32 260   M    M   1        40 240
20  67  42  55  -9  10   0 0.00  0.0    0  6.7 17  40   M    M   0        24  50
================================================================================
SM 1430  944       133  26  2.64     0.0 199.3          M       58
================================================================================
AV 71.5 47.2                              10.0 FASTST   M    M   3    MAX(MPH)
                                 MISC ---->  # 32 260               # 40  240
================================================================================
NOTES:
# LAST OF SEVERAL OCCURRENCES

COLUMN 17 PEAK WIND IN M.P.H.

PRELIMINARY LOCAL CLIMATOLOGICAL DATA (WS FORM: F-6) , PAGE 2

                                          STATION:  WILMINGTON NORTH CAROLINA
                                          MONTH:    APRIL
                                          YEAR:     2018
                                          LATITUDE:   34 16 N
                                          LONGITUDE:  77 55 W

[TEMPERATURE DATA]      [PRECIPITATION DATA]       SYMBOLS USED IN COLUMN 16

AVERAGE MONTHLY: 59.4   TOTAL FOR MONTH:   2.64    1 = FOG OR MIST
DPTR FM NORMAL:  -2.4   DPTR FM NORMAL:    0.77    2 = FOG REDUCING VISIBILITY
HIGHEST:    85 ON 19    GRTST 24HR  0.81 ON 15-15      TO 1/4 MILE OR LESS
LOWEST:     37 ON  8                               3 = THUNDER
                        SNOW, ICE PELLETS, HAIL    4 = ICE PELLETS
                        TOTAL MONTH:   0.0 INCH    5 = HAIL
                        GRTST 24HR     0.0         6 = FREEZING RAIN OR DRIZZLE
                        GRTST DEPTH:   0           7 = DUSTSTORM OR SANDSTORM:
                                                       VSBY 1/2 MILE OR LESS
                                                   8 = SMOKE OR HAZE
[NO. OF DAYS WITH]      [WEATHER - DAYS WITH]      9 = BLOWING SNOW
                                                   X = TORNADO
MAX 32 OR BELOW:   0    0.01 INCH OR MORE:   7
MAX 90 OR ABOVE:   0    0.10 INCH OR MORE:   7
MIN 32 OR BELOW:   0    0.50 INCH OR MORE:   2
MIN  0 OR BELOW:   0    1.00 INCH OR MORE:   0

[HDD (BASE 65) ]
TOTAL THIS MO.   133    CLEAR  (SCALE 0-3)  11
DPTR FM NORMAL    29    PTCLDY (SCALE 4-7)   9
TOTAL FM JUL 1  2362    CLOUDY (SCALE 8-10)  0
DPTR FM NORMAL     6

[CDD (BASE 65) ]
TOTAL THIS MO.    26
DPTR FM NORMAL    -9    [PRESSURE DATA]
TOTAL FM JAN 1    72    HIGHEST SLP M ON M
DPTR FM NORMAL    16    LOWEST  SLP 29.65 ON  7

[REMARKS]
