000
CXUS53 KIWX 280810
CF6IWX
PRELIMINARY LOCAL CLIMATOLOGICAL DATA (WS FORM: F-6)
STATION: NORTH WEBSTER WFO
MONTH: MARCH
YEAR: 2024
LATITUDE: 41 21 N
LONGITUDE: 85 42 W
TEMPERATURE IN F: :PCPN: SNOW: WIND :SUNSHINE: SKY :PK WND
================================================================================
1 2 3 4 5 6A 6B 7 8 9 10 11 12 13 14 15 16 17 18
12Z AVG MX 2MIN
DY MAX MIN AVG DEP HDD CDD WTR SNW DPTH SPD SPD DIR MIN PSBL S-S WX SPD DR
================================================================================
1 42 28 35 3 30 0 0.00 0.0 0 M M M M M M M M
2 54 34 44 11 21 0 0.00 0.0 0 M M M M M M M M
3 67 40 54 21 11 0 0.00 0.0 0 M M M M M M M M
4 71 52 62 29 3 0 0.00 0.0 0 M M M M M M M M
5 61 46 54 20 11 0 0.09 0.0 0 M M M M M M 3 M M
6 47 36 42 8 23 0 0.02 0.0 0 M M M M M M M M
7 48 35 42 8 23 0 0.00 0.0 0 M M M M M M M M
8 54 40 47 12 18 0 0.70 0.0 0 M M M M M M M M
9 53 30 42 7 23 0 0.03 0.0 0 M M M M M M M M
10 43 27 35 -1 30 0 0.01 0.2 T M M M M M M M M
11 59 25 42 6 23 0 0.00 0.0 0 M M M M M M M M
12 68 43 56 20 9 0 0.00 0.0 0 M M M M M M M M
13 74 49 62 25 3 0 0.00 0.0 0 M M M M M M M M
14 66 44 55 18 10 0 1.45 0.0 0 M M M M M M 135 M M
15 60 34 47 10 18 0 0.00 0.0 0 M M M M M M M M
16 60 33 47 9 18 0 0.01 0.0 0 M M M M M M M M
17 42 29 36 -2 29 0 T T 0 M M M M M M M M
18 36 26 31 -8 34 0 0.08 0.9 0 M M M M M M M M
19 54 26 40 1 25 0 0.00 0.0 0 M M M M M M M M
20 45 21 33 -6 32 0 0.00 0.0 0 M M M M M M M M
21 39 20 30 -10 35 0 0.00 0.0 0 M M M M M M M M
22 49 29 39 -1 26 0 0.02 T 0 M M M M M M M M
23 42 26 34 -6 31 0 0.00 0.0 0 M M M M M M M M
24 45 27 36 -5 29 0 0.00 0.0 0 M M M M M M M M
25 68 34 51 10 14 0 T 0.0 0 M M M M M M M M
26 61 38 50 8 15 0 0.45 0.0 0 M M M M M M M M
27 42 31 37 -5 28 0 T T 0 M M M M M M M M
================================================================================
SM 1450 903 572 0 2.86 1.1 M M M
================================================================================
AV 53.7 33.4 M FASTST M M M MAX(MPH)
MISC ----> M M M M
================================================================================
NOTES:
# LAST OF SEVERAL OCCURRENCES
COLUMN 17 PEAK WIND IN M.P.H.
PRELIMINARY LOCAL CLIMATOLOGICAL DATA (WS FORM: F-6) , PAGE 2
STATION: NORTH WEBSTER WFO
MONTH: MARCH
YEAR: 2024
LATITUDE: 41 21 N
LONGITUDE: 85 42 W
[TEMPERATURE DATA] [PRECIPITATION DATA] SYMBOLS USED IN COLUMN 16
AVERAGE MONTHLY: 43.6 TOTAL FOR MONTH: 2.86 1 = FOG OR MIST
DPTR FM NORMAL: 6.5 DPTR FM NORMAL: 0.48 2 = FOG REDUCING VISIBILITY
HIGHEST: 74 ON 13 GRTST 24HR 1.45 ON 14-14 TO 1/4 MILE OR LESS
LOWEST: 20 ON 21 3 = THUNDER
SNOW, ICE PELLETS, HAIL 4 = ICE PELLETS
TOTAL MONTH: 1.1 INCHES 5 = HAIL
GRTST 24HR 0.9 ON 18-18 6 = FREEZING RAIN OR DRIZZLE
GRTST DEPTH: T 7 = DUSTSTORM OR SANDSTORM:
VSBY 1/2 MILE OR LESS
8 = SMOKE OR HAZE
[NO. OF DAYS WITH] [WEATHER - DAYS WITH] 9 = BLOWING SNOW
X = TORNADO
MAX 32 OR BELOW: 0 0.01 INCH OR MORE: 10
MAX 90 OR ABOVE: 0 0.10 INCH OR MORE: 3
MIN 32 OR BELOW: 13 0.50 INCH OR MORE: 2
MIN 0 OR BELOW: 0 1.00 INCH OR MORE: 1
[HDD (BASE 65) ]
TOTAL THIS MO. 572 CLEAR (SCALE 0-3) 0
DPTR FM NORMAL -184 PTCLDY (SCALE 4-7) 0
TOTAL FM JUL 1 4540 CLOUDY (SCALE 8-10) 27
DPTR FM NORMAL -834
[CDD (BASE 65) ]
TOTAL THIS MO. 0
DPTR FM NORMAL 0 [PRESSURE DATA]
TOTAL FM JAN 1 0 HIGHEST SLP M ON M
DPTR FM NORMAL 0 LOWEST SLP M ON M
[REMARKS]