000
CXUS53 KGID 260730
CF6JYR
PRELIMINARY LOCAL CLIMATOLOGICAL DATA (WS FORM: F-6)

                                          STATION:   YORK
                                          MONTH:     MAY
                                          YEAR:      2018
                                          LATITUDE:   40 54 N
                                          LONGITUDE:  97 37 W

  TEMPERATURE IN F:       :PCPN:    SNOW:  WIND      :SUNSHINE: SKY     :PK WND
================================================================================
1   2   3   4   5  6A  6B    7    8   9   10  11  12  13   14  15   16   17  18
                                     12Z  AVG MX 2MIN
DY MAX MIN AVG DEP HDD CDD  WTR  SNW DPTH SPD SPD DIR MIN PSBL S-S WX    SPD DR
================================================================================

 1  82  57  70   M   0   5    T    M    M 14.0 23 180   M    M   0 3      40 190
 2  59  46  53   M  12   0 0.00    M    M 13.6 18  60   M    M   0 13     24  60
 3  61  45  53   M  12   0 0.06    M    M 11.9 27  20   M    M   0 1      32  20
 4  77  45  61   M   4   0 0.00    M    M  9.0 16 300   M    M   0        23 310
 5  86  46  66   M   0   1 0.00    M    M  9.3 18 260   M    M   0        27 260
 6  82  52  67   M   0   2 0.00    M    M  8.7 14  10   M    M   0        24  10
 7  84  52  68   M   0   3 0.00    M    M 10.6 15 150   M    M   0        21 150
 8  84  63  74   M   0   9 0.00    M    M  8.7 14 350   M    M   0        16 160
 9  84  55  70   M   0   5 0.00    M    M 14.2 22 320   M    M   0        29 310
10  84  50  67   M   0   2 0.00    M    M 12.9 24  90   M    M   1        30  90
11  66  46  56   M   9   0 0.95    M    M 17.6 35 330   M    M   9 3      45 330
12  54  48  51   M  14   0    T    M    M 14.5 20  40   M    M  10 13     28  60
13  68  50  59   M   6   0 0.00    M    M  9.2 16  10   M    M  10 1      22  10
14  73  55  64   M   1   0 0.12    M    M  8.8 18 330   M    M   8 12     18 340
15  75  57  66   M   0   1 0.00    M    M  4.6 12  40   M    M   6        16  20
16  82  54  68   M   0   3 0.00    M    M  3.9 13 130   M    M   0 1       M  M
17  84  55  70   M   0   5 0.00    M    M  8.6 17 130   M    M   0        23 150
18  68  59  64   M   1   0 0.42    M    M 10.4 23 140   M    M   6 3      33 140
19  64  52  58   M   7   0 0.35    M    M 12.3 23  20   M    M  10 3      29  20
20  55  52  54   M  11   0 0.10    M    M  9.9 15  20   M    M  10 1      17  20
21  75  48  62   M   3   0 0.00    M    M  5.7 10 230   M    M   6 12      M  M
22  88  64  76   M   0  11 0.00    M    M 12.3 15 180   M    M   3        23 180
23  90  66  78   M   0  13 0.00    M    M 14.2 18 170   M    M   1        27 170
24  90  66  78   M   0  13 0.00    M    M 11.1 20 190   M    M   0        28 170
25  93  64  79   M   0  14 0.05    M    M  8.1 17 190   M    M   1 3       M  M
================================================================================
SM 1908 1347        80  87  2.05    M    264.1          M       81
================================================================================
AV 76.3 53.9                              10.6 FASTST   M    M   3    MAX(MPH)
                                 MISC ---->  # 35 330               # 45  330
================================================================================
NOTES:
# LAST OF SEVERAL OCCURRENCES

COLUMN 17 PEAK WIND IN M.P.H.

PRELIMINARY LOCAL CLIMATOLOGICAL DATA (WS FORM: F-6) , PAGE 2

                                          STATION:  YORK
                                          MONTH:    MAY
                                          YEAR:     2018
                                          LATITUDE:   40 54 N
                                          LONGITUDE:  97 37 W

[TEMPERATURE DATA]      [PRECIPITATION DATA]       SYMBOLS USED IN COLUMN 16

AVERAGE MONTHLY: 65.1   TOTAL FOR MONTH:   2.05    1 = FOG OR MIST
DPTR FM NORMAL:     M   DPTR FM NORMAL:       M    2 = FOG REDUCING VISIBILITY
HIGHEST:    93 ON 25    GRTST 24HR  0.95 ON 11-11      TO 1/4 MILE OR LESS
LOWEST:     45 ON  4, 3                            3 = THUNDER
                        SNOW, ICE PELLETS, HAIL    4 = ICE PELLETS
                        TOTAL MONTH:    M          5 = HAIL
                        GRTST 24HR    M  ON   M    6 = FREEZING RAIN OR DRIZZLE
                        GRTST DEPTH:  M  ON   M    7 = DUSTSTORM OR SANDSTORM:
                                                       VSBY 1/2 MILE OR LESS
                                                   8 = SMOKE OR HAZE
[NO. OF DAYS WITH]      [WEATHER - DAYS WITH]      9 = BLOWING SNOW
                                                   X = TORNADO
MAX 32 OR BELOW:   0    0.01 INCH OR MORE:   7
MAX 90 OR ABOVE:   3    0.10 INCH OR MORE:   5
MIN 32 OR BELOW:   0    0.50 INCH OR MORE:   1
MIN  0 OR BELOW:   0    1.00 INCH OR MORE:   0

[HDD (BASE 65) ]
TOTAL THIS MO.    80    CLEAR  (SCALE 0-3)  16
DPTR FM NORMAL     M    PTCLDY (SCALE 4-7)   4
TOTAL FM JUL 1  6339    CLOUDY (SCALE 8-10)  5
DPTR FM NORMAL     M

[CDD (BASE 65) ]
TOTAL THIS MO.    87
DPTR FM NORMAL     M    [PRESSURE DATA]
TOTAL FM JAN 1    93    HIGHEST SLP M ON M
DPTR FM NORMAL     M    LOWEST  SLP M ON M

[REMARKS]
