000
CXUS51 KOKX 200703
CF6LGA
PRELIMINARY LOCAL CLIMATOLOGICAL DATA (WS FORM: F-6)

                                          STATION:   LAGUARDIA NY
                                          MONTH:     MAY
                                          YEAR:      2018
                                          LATITUDE:   40 46 N
                                          LONGITUDE:  73 54 W

  TEMPERATURE IN F:       :PCPN:    SNOW:  WIND      :SUNSHINE: SKY     :PK WND
================================================================================
1   2   3   4   5  6A  6B    7    8   9   10  11  12  13   14  15   16   17  18
                                     12Z  AVG MX 2MIN
DY MAX MIN AVG DEP HDD CDD  WTR  SNW DPTH SPD SPD DIR MIN PSBL S-S WX    SPD DR
================================================================================

 1  82  50  66   8   0   1 0.00  0.0    0  9.1 22 310   M    M   3        28 300
 2  90  65  78  20   0  13 0.00  0.0    0 12.8 24 250   M    M   5        35 250
 3  93  70  82  24   0  17 0.01  0.0    0 10.4 33 320   M    M   7        40 320
 4  84  68  76  17   0  11 0.00  0.0    0  9.2 28 260   M    M   7        35 240
 5  76  61  69  10   0   4    T  0.0    0 11.2 25 320   M    M   8        33 320
 6  68  54  61   2   4   0    T  0.0    0  8.0 18  40   M    M   9        24  60
 7  75  56  66   6   0   1 0.00  0.0    0  6.8 17 160   M    M   6        22 160
 8  72  54  63   3   2   0 0.00  0.0    0  6.4 10 180   M    M   2         M  M
 9  74  54  64   4   1   0 0.00  0.0    0  6.2 12 150   M    M   4        22 170
10  66  56  61   0   4   0 0.19  0.0    0  6.6 16 160   M    M   8 3      21 160
11  73  60  67   6   0   2    T  0.0    0 10.5 18 320   M    M   6        31 320
12  64  53  59  -2   6   0 0.20  0.0    0  8.6 15  40   M    M  10 1      20  60
13  56  52  54  -8  11   0 0.08  0.0    0  7.3 14  50   M    M  10 1      18  50
14  71  52  62   0   3   0 0.02  0.0    0  6.2 17 160   M    M   9 18     20 170
15  92  60  76  14   0  11 0.44  0.0    0  9.1 45 300   M    M   7 1238   54 300
16  65  55  60  -2   5   0 0.42  0.0    0  8.8 17 100   M    M  10 12     22 100
17  73  55  64   1   1   0 0.24  0.0    0  5.3 14  40   M    M  10 128    17  70
18  67  56  62  -1   3   0 0.00  0.0    0 12.6 23 100   M    M  10 1      30  70
19  56  50  53 -10  12   0 0.64  0.0    0 10.3 18  60   M    M  10 12     21  50
================================================================================
SM 1397 1081        52  60  2.24     0.0 165.4          M      141
================================================================================
AV 73.5 56.9                               8.7 FASTST   M    M   7    MAX(MPH)
                                 MISC ---->  # 45 300               # 54  300
================================================================================
NOTES:
# LAST OF SEVERAL OCCURRENCES

COLUMN 17 PEAK WIND IN M.P.H.

PRELIMINARY LOCAL CLIMATOLOGICAL DATA (WS FORM: F-6) , PAGE 2

                                          STATION:  LAGUARDIA NY
                                          MONTH:    MAY
                                          YEAR:     2018
                                          LATITUDE:   40 46 N
                                          LONGITUDE:  73 54 W

[TEMPERATURE DATA]      [PRECIPITATION DATA]       SYMBOLS USED IN COLUMN 16

AVERAGE MONTHLY: 65.2   TOTAL FOR MONTH:   2.24    1 = FOG OR MIST
DPTR FM NORMAL:   4.6   DPTR FM NORMAL:    0.07    2 = FOG REDUCING VISIBILITY
HIGHEST:    93 ON  3    GRTST 24HR  0.64 ON 19-19      TO 1/4 MILE OR LESS
LOWEST:     50 ON 19, 1                            3 = THUNDER
                        SNOW, ICE PELLETS, HAIL    4 = ICE PELLETS
                        TOTAL MONTH:   0.0 INCH    5 = HAIL
                        GRTST 24HR     0.0         6 = FREEZING RAIN OR DRIZZLE
                        GRTST DEPTH:   0           7 = DUSTSTORM OR SANDSTORM:
                                                       VSBY 1/2 MILE OR LESS
                                                   8 = SMOKE OR HAZE
[NO. OF DAYS WITH]      [WEATHER - DAYS WITH]      9 = BLOWING SNOW
                                                   X = TORNADO
MAX 32 OR BELOW:   0    0.01 INCH OR MORE:   9
MAX 90 OR ABOVE:   3    0.10 INCH OR MORE:   6
MIN 32 OR BELOW:   0    0.50 INCH OR MORE:   1
MIN  0 OR BELOW:   0    1.00 INCH OR MORE:   0

[HDD (BASE 65) ]
TOTAL THIS MO.    52    CLEAR  (SCALE 0-3)   2
DPTR FM NORMAL   -52    PTCLDY (SCALE 4-7)   9
TOTAL FM JUL 1  4396    CLOUDY (SCALE 8-10)  8
DPTR FM NORMAL  -222

[CDD (BASE 65) ]
TOTAL THIS MO.    60
DPTR FM NORMAL    37    [PRESSURE DATA]
TOTAL FM JAN 1    66    HIGHEST SLP M ON M
DPTR FM NORMAL    35    LOWEST  SLP 29.72 ON 15

[REMARKS]
