000
CXUS54 KLZK 221130
CF6LLQ
PRELIMINARY LOCAL CLIMATOLOGICAL DATA (WS FORM: F-6)

                                          STATION:   Monticello
                                          MONTH:     MAY
                                          YEAR:      2018
                                          LATITUDE:   33 37 N
                                          LONGITUDE:  91 45 W

  TEMPERATURE IN F:       :PCPN:    SNOW:  WIND      :SUNSHINE: SKY     :PK WND
================================================================================
1   2   3   4   5  6A  6B    7    8   9   10  11  12  13   14  15   16   17  18
                                     12Z  AVG MX 2MIN
DY MAX MIN AVG DEP HDD CDD  WTR  SNW DPTH SPD SPD DIR MIN PSBL S-S WX    SPD DR
================================================================================

 1  82  60  71   4   0   6 0.00  0.0    0  5.9 16 150   M    M   5        24 150
 2  88  66  77   9   0  12 0.00  0.0    0  7.4 18 200   M    M   4 18     26 190
 3  84  68  76   8   0  11 0.00  0.0    0  7.7 17 210   M    M   4        23 160
 4  80  65  73   5   0   8 0.01  0.0    0  5.4 13 220   M    M   4        18 270
 5  82  59  71   3   0   6 0.03  0.0    0  4.1 10 310   M    M   6        14 300
 6  88  59  74   5   0   9 0.02  0.0    0  5.9 21  40   M    M   1        33  50
 7  90  59  75   6   0  10 0.00  0.0    0  3.9 12 290   M    M   0        15 310
 8  91  62  77   8   0  12 0.00  0.0    0  2.8  9 200   M    M   0        16 210
 9  90  68  79   9   0  14 0.00  0.0    0  7.8 20 200   M    M   0        25 210
10  89  67  78   8   0  13 0.00  0.0    0  6.2 14 180   M    M   0        18 160
11  89  68  79   9   0  14 0.00  0.0    0  8.0 18 210   M    M   0        26 220
12  90  65  78   8   0  13 0.00  0.0    0  5.0 13 220   M    M   0        17 220
13  90  69  80   9   0  15 0.00  0.0    0  4.4 13 200   M    M   1        19 190
14  93  70  82  11   0  17 0.00  0.0    0  5.1 13 250   M    M   0        18 210
15  90  68  79   8   0  14 0.00  0.0    0  3.2 10 270   M    M   0        14 300
16  90  67  79   7   0  14 0.09  0.0    0  5.1 17 310   M    M   2 13     26 330
17  84  67  76   4   0  11 0.09  0.0    0  4.0 13 280   M    M   5 13     19 290
18  90  63  77   5   0  12 0.00  0.0    0  1.5  8 210   M    M   2 1      10 190
19  92  69  81   9   0  16 0.00  0.0    0  5.4 14 210   M    M   0        18 210
20  92  69  81   9   0  16 0.00  0.0    0  3.4 12  90   M    M   1 1      17  90
21  87  69  78   5   0  13    T  0.0    0  4.6 14 320   M    M   3 3      21 350
================================================================================
SM 1851 1377         0 256  0.24     0.0 106.8          M       38
================================================================================
AV 88.1 65.6                               5.1 FASTST   M    M   2    MAX(MPH)
                                 MISC ---->  # 21  40               # 33   50
================================================================================
NOTES:
# LAST OF SEVERAL OCCURRENCES

COLUMN 17 PEAK WIND IN M.P.H.

PRELIMINARY LOCAL CLIMATOLOGICAL DATA (WS FORM: F-6) , PAGE 2

                                          STATION:  Monticello
                                          MONTH:    MAY
                                          YEAR:     2018
                                          LATITUDE:   33 37 N
                                          LONGITUDE:  91 45 W

[TEMPERATURE DATA]      [PRECIPITATION DATA]       SYMBOLS USED IN COLUMN 16

AVERAGE MONTHLY: 76.9   TOTAL FOR MONTH:   0.24    1 = FOG OR MIST
DPTR FM NORMAL:   6.8   DPTR FM NORMAL:   -3.25    2 = FOG REDUCING VISIBILITY
HIGHEST:    93 ON 14    GRTST 24HR  0.09 ON 17-17      TO 1/4 MILE OR LESS
LOWEST:     59 ON  7, 6                            3 = THUNDER
                        SNOW, ICE PELLETS, HAIL    4 = ICE PELLETS
                        TOTAL MONTH:   0.0 INCH    5 = HAIL
                        GRTST 24HR     0.0         6 = FREEZING RAIN OR DRIZZLE
                        GRTST DEPTH:   0           7 = DUSTSTORM OR SANDSTORM:
                                                       VSBY 1/2 MILE OR LESS
                                                   8 = SMOKE OR HAZE
[NO. OF DAYS WITH]      [WEATHER - DAYS WITH]      9 = BLOWING SNOW
                                                   X = TORNADO
MAX 32 OR BELOW:   0    0.01 INCH OR MORE:   5
MAX 90 OR ABOVE:  11    0.10 INCH OR MORE:   0
MIN 32 OR BELOW:   0    0.50 INCH OR MORE:   0
MIN  0 OR BELOW:   0    1.00 INCH OR MORE:   0

[HDD (BASE 65) ]
TOTAL THIS MO.     0    CLEAR  (SCALE 0-3)  14
DPTR FM NORMAL   -19    PTCLDY (SCALE 4-7)   7
TOTAL FM JUL 1  2592    CLOUDY (SCALE 8-10)  0
DPTR FM NORMAL  -107

[CDD (BASE 65) ]
TOTAL THIS MO.   256
DPTR FM NORMAL   130    [PRESSURE DATA]
TOTAL FM JAN 1   328    HIGHEST SLP M ON M
DPTR FM NORMAL    96    LOWEST  SLP 29.79 ON 18

[REMARKS]
ALL SNOWFALL DATA IS FROM THE UNIVERSITY OF ARKANSAS AT MONTICELLO COOPERATIVE OBSERVER SITE
