243
CXUS56 KMTR 261000
CF6LVK
PRELIMINARY LOCAL CLIMATOLOGICAL DATA (WS FORM: F-6)

                                          STATION:   LIVERMORE AIRPORT
                                          MONTH:     MAY
                                          YEAR:      2018
                                          LATITUDE:   37 42 N
                                          LONGITUDE: 121 49 W

  TEMPERATURE IN F:       :PCPN:    SNOW:  WIND      :SUNSHINE: SKY     :PK WND
================================================================================
1   2   3   4   5  6A  6B    7    8   9   10  11  12  13   14  15   16   17  18
                                     12Z  AVG MX 2MIN
DY MAX MIN AVG DEP HDD CDD  WTR  SNW DPTH SPD SPD DIR MIN PSBL S-S WX    SPD DR
================================================================================

 1  72  45  59  -1   6   0 0.00  0.0    0  6.7 20 260   M    M   2        24 270
 2  73  46  60   0   5   0 0.00  0.0    0  7.7 21 280   M    M   1        24 280
 3  72  49  61   1   4   0 0.00  0.0    0  9.0 16 290   M    M   4 18     19 290
 4  83  47  65   5   0   0 0.00  0.0    0  5.0 15 290   M    M   3 1      18 290
 5  76  49  63   2   2   0 0.00  0.0    0  7.2 21 280   M    M   0        25 280
 6  68  48  58  -3   7   0 0.00  0.0    0  7.9 15 290   M    M   1        21 270
 7  81  48  65   4   0   0 0.00  0.0    0  6.3 17 280   M    M   0        20 290
 8  79  50  65   4   0   0 0.00  0.0    0  7.0 20 280   M    M   0        24 270
 9  72  53  63   2   2   0 0.00  0.0    0  9.1 18 260   M    M   4        22 250
10  75  49  62   0   3   0 0.00  0.0    0  6.7 17 300   M    M   1        21 180
11  80  48  64   2   1   0 0.00  0.0    0  6.9 18 350   M    M   0        24 340
12  79  53  66   4   0   1 0.00  0.0    0  9.5 20 260   M    M   0        24 270
13  71  51  61  -1   4   0 0.00  0.0    0 10.8 22 290   M    M   0        27 270
14  67  50  59  -3   6   0 0.00  0.0    0 12.7 22 280   M    M   4        27 290
15  68  54  61  -1   4   0 0.00  0.0    0 12.4 24 270   M    M   5        29 270
16  68  52  60  -2   5   0 0.00  0.0    0  9.9 20 270   M    M   6        24 260
17  72  51  62  -1   3   0 0.00  0.0    0  9.4 18 270   M    M   5        23 290
18  71  51  61  -2   4   0 0.00  0.0    0 10.8 22 280   M    M   6        25 290
19  65  51  58  -5   7   0 0.00  0.0    0 12.3 22 260   M    M   5        25 260
20  64  52  58  -5   7   0 0.00  0.0    0 13.2 20 260   M    M   8        25 240
21  75  51  63   0   2   0 0.00  0.0    0  9.4 20 290   M    M   3        23 290
22  66  53  60  -3   5   0 0.00  0.0    0 12.1 23 280   M    M   7        27 270
23  66  53  60  -3   5   0 0.00  0.0    0 12.8 22 290   M    M   7        27 280
24  66  52  59  -5   6   0 0.00  0.0    0 12.4 22 270   M    M   9        27 280
25  65  52  59  -5   6   0    T  0.0    0  8.4 18 270   M    M   9        22 280
================================================================================
SM 1794 1258        94   1    T      0.0 235.6          M       90
================================================================================
AV 71.8 50.3                               9.4 FASTST   M    M   4    MAX(MPH)
                                 MISC ---->  # 24 270               # 29  270
================================================================================
NOTES:
# LAST OF SEVERAL OCCURRENCES

COLUMN 17 PEAK WIND IN M.P.H.

PRELIMINARY LOCAL CLIMATOLOGICAL DATA (WS FORM: F-6) , PAGE 2

                                          STATION:  LIVERMORE AIRPORT
                                          MONTH:    MAY
                                          YEAR:     2018
                                          LATITUDE:   37 42 N
                                          LONGITUDE: 121 49 W

[TEMPERATURE DATA]      [PRECIPITATION DATA]       SYMBOLS USED IN COLUMN 16

AVERAGE MONTHLY: 61.0   TOTAL FOR MONTH:      T    1 = FOG OR MIST
DPTR FM NORMAL:  -0.9   DPTR FM NORMAL:   -0.56    2 = FOG REDUCING VISIBILITY
HIGHEST:    83 ON  4    GRTST 24HR    T  ON 25-25      TO 1/4 MILE OR LESS
LOWEST:     45 ON  1                               3 = THUNDER
                        SNOW, ICE PELLETS, HAIL    4 = ICE PELLETS
                        TOTAL MONTH:   0.0 INCH    5 = HAIL
                        GRTST 24HR     0.0         6 = FREEZING RAIN OR DRIZZLE
                        GRTST DEPTH:   0           7 = DUSTSTORM OR SANDSTORM:
                                                       VSBY 1/2 MILE OR LESS
                                                   8 = SMOKE OR HAZE
[NO. OF DAYS WITH]      [WEATHER - DAYS WITH]      9 = BLOWING SNOW
                                                   X = TORNADO
MAX 32 OR BELOW:   0    0.01 INCH OR MORE:   0
MAX 90 OR ABOVE:   0    0.10 INCH OR MORE:   0
MIN 32 OR BELOW:   0    0.50 INCH OR MORE:   0
MIN  0 OR BELOW:   0    1.00 INCH OR MORE:   0

[HDD (BASE 65) ]
TOTAL THIS MO.    94    CLEAR  (SCALE 0-3)  11
DPTR FM NORMAL   -16    PTCLDY (SCALE 4-7)  12
TOTAL FM JUL 1  2432    CLOUDY (SCALE 8-10)  2
DPTR FM NORMAL  -300

[CDD (BASE 65) ]
TOTAL THIS MO.     1
DPTR FM NORMAL   -35    [PRESSURE DATA]
TOTAL FM JAN 1     5    HIGHEST SLP M ON M
DPTR FM NORMAL   -40    LOWEST  SLP 29.74 ON 11

[REMARKS]
