000
CXUS54 KFWD 190730
CF6MKN
PRELIMINARY LOCAL CLIMATOLOGICAL DATA (WS FORM: F-6)

                                          STATION:   COMANCHE
                                          MONTH:     APRIL
                                          YEAR:      2018
                                          LATITUDE:   31 55 N
                                          LONGITUDE:  98 36 W

  TEMPERATURE IN F:       :PCPN:    SNOW:  WIND      :SUNSHINE: SKY     :PK WND
================================================================================
1   2   3   4   5  6A  6B    7    8   9   10  11  12  13   14  15   16   17  18
                                     12Z  AVG MX 2MIN
DY MAX MIN AVG DEP HDD CDD  WTR  SNW DPTH SPD SPD DIR MIN PSBL S-S WX    SPD DR
================================================================================

 1  74  45  60   M   5   0 0.00  0.0    0  8.0 15  10   M    M   3        21  10
 2  67  42  55   M  10   0    T  0.0    0  6.4 15 170   M    M   7 1      23 170
 3  84  47  66   M   0   1 0.00  0.0    0 17.1 29 360   M    M   4        37 360
 4  66  37  52   M  13   0 0.00  0.0    0  8.4 12 110   M    M   0        16  90
 5  83  46  65   M   0   0 0.00  0.0    0 11.9 20 200   M    M   2        25 190
 6  86  47  67   M   0   2 0.00  0.0    0 12.3 23 360   M    M   6        32  10
 7  47  31  39   M  26   0    M  0.0    0 14.0 22 360   M    M  10 1      30 360
 8  73  37  55   M  10   0 0.00  0.0    0  7.0 15 100   M    M   6        23 100
 9  63  48  56   M   9   0 0.00  0.0    0  5.4  8  30   M    M   8 1       M  M
10  72  44  58   M   7   0 0.00  0.0    0  4.6  7  60   M    M   0         M  M
11  83  45  64   M   1   0 0.00  0.0    0 12.2 22 180   M    M   0        29 190
12  91  60  76   M   0  11 0.00  0.0    0 15.3 23 180   M    M   0        32 160
13  92  58  75   M   0  10 0.00  0.0    0 15.9 31 330   M    M   8 38     40 330
14  64  45  55   M  10   0 0.00  0.0    0 15.1 25 320   M    M   0        39 330
15  70  35  53   M  12   0 0.00  0.0    0  7.2 14 340   M    M   0        22 350
16  86  47  67   M   0   2 0.00  0.0    0 12.5 20 180   M    M   0        32 190
17  92  60  76   M   0  11 0.00  0.0    0 14.8 24 190   M    M   0        33 190
18  76  57  67   M   0   2 0.00  0.0    0 12.8 22 360   M    M   1        32 360
================================================================================
SM 1369  831       103  39    T      0.0 200.9          M       55
================================================================================
AV 76.1 46.2                              11.2 FASTST   M    M   3    MAX(MPH)
                                 MISC ---->  # 31 330               # 40  330
================================================================================
NOTES:
# LAST OF SEVERAL OCCURRENCES

COLUMN 17 PEAK WIND IN M.P.H.

PRELIMINARY LOCAL CLIMATOLOGICAL DATA (WS FORM: F-6) , PAGE 2

                                          STATION:  COMANCHE
                                          MONTH:    APRIL
                                          YEAR:     2018
                                          LATITUDE:   31 55 N
                                          LONGITUDE:  98 36 W

[TEMPERATURE DATA]      [PRECIPITATION DATA]       SYMBOLS USED IN COLUMN 16

AVERAGE MONTHLY: 61.1   TOTAL FOR MONTH:      T    1 = FOG OR MIST
DPTR FM NORMAL:     M   DPTR FM NORMAL:   -1.35    2 = FOG REDUCING VISIBILITY
HIGHEST:    92 ON 17,13 GRTST 24HR    T  ON  2- 2      TO 1/4 MILE OR LESS
LOWEST:     31 ON  7                               3 = THUNDER
                        SNOW, ICE PELLETS, HAIL    4 = ICE PELLETS
                        TOTAL MONTH:   0.0 INCH    5 = HAIL
                        GRTST 24HR     0.0         6 = FREEZING RAIN OR DRIZZLE
                        GRTST DEPTH:   0           7 = DUSTSTORM OR SANDSTORM:
                                                       VSBY 1/2 MILE OR LESS
                                                   8 = SMOKE OR HAZE
[NO. OF DAYS WITH]      [WEATHER - DAYS WITH]      9 = BLOWING SNOW
                                                   X = TORNADO
MAX 32 OR BELOW:   0    0.01 INCH OR MORE:   0
MAX 90 OR ABOVE:   3    0.10 INCH OR MORE:   0
MIN 32 OR BELOW:   1    0.50 INCH OR MORE:   0
MIN  0 OR BELOW:   0    1.00 INCH OR MORE:   0

[HDD (BASE 65) ]
TOTAL THIS MO.   103    CLEAR  (SCALE 0-3)  10
DPTR FM NORMAL     M    PTCLDY (SCALE 4-7)   7
TOTAL FM JUL 1  2073    CLOUDY (SCALE 8-10)  1
DPTR FM NORMAL     M

[CDD (BASE 65) ]
TOTAL THIS MO.    39
DPTR FM NORMAL     M    [PRESSURE DATA]
TOTAL FM JAN 1   125    HIGHEST SLP M ON M
DPTR FM NORMAL     M    LOWEST  SLP M ON M

[REMARKS]
