000
CXUS55 KABR 251400
CF6PIR
PRELIMINARY LOCAL CLIMATOLOGICAL DATA (WS FORM: F-6)

                                          STATION:   PIERRE SD
                                          MONTH:     MAY
                                          YEAR:      2018
                                          LATITUDE:   44 22 N
                                          LONGITUDE: 100 17 W

  TEMPERATURE IN F:       :PCPN:    SNOW:  WIND      :SUNSHINE: SKY     :PK WND
================================================================================
1   2   3   4   5  6A  6B    7    8   9   10  11  12  13   14  15   16   17  18
                                     12Z  AVG MX 2MIN
DY MAX MIN AVG DEP HDD CDD  WTR  SNW DPTH SPD SPD DIR MIN PSBL S-S WX    SPD DR
================================================================================

 1  55  42  49  -4  16   0 0.00  0.0    0  7.8 21 340   M    M   7        26 360
 2  70  35  53  -1  12   0 0.00  0.0    0  4.1 15 260   M    M   2 1      19 240
 3  74  39  57   3   8   0 0.00  0.0    0  6.2 16 330   M    M   3        20 120
 4  83  44  64  10   1   0 0.00  0.0    0  8.3 20 300   M    M   1 8      23 290
 5  84  51  68  13   0   3    T  0.0    0 11.0 30 340   M    M   2        37 350
 6  80  44  62   7   3   0    T  0.0    0  6.6 20 170   M    M   0        25 180
 7  88  55  72  17   0   7 0.14  0.0    0 16.0 38 260   M    M   1 3      46 260
 8  77  52  65   9   0   0    T  0.0    0 11.7 22 350   M    M   1 3      26 310
 9  78  49  64   8   1   0 0.00  0.0    0 13.0 30 310   M    M   2 1      40 330
10  52  40  46 -10  19   0 0.16  0.0    0 15.0 25  90   M    M   7 1      31  80
11  48  42  45 -11  20   0 0.08  0.0    0 11.1 23 100   M    M  10 1      26 100
12  56  46  51  -6  14   0 0.12  0.0    0  8.7 15  80   M    M  10 1      19  50
13  64  49  57   0   8   0 0.00  0.0    0  4.8 13 320   M    M  10        15 320
14  76  54  65   8   0   0 0.00  0.0    0  5.5 14 310   M    M   5        20 310
15  80  50  65   7   0   0 0.00  0.0    0  9.0 20 170   M    M   1        26 150
16  86  54  70  12   0   5 0.00  0.0    0  8.6 21 200   M    M   1        27 200
17  89  56  73  15   0   8 1.26  0.0    0 19.6 48 330   M    M   0 138    61 350
18  73  48  61   2   4   0 0.12  0.0    0 13.1 25  10   M    M   5 1      30  10
19  66  46  56  -3   9   0    T  0.0    0 16.9 30  30   M    M   5        36  30
20  68  41  55  -4  10   0 0.00  0.0    0  7.7 15 110   M    M   2        19  30
21  75  45  60   0   5   0 0.00  0.0    0  5.2 12 140   M    M   2        14 140
22  82  52  67   7   0   2 0.00  0.0    0  9.2 18 120   M    M   0 1      24 120
23  84  62  73  13   0   8 0.73  0.0    0 11.8 31 250   M    M   2 13     43 240
24  85  62  74  14   0   9 0.00  0.0    0  8.5 18 280   M    M   0        24 240
================================================================================
SM 1773 1158       130  42  2.61     0.0 239.4          M       79
================================================================================
AV 73.9 48.3                              10.0 FASTST   M    M   3    MAX(MPH)
                                 MISC ---->  # 48 330               # 61  350
================================================================================
NOTES:
# LAST OF SEVERAL OCCURRENCES

COLUMN 17 PEAK WIND IN M.P.H.

PRELIMINARY LOCAL CLIMATOLOGICAL DATA (WS FORM: F-6) , PAGE 2

                                          STATION:  PIERRE SD
                                          MONTH:    MAY
                                          YEAR:     2018
                                          LATITUDE:   44 22 N
                                          LONGITUDE: 100 17 W

[TEMPERATURE DATA]      [PRECIPITATION DATA]       SYMBOLS USED IN COLUMN 16

AVERAGE MONTHLY: 61.1   TOTAL FOR MONTH:   2.61    1 = FOG OR MIST
DPTR FM NORMAL:   4.1   DPTR FM NORMAL:    0.26    2 = FOG REDUCING VISIBILITY
HIGHEST:    89 ON 17    GRTST 24HR  1.26 ON 17-17      TO 1/4 MILE OR LESS
LOWEST:     35 ON  2                               3 = THUNDER
                        SNOW, ICE PELLETS, HAIL    4 = ICE PELLETS
                        TOTAL MONTH:   0.0 INCH    5 = HAIL
                        GRTST 24HR     0.0         6 = FREEZING RAIN OR DRIZZLE
                        GRTST DEPTH:   0           7 = DUSTSTORM OR SANDSTORM:
                                                       VSBY 1/2 MILE OR LESS
                                                   8 = SMOKE OR HAZE
[NO. OF DAYS WITH]      [WEATHER - DAYS WITH]      9 = BLOWING SNOW
                                                   X = TORNADO
MAX 32 OR BELOW:   0    0.01 INCH OR MORE:   7
MAX 90 OR ABOVE:   0    0.10 INCH OR MORE:   6
MIN 32 OR BELOW:   0    0.50 INCH OR MORE:   2
MIN  0 OR BELOW:   0    1.00 INCH OR MORE:   1

[HDD (BASE 65) ]
TOTAL THIS MO.   130    CLEAR  (SCALE 0-3)  16
DPTR FM NORMAL   -83    PTCLDY (SCALE 4-7)   5
TOTAL FM JUL 1  7645    CLOUDY (SCALE 8-10)  3
DPTR FM NORMAL   442

[CDD (BASE 65) ]
TOTAL THIS MO.    42
DPTR FM NORMAL    20    [PRESSURE DATA]
TOTAL FM JAN 1    43    HIGHEST SLP M ON M
DPTR FM NORMAL    17    LOWEST  SLP 29.67 ON  1

[REMARKS]
