000
CXUS51 KRLX 191144
CF6PKB
PRELIMINARY LOCAL CLIMATOLOGICAL DATA (WS FORM: F-6)
STATION: PARKERSBURG WV
MONTH: APRIL
YEAR: 2024
LATITUDE: 39 20 N
LONGITUDE: 81 26 W
TEMPERATURE IN F: :PCPN: SNOW: WIND :SUNSHINE: SKY :PK WND
================================================================================
1 2 3 4 5 6A 6B 7 8 9 10 11 12 13 14 15 16 17 18
12Z AVG MX 2MIN
DY MAX MIN AVG DEP HDD CDD WTR SNW DPTH SPD SPD DIR MIN PSBL S-S WX SPD DR
================================================================================
1 69 55 62 13 3 0 0.15 M M 4.5 16 310 M M 9 13 23 310
2 71 58 65 15 0 0 1.73 M M 8.1 18 210 M M 8 13 35 200
3 61 40 51 1 14 0 0.18 M M 8.7 18 200 M M 9 35 260
4 47 35 41 -9 24 0 0.19 M M 7.5 21 290 M M 9 1 40 310
5 46 37 42 -9 23 0 0.08 M M 7.6 21 320 M M 8 1 30 310
6 53 36 45 -6 20 0 0.00 M M 5.4 14 320 M M 8 20 320
7 65 29 47 -5 18 0 0.00 M M 2.5 12 70 M M 0 1 18 50
8 79 46 63 11 2 0 0.05 M M 5.7 17 190 M M 6 24 230
9 73 M M M M M 0.06 M M 7.6 20 200 M M 7 1 28 200
10 65 56 61 8 4 0 0.02 M M 4.4 12 180 M M 10 1 15 170
11 66 55 61 8 4 0 1.37 M M 5.3 22 260 M M 9 123 37 290
12 55 48 52 -2 13 0 0.17 M M 11.6 22 260 M M 10 1 39 270
13 66 45 56 2 9 0 0.00 M M 9.3 23 310 M M 0 37 330
14 83 41 62 8 3 0 0.00 M M 8.7 24 260 M M 0 39 260
15 84 63 74 19 0 9 0.00 M M 6.8 14 310 M M 4 24 250
16 86 49 68 13 0 3 0.00 M M 5.9 15 160 M M 0 26 150
17 84 59 72 17 0 7 0.93 M M 7.6 25 310 M M 5 3 43 200
18 77 53 65 9 0 0 0.00 M M 3.4 12 320 M M 1 19 330
================================================================================
SM 1230 805 137 19 4.93 M 120.6 M 103
================================================================================
AV 68.3 47.4 6.7 FASTST M M 6 MAX(MPH)
MISC ----> 25 310 43 200
================================================================================
NOTES:
# LAST OF SEVERAL OCCURRENCES
COLUMN 17 PEAK WIND IN M.P.H.
PRELIMINARY LOCAL CLIMATOLOGICAL DATA (WS FORM: F-6) , PAGE 2
STATION: PARKERSBURG WV
MONTH: APRIL
YEAR: 2024
LATITUDE: 39 20 N
LONGITUDE: 81 26 W
[TEMPERATURE DATA] [PRECIPITATION DATA] SYMBOLS USED IN COLUMN 16
AVERAGE MONTHLY: 57.8 TOTAL FOR MONTH: 4.93 1 = FOG OR MIST
DPTR FM NORMAL: 5.3 DPTR FM NORMAL: 2.84 2 = FOG REDUCING VISIBILITY
HIGHEST: 86 ON 16 GRTST 24HR 1.84 ON 2- 3 TO 1/4 MILE OR LESS
LOWEST: 29 ON 7 3 = THUNDER
SNOW, ICE PELLETS, HAIL 4 = ICE PELLETS
TOTAL MONTH: M 5 = HAIL
GRTST 24HR M ON M 6 = FREEZING RAIN OR DRIZZLE
GRTST DEPTH: M ON M 7 = DUSTSTORM OR SANDSTORM:
VSBY 1/2 MILE OR LESS
8 = SMOKE OR HAZE
[NO. OF DAYS WITH] [WEATHER - DAYS WITH] 9 = BLOWING SNOW
X = TORNADO
MAX 32 OR BELOW: 0 0.01 INCH OR MORE: 11
MAX 90 OR ABOVE: 0 0.10 INCH OR MORE: 7
MIN 32 OR BELOW: 1 0.50 INCH OR MORE: 3
MIN 0 OR BELOW: 0 1.00 INCH OR MORE: 2
[HDD (BASE 65) ]
TOTAL THIS MO. 137 CLEAR (SCALE 0-3) 5
DPTR FM NORMAL -95 PTCLDY (SCALE 4-7) 4
TOTAL FM JUL 1 3878 CLOUDY (SCALE 8-10) 9
DPTR FM NORMAL -765
[CDD (BASE 65) ]
TOTAL THIS MO. 19
DPTR FM NORMAL 14 [PRESSURE DATA]
TOTAL FM JAN 1 19 HIGHEST SLP M ON M
DPTR FM NORMAL 12 LOWEST SLP 29.23 ON 11
[REMARKS]