000
CXUS51 KGYX 240900
CF6PWM
PRELIMINARY LOCAL CLIMATOLOGICAL DATA (WS FORM: F-6)

                                          STATION:   PORTLAND ME
                                          MONTH:     APRIL
                                          YEAR:      2018
                                          LATITUDE:   43 39 N
                                          LONGITUDE:  70 19 W

  TEMPERATURE IN F:       :PCPN:    SNOW:  WIND      :SUNSHINE: SKY     :PK WND
================================================================================
1   2   3   4   5  6A  6B    7    8   9   10  11  12  13   14  15   16   17  18
                                     12Z  AVG MX 2MIN
DY MAX MIN AVG DEP HDD CDD  WTR  SNW DPTH SPD SPD DIR MIN PSBL S-S WX    SPD DR
================================================================================

 1  57  31  44   5  21   0 0.00  0.0    0 13.2 31 290   M    M   6        37 300
 2  38  27  33  -6  32   0 0.09  0.1    0  4.2 13  80   M    M   5 1      17  90
 3  45  28  37  -3  28   0 0.17    T    0  8.0 25 170   M    M   7 1      33 160
 4  44  37  41   1  24   0 0.66    T    0  7.2 22 270   M    M   8 13     34 240
 5  40  26  33  -7  32   0 0.00  0.0    0 16.1 30 290   M    M   1        45 290
 6  40  23  32  -9  33   0 0.14  0.5    0  9.9 25 180   M    M   6 18     34 170
 7  46  30  38  -3  27   0 0.06    T    T  9.5 24 290   M    M   6 1      30 290
 8  44  26  35  -6  30   0 0.00  0.0    0  9.0 20 330   M    M   5        29 330
 9  43  26  35  -7  30   0    T  0.0    0  9.3 18 300   M    M   3 1      27 330
10  40  27  34  -8  31   0 0.00  0.0    0  9.6 16  80   M    M   5        20  90
11  45  25  35  -7  30   0 0.00  0.0    0  8.5 21 180   M    M   6 1      27 170
12  50  28  39  -4  26   0 0.18  0.0    0  9.1 23 160   M    M   6 1      30 160
13  62  42  52   9  13   0 0.05  0.0    0  6.4 20  90   M    M   6 1      30 180
14  48  32  40  -4  25   0    T    M    0 10.0 21 350   M    M  10        28 330
15  33  27  30 -14  35   0 0.10  0.1    T 10.8 18  30   M    M  10 146    31  30
16  47  33  40  -4  25   0 2.40    T    T 22.6 37  90   M    M  10 168    52  60
17  47  37  42  -3  23   0    T  0.0    0  8.4 20 280   M    M   8 12     26 290
18  53  34  44  -1  21   0 0.00  0.0    0 11.2 24 290   M    M   7        33 290
19  48  38  43  -2  22   0 0.02  0.0    0  6.8 16 310   M    M   9        21 150
20  52  35  44  -2  21   0    T  0.0    0 14.9 29 320   M    M   6        39 340
21  57  31  44  -2  21   0 0.00  0.0    0  9.3 21 340   M    M   1        31 320
22  60  32  46   0  19   0 0.00  0.0    0  9.3 21 340   M    M   0        28 330
23  62  32  47   0  18   0 0.00  0.0    0  8.4 21 180   M    M   1        29 170
================================================================================
SM 1101  707       587   0  3.87     0.7 231.7          M      132
================================================================================
AV 47.9 30.7                              10.1 FASTST   M    M   6    MAX(MPH)
                                 MISC ---->  # 37  90               # 52   60
================================================================================
NOTES:
# LAST OF SEVERAL OCCURRENCES

COLUMN 17 PEAK WIND IN M.P.H.

PRELIMINARY LOCAL CLIMATOLOGICAL DATA (WS FORM: F-6) , PAGE 2

                                          STATION:  PORTLAND ME
                                          MONTH:    APRIL
                                          YEAR:     2018
                                          LATITUDE:   43 39 N
                                          LONGITUDE:  70 19 W

[TEMPERATURE DATA]      [PRECIPITATION DATA]       SYMBOLS USED IN COLUMN 16

AVERAGE MONTHLY: 39.3   TOTAL FOR MONTH:   3.87    1 = FOG OR MIST
DPTR FM NORMAL:  -3.5   DPTR FM NORMAL:    0.56    2 = FOG REDUCING VISIBILITY
HIGHEST:    62 ON 23,13 GRTST 24HR  2.40 ON 16-16      TO 1/4 MILE OR LESS
LOWEST:     23 ON  6                               3 = THUNDER
                        SNOW, ICE PELLETS, HAIL    4 = ICE PELLETS
                        TOTAL MONTH:   0.7 INCH    5 = HAIL
                        GRTST 24HR   0.5 ON  6- 6  6 = FREEZING RAIN OR DRIZZLE
                        GRTST DEPTH:   0           7 = DUSTSTORM OR SANDSTORM:
                                                       VSBY 1/2 MILE OR LESS
                                                   8 = SMOKE OR HAZE
[NO. OF DAYS WITH]      [WEATHER - DAYS WITH]      9 = BLOWING SNOW
                                                   X = TORNADO
MAX 32 OR BELOW:   0    0.01 INCH OR MORE:  10
MAX 90 OR ABOVE:   0    0.10 INCH OR MORE:   6
MIN 32 OR BELOW:  16    0.50 INCH OR MORE:   2
MIN  0 OR BELOW:   0    1.00 INCH OR MORE:   1

[HDD (BASE 65) ]
TOTAL THIS MO.   587    CLEAR  (SCALE 0-3)   5
DPTR FM NORMAL    77    PTCLDY (SCALE 4-7)  14
TOTAL FM JUL 1  6247    CLOUDY (SCALE 8-10)  4
DPTR FM NORMAL  -281

[CDD (BASE 65) ]
TOTAL THIS MO.     0
DPTR FM NORMAL     0    [PRESSURE DATA]
TOTAL FM JAN 1     0    HIGHEST SLP M ON M
DPTR FM NORMAL     0    LOWEST  SLP 29.31 ON  4

[REMARKS]
