000
CXUS54 KFWD 260730
CF6SEP
PRELIMINARY LOCAL CLIMATOLOGICAL DATA (WS FORM: F-6)

                                          STATION:   STEPHENVILLE
                                          MONTH:     APRIL
                                          YEAR:      2018
                                          LATITUDE:   32 13 N
                                          LONGITUDE:  98 11 W

  TEMPERATURE IN F:       :PCPN:    SNOW:  WIND      :SUNSHINE: SKY     :PK WND
================================================================================
1   2   3   4   5  6A  6B    7    8   9   10  11  12  13   14  15   16   17  18
                                     12Z  AVG MX 2MIN
DY MAX MIN AVG DEP HDD CDD  WTR  SNW DPTH SPD SPD DIR MIN PSBL S-S WX    SPD DR
================================================================================

 1  73  46  60   1   5   0 0.00  0.0    0  9.4 16 360   M    M   4        21 360
 2  65  42  54  -6  11   0 0.00  0.0    0  4.5 13 170   M    M   7        17 170
 3  84  47  66   6   0   1 0.00  0.0    0 15.3 29 340   M    M   5        36 330
 4  66  40  53  -7  12   0 0.00  0.0    0  8.2 15  60   M    M   0        17 350
 5  81  45  63   3   2   0 0.00  0.0    0  9.5 16 180   M    M   2        25 180
 6  87  47  67   6   0   2 0.00  0.0    0 13.4 28 360   M    M   5        37 360
 7  47  32  40 -21  25   0 0.00  0.0    0 12.1 21 350   M    M  10        31 350
 8  66  33  50 -11  15   0 0.00  0.0    0  5.4 15  90   M    M   4        20  90
 9  66  45  56  -6   9   0 0.00  0.0    0  4.7 13  50   M    M   6         M  M
10  73  45  59  -3   6   0 0.00  0.0    0  4.6  8  20   M    M   0        10  70
11  82  45  64   2   1   0 0.00  0.0    0  8.9 21 180   M    M   0        27 180
12  89  57  73  11   0   8 0.00  0.0    0 15.2 21 160   M    M   1        30 170
13   M   M   M   M   M   M    M    M    M   M   M   M   M    M   M         M  M
14   M   M   M   M   M   M    M    M    M   M   M   M   M    M   M         M  M
15   M   M   M   M   M   M    M    M    M   M   M   M   M    M   M         M  M
16  84  42  63  -1   2   0 0.00  0.0    0  9.8 17 210   M    M   0        27 190
17  91  55  73   9   0   8 0.00  0.0    0 13.1 20 210   M    M   0        28 200
18  76  50  63  -1   2   0 0.00  0.0    0 11.6 23 350   M    M   0        31 350
19  73  45  59  -5   6   0 0.00  0.0    0  7.6 15  40   M    M   0        18  50
20  70  48  59  -6   6   0 0.00  0.0    0 10.7 18 120   M    M   1        25 120
21  79  51  65   0   0   0 0.00  0.0    0 13.3 24 340   M    M   8        35 340
22  70  50  60  -5   5   0 0.00  0.0    0 11.2 17 340   M    M   4        24 350
23  78  47  63  -3   2   0 0.00  0.0    0  6.0 13 360   M    M   0        20 360
24  85  51  68   2   0   3 0.04  0.0    0  4.5 12 120   M    M   1         M  M
25  68  45  57  -9   8   0 0.00  0.0    0 10.3 24 340   M    M   5        33 340
================================================================================
SM 1653 1008       117  22  0.04     0.0 209.3          M       63
================================================================================
AV 75.1 45.8                               9.5 FASTST   M    M   3    MAX(MPH)
                                 MISC ---->  # 29 340               # 37  360
================================================================================
NOTES:
# LAST OF SEVERAL OCCURRENCES

COLUMN 17 PEAK WIND IN M.P.H.

PRELIMINARY LOCAL CLIMATOLOGICAL DATA (WS FORM: F-6) , PAGE 2

                                          STATION:  STEPHENVILLE
                                          MONTH:    APRIL
                                          YEAR:     2018
                                          LATITUDE:   32 13 N
                                          LONGITUDE:  98 11 W

[TEMPERATURE DATA]      [PRECIPITATION DATA]       SYMBOLS USED IN COLUMN 16

AVERAGE MONTHLY: 60.5   TOTAL FOR MONTH:   0.04    1 = FOG OR MIST
DPTR FM NORMAL:  -2.2   DPTR FM NORMAL:   -1.94    2 = FOG REDUCING VISIBILITY
HIGHEST:    91 ON 17    GRTST 24HR  0.04 ON 24-24      TO 1/4 MILE OR LESS
LOWEST:     32 ON  7                               3 = THUNDER
                        SNOW, ICE PELLETS, HAIL    4 = ICE PELLETS
                        TOTAL MONTH:   0.0 INCH    5 = HAIL
                        GRTST 24HR     0.0         6 = FREEZING RAIN OR DRIZZLE
                        GRTST DEPTH:   0           7 = DUSTSTORM OR SANDSTORM:
                                                       VSBY 1/2 MILE OR LESS
                                                   8 = SMOKE OR HAZE
[NO. OF DAYS WITH]      [WEATHER - DAYS WITH]      9 = BLOWING SNOW
                                                   X = TORNADO
MAX 32 OR BELOW:   0    0.01 INCH OR MORE:   1
MAX 90 OR ABOVE:   1    0.10 INCH OR MORE:   0
MIN 32 OR BELOW:   1    0.50 INCH OR MORE:   0
MIN  0 OR BELOW:   0    1.00 INCH OR MORE:   0

[HDD (BASE 65) ]
TOTAL THIS MO.   117    CLEAR  (SCALE 0-3)  12
DPTR FM NORMAL     5    PTCLDY (SCALE 4-7)   9
TOTAL FM JUL 1  2219    CLOUDY (SCALE 8-10)  1
DPTR FM NORMAL  -469

[CDD (BASE 65) ]
TOTAL THIS MO.    22
DPTR FM NORMAL   -32    [PRESSURE DATA]
TOTAL FM JAN 1    89    HIGHEST SLP M ON M
DPTR FM NORMAL    15    LOWEST  SLP M ON M

[REMARKS]
