000
CXUS54 KMRX 281030
CF6TRI
PRELIMINARY LOCAL CLIMATOLOGICAL DATA (WS FORM: F-6)
STATION: TRI-CITIES AIRPORT
MONTH: MARCH
YEAR: 2024
LATITUDE: 36 28 N
LONGITUDE: 82 24 W
TEMPERATURE IN F: :PCPN: SNOW: WIND :SUNSHINE: SKY :PK WND
================================================================================
1 2 3 4 5 6A 6B 7 8 9 10 11 12 13 14 15 16 17 18
12Z AVG MX 2MIN
DY MAX MIN AVG DEP HDD CDD WTR SNW DPTH SPD SPD DIR MIN PSBL S-S WX SPD DR
================================================================================
1 52 29 41 -3 24 0 0.28 0.0 0 1.6 18 110 M M 9 1 25 110
2 62 46 54 10 11 0 0.07 0.0 0 2.2 9 320 M M 10 1 13 330
3 70 41 56 12 9 0 0.00 0.0 0 1.0 9 270 M M 7 12 12 310
4 76 38 57 13 8 0 0.00 0.0 0 1.2 7 280 M M 3 10 160
5 76 44 60 16 5 0 0.00 0.0 0 2.8 13 230 M M 8 23 230
6 63 52 58 13 7 0 1.07 0.0 0 3.5 10 170 M M 10 1 14 170
7 66 49 58 13 7 0 0.00 0.0 0 2.6 12 340 M M 9 1 15 10
8 65 46 56 11 9 0 0.08 0.0 0 4.3 16 150 M M 9 1 27 170
9 60 46 53 7 12 0 0.61 0.0 0 7.0 20 250 M M 10 1 30 130
10 50 38 44 -2 21 0 T 0.0 0 14.0 26 260 M M 5 1 39 310
11 56 27 42 -4 23 0 0.00 0.0 0 3.9 14 250 M M 0 23 260
12 66 26 46 0 19 0 0.00 0.0 0 2.4 14 230 M M 2 18 240
13 70 32 51 5 14 0 0.00 0.0 0 2.3 17 220 M M 3 23 230
14 77 38 58 11 7 0 0.00 0.0 0 2.4 16 250 M M 3 20 270
15 67 51 59 12 6 0 0.52 0.0 0 3.8 15 230 M M 9 1 19 280
16 66 49 58 11 7 0 0.00 0.0 0 5.3 13 220 M M 6 19 200
17 64 42 53 5 12 0 0.00 0.0 0 8.6 21 250 M M 6 29 250
18 50 32 41 -7 24 0 0.00 0.0 0 10.7 24 250 M M 5 32 240
19 51 30 41 -7 24 0 0.00 0.0 0 9.3 20 220 M M 4 29 210
20 67 31 49 1 16 0 0.00 0.0 0 8.8 22 250 M M 3 33 240
21 65 34 50 1 15 0 0.00 0.0 0 2.7 10 290 M M 3 14 340
22 69 37 53 4 12 0 0.47 0.0 0 5.1 20 190 M M 8 1 29 180
23 56 30 43 -6 22 0 0.17 0.0 0 5.2 21 350 M M 8 18 28 350
24 68 27 48 -2 17 0 0.00 0.0 0 4.2 15 110 M M 4 24 100
25 68 33 51 1 14 0 0.00 0.0 0 8.0 16 130 M M 6 24 140
26 56 47 52 2 13 0 0.28 0.0 0 5.2 22 160 M M 9 13 34 180
27 67 42 55 5 10 0 0.00 0.0 0 3.6 13 350 M M 8 12 20 20
================================================================================
SM 1723 1037 368 0 3.55 0.0 131.7 M 167
================================================================================
AV 63.8 38.4 4.9 FASTST M M 6 MAX(MPH)
MISC ----> 26 260 39 310
================================================================================
NOTES:
# LAST OF SEVERAL OCCURRENCES
COLUMN 17 PEAK WIND IN M.P.H.
PRELIMINARY LOCAL CLIMATOLOGICAL DATA (WS FORM: F-6) , PAGE 2
STATION: TRI-CITIES AIRPORT
MONTH: MARCH
YEAR: 2024
LATITUDE: 36 28 N
LONGITUDE: 82 24 W
[TEMPERATURE DATA] [PRECIPITATION DATA] SYMBOLS USED IN COLUMN 16
AVERAGE MONTHLY: 51.1 TOTAL FOR MONTH: 3.55 1 = FOG OR MIST
DPTR FM NORMAL: 4.3 DPTR FM NORMAL: 0.10 2 = FOG REDUCING VISIBILITY
HIGHEST: 77 ON 14 GRTST 24HR 1.07 ON 6- 6 TO 1/4 MILE OR LESS
LOWEST: 26 ON 12 3 = THUNDER
SNOW, ICE PELLETS, HAIL 4 = ICE PELLETS
TOTAL MONTH: 0.0 INCH 5 = HAIL
GRTST 24HR 0.0 6 = FREEZING RAIN OR DRIZZLE
GRTST DEPTH: 0 7 = DUSTSTORM OR SANDSTORM:
VSBY 1/2 MILE OR LESS
8 = SMOKE OR HAZE
[NO. OF DAYS WITH] [WEATHER - DAYS WITH] 9 = BLOWING SNOW
X = TORNADO
MAX 32 OR BELOW: 0 0.01 INCH OR MORE: 9
MAX 90 OR ABOVE: 0 0.10 INCH OR MORE: 7
MIN 32 OR BELOW: 9 0.50 INCH OR MORE: 3
MIN 0 OR BELOW: 0 1.00 INCH OR MORE: 1
[HDD (BASE 65) ]
TOTAL THIS MO. 368 CLEAR (SCALE 0-3) 6
DPTR FM NORMAL -123 PTCLDY (SCALE 4-7) 13
TOTAL FM JUL 1 3255 CLOUDY (SCALE 8-10) 8
DPTR FM NORMAL -469
[CDD (BASE 65) ]
TOTAL THIS MO. 0
DPTR FM NORMAL 0 [PRESSURE DATA]
TOTAL FM JAN 1 0 HIGHEST SLP M ON M
DPTR FM NORMAL 0 LOWEST SLP 29.60 ON 9
[REMARKS]