000
CXUS55 KTWC 170855
CF6TUS
PRELIMINARY LOCAL CLIMATOLOGICAL DATA (WS FORM: F-6)
STATION: TUCSON AZ
MONTH: APRIL
YEAR: 2024
LATITUDE: 32 7 N
LONGITUDE: 110 56 W
TEMPERATURE IN F: :PCPN: SNOW: WIND :SUNSHINE: SKY :PK WND
================================================================================
1 2 3 4 5 6A 6B 7 8 9 10 11 12 13 14 15 16 17 18
12Z AVG MX 2MIN
DY MAX MIN AVG DEP HDD CDD WTR SNW DPTH SPD SPD DIR MIN PSBL S-S WX SPD DR
================================================================================
1 55 47 51 -14 14 0 0.88 M M 5.2 15 260 M M 9 138 20 150
2 69 46 58 -7 7 0 0.00 M M 4.2 13 340 M M 4 1 17 330
3 77 47 62 -4 3 0 0.00 M M 5.0 12 340 M M 0 16 340
4 85 51 68 2 0 3 0.00 M M 8.4 18 240 M M 0 28 230
5 78 52 65 -1 0 0 0.00 M M 14.6 38 220 M M 1 52 220
6 64 45 55 -11 10 0 0.00 M M 7.7 21 280 M M 2 30 280
7 74 39 57 -9 8 0 0.00 M M 5.3 12 240 M M 0 18 230
8 70 46 58 -8 7 0 0.00 M M 6.8 18 290 M M 3 26 290
9 75 50 63 -4 2 0 0.00 M M 6.7 17 340 M M 2 26 360
10 83 48 66 -1 0 1 0.00 M M 5.8 14 350 M M 0 21 350
11 90 51 71 4 0 6 0.00 M M 5.7 14 120 M M 0 22 160
12 87 57 72 5 0 7 0.00 M M 10.2 28 210 M M 0 41 220
13 86 52 69 1 0 4 0.00 M M 6.7 20 240 M M 0 27 220
14 87 52 70 2 0 5 0.00 M M 8.8 23 250 M M 0 32 250
15 75 49 62 -6 3 0 0.00 M M 6.8 21 300 M M 0 33 320
16 84 46 65 -3 0 0 0.00 M M 5.7 14 320 M M 0 20 330
================================================================================
SM 1239 778 54 26 0.88 M 113.6 M 21
================================================================================
AV 77.4 48.6 7.1 FASTST M M 1 MAX(MPH)
MISC ----> 38 220 52 220
================================================================================
NOTES:
# LAST OF SEVERAL OCCURRENCES
COLUMN 17 PEAK WIND IN M.P.H.
PRELIMINARY LOCAL CLIMATOLOGICAL DATA (WS FORM: F-6) , PAGE 2
STATION: TUCSON AZ
MONTH: APRIL
YEAR: 2024
LATITUDE: 32 7 N
LONGITUDE: 110 56 W
[TEMPERATURE DATA] [PRECIPITATION DATA] SYMBOLS USED IN COLUMN 16
AVERAGE MONTHLY: 63.0 TOTAL FOR MONTH: 0.88 1 = FOG OR MIST
DPTR FM NORMAL: -3.6 DPTR FM NORMAL: 0.69 2 = FOG REDUCING VISIBILITY
HIGHEST: 90 ON 11 GRTST 24HR 0.92 ON 31- 1 TO 1/4 MILE OR LESS
LOWEST: 39 ON 7 3 = THUNDER
SNOW, ICE PELLETS, HAIL 4 = ICE PELLETS
TOTAL MONTH: M 5 = HAIL
GRTST 24HR M ON M 6 = FREEZING RAIN OR DRIZZLE
GRTST DEPTH: M ON M 7 = DUSTSTORM OR SANDSTORM:
VSBY 1/2 MILE OR LESS
8 = SMOKE OR HAZE
[NO. OF DAYS WITH] [WEATHER - DAYS WITH] 9 = BLOWING SNOW
X = TORNADO
MAX 32 OR BELOW: 0 0.01 INCH OR MORE: 1
MAX 90 OR ABOVE: 1 0.10 INCH OR MORE: 1
MIN 32 OR BELOW: 0 0.50 INCH OR MORE: 1
MIN 0 OR BELOW: 0 1.00 INCH OR MORE: 0
[HDD (BASE 65) ]
TOTAL THIS MO. 54 CLEAR (SCALE 0-3) 14
DPTR FM NORMAL 23 PTCLDY (SCALE 4-7) 1
TOTAL FM JUL 1 1156 CLOUDY (SCALE 8-10) 1
DPTR FM NORMAL -158
[CDD (BASE 65) ]
TOTAL THIS MO. 26
DPTR FM NORMAL -31 [PRESSURE DATA]
TOTAL FM JAN 1 44 HIGHEST SLP M ON M
DPTR FM NORMAL -61 LOWEST SLP 29.67 ON 5
[REMARKS]