000
CXUS54 KCRP 251300
CF6VCT
PRELIMINARY LOCAL CLIMATOLOGICAL DATA (WS FORM: F-6)

                                          STATION:   VICTORIA
                                          MONTH:     APRIL
                                          YEAR:      2018
                                          LATITUDE:   28 51 N
                                          LONGITUDE:  96 55 W

  TEMPERATURE IN F:       :PCPN:    SNOW:  WIND      :SUNSHINE: SKY     :PK WND
================================================================================
1   2   3   4   5  6A  6B    7    8   9   10  11  12  13   14  15   16   17  18
                                     12Z  AVG MX 2MIN
DY MAX MIN AVG DEP HDD CDD  WTR  SNW DPTH SPD SPD DIR MIN PSBL S-S WX    SPD DR
================================================================================

 1  84  61  73   6   0   8 0.00  0.0    0 12.4 24 150   M    M   7        28 140
 2  83  72  78  11   0  13 0.00  0.0    0 15.4 30 160   M    M   9        37 160
 3  84  65  75   8   0  10    T  0.0    0 13.4 26 170   M    M   9 18     31 180
 4  75  57  66  -1   0   1 0.00  0.0    0 14.4 28  40   M    M   7        32  50
 5  76  55  66  -2   0   1 0.03  0.0    0  8.8 17 150   M    M   7 1      22 150
 6  85  71  78  10   0  13 0.00  0.0    0 14.3 25 180   M    M   9        31 180
 7  74  43  59  -9   6   0    T    M    0 14.8 28 360   M    M  10 1      35 350
 8  68  43  56 -12   9   0 0.00  0.0    0  7.0 15 360   M    M   6 18     20 360
 9  62  58  60  -8   5   0 0.04  0.0    0  9.2 17  40   M    M  10 1      19  40
10  80  53  67  -2   0   2 0.00  0.0    0  9.8 20  30   M    M   3 1      27  40
11  81  47  64  -5   1   0 0.00  0.0    0  8.9 21 160   M    M   0 1      27 170
12  85  57  71   2   0   6 0.00  0.0    0 15.1 28 160   M    M   4 12     35 150
13  81  73  77   8   0  12    T  0.0    0 19.2 29 180   M    M  10 8      37 170
14  77  48  63  -7   2   0 0.68    M    0 13.3 43 340   M    M   5 138    53 340
15  77  43  60 -10   5   0 0.00  0.0    0  7.7 15 320   M    M   0        21 320
16  80  48  64  -6   1   0 0.00  0.0    0 11.5 23 160   M    M   0        32 160
17  82  59  71   1   0   6 0.00  0.0    0 16.0 29 160   M    M   1        36 150
18  84  67  76   6   0  11 0.00  0.0    0  7.4 17 180   M    M   9        23 190
19  82  54  68  -3   0   3 0.00  0.0    0 10.3 23  40   M    M   5        30  50
20  72  54  63  -8   2   0 0.00  0.0    0 11.5 21 120   M    M   5        27 130
21  74  62  68  -3   0   3 0.63  0.0    0  9.2 18 150   M    M   9 18     22 150
22  78  58  68  -3   0   3    T  0.0    0 10.4 20 350   M    M   3 1      25 360
23  85  50  68  -4   0   3 0.00  0.0    0  4.8 13 200   M    M   0        19  10
24  87  53  70  -2   0   5 0.00  0.0    0  5.1 15 180   M    M   0        19 190
================================================================================
SM 1896 1351        31 100  1.38     0.0 269.9          M      128
================================================================================
AV 79.0 56.3                              11.2 FASTST   M    M   5    MAX(MPH)
                                 MISC ---->  # 43 340               # 53  340
================================================================================
NOTES:
# LAST OF SEVERAL OCCURRENCES

COLUMN 17 PEAK WIND IN M.P.H.

PRELIMINARY LOCAL CLIMATOLOGICAL DATA (WS FORM: F-6) , PAGE 2

                                          STATION:  VICTORIA
                                          MONTH:    APRIL
                                          YEAR:     2018
                                          LATITUDE:   28 51 N
                                          LONGITUDE:  96 55 W

[TEMPERATURE DATA]      [PRECIPITATION DATA]       SYMBOLS USED IN COLUMN 16

AVERAGE MONTHLY: 67.7   TOTAL FOR MONTH:   1.38    1 = FOG OR MIST
DPTR FM NORMAL:  -1.6   DPTR FM NORMAL:   -0.77    2 = FOG REDUCING VISIBILITY
HIGHEST:    87 ON 24    GRTST 24HR  0.68 ON 14-14      TO 1/4 MILE OR LESS
LOWEST:     43 ON 15, 8                            3 = THUNDER
                        SNOW, ICE PELLETS, HAIL    4 = ICE PELLETS
                        TOTAL MONTH:   0.0 INCH    5 = HAIL
                        GRTST 24HR     0.0         6 = FREEZING RAIN OR DRIZZLE
                        GRTST DEPTH:   0           7 = DUSTSTORM OR SANDSTORM:
                                                       VSBY 1/2 MILE OR LESS
                                                   8 = SMOKE OR HAZE
[NO. OF DAYS WITH]      [WEATHER - DAYS WITH]      9 = BLOWING SNOW
                                                   X = TORNADO
MAX 32 OR BELOW:   0    0.01 INCH OR MORE:   4
MAX 90 OR ABOVE:   0    0.10 INCH OR MORE:   2
MIN 32 OR BELOW:   0    0.50 INCH OR MORE:   2
MIN  0 OR BELOW:   0    1.00 INCH OR MORE:   0

[HDD (BASE 65) ]
TOTAL THIS MO.    31    CLEAR  (SCALE 0-3)   8
DPTR FM NORMAL     2    PTCLDY (SCALE 4-7)   8
TOTAL FM JUL 1  1133    CLOUDY (SCALE 8-10)  8
DPTR FM NORMAL  -114

[CDD (BASE 65) ]
TOTAL THIS MO.   100
DPTR FM NORMAL   -29    [PRESSURE DATA]
TOTAL FM JAN 1   340    HIGHEST SLP M ON M
DPTR FM NORMAL    99    LOWEST  SLP 29.54 ON 13

[REMARKS]
