000
CXUS55 KLOX 231655
CF6WJF
PRELIMINARY LOCAL CLIMATOLOGICAL DATA (WS FORM: F-6)

                                          STATION:   LANCASTER FOX FIELD CA
                                          MONTH:     APRIL
                                          YEAR:      2018
                                          LATITUDE:   34 43 N
                                          LONGITUDE: 118 13 W

  TEMPERATURE IN F:       :PCPN:    SNOW:  WIND      :SUNSHINE: SKY     :PK WND
================================================================================
1   2   3   4   5  6A  6B    7    8   9   10  11  12  13   14  15   16   17  18
                                     12Z  AVG MX 2MIN
DY MAX MIN AVG DEP HDD CDD  WTR  SNW DPTH SPD SPD DIR MIN PSBL S-S WX    SPD DR
================================================================================

 1  80  58  69  13   0   4 0.00  0.0    0 14.4 30 260   M    M   0        35 250
 2  76  53  65   9   0   0 0.00  0.0    0 23.2 39 270   M    M   0 8      45 270
 3  80  54  67  11   0   2 0.00  0.0    0 10.8 25 280   M    M   0        32 290
 4  80  48  64   8   1   0 0.00  0.0    0 10.2 25 250   M    M   0        30 260
 5  82  57  70  14   0   5 0.00  0.0    0 19.9 35 270   M    M   0        41 270
 6  78  56  67  11   0   2 0.00  0.0    0 21.5 35 280   M    M   0        41 270
 7  80  57  69  12   0   4 0.00  0.0    0 19.2 39 260   M    M   1 8      49 260
 8  76  49  63   6   2   0 0.00  0.0    0 16.9 37 280   M    M   0        42 280
 9  85  38  62   5   3   0 0.00  0.0    0  5.5 20  60   M    M   0        26  70
10  88  43  66   9   0   1 0.00  0.0    0 10.0 29 280   M    M   0        36 280
11  80  53  67   9   0   2 0.00  0.0    0 20.2 31 260   M    M   0        39 220
12  58  43  51  -7  14   0 0.00  0.0    0 24.5 40 290   M    M   0 8      50 300
13  71  37  54  -4  11   0 0.00  0.0    0  9.9 21  60   M    M   0        26 310
14  81  34  58   0   7   0 0.00  0.0    0  7.3 22 260   M    M   0        26 230
15  77  44  61   2   4   0 0.00  0.0    0 14.0 28 210   M    M   0        35 210
16  62  39  51  -8  14   0 0.09    M    0 20.6 31 250   M    M   3 8      40 210
17  65  35  50  -9  15   0 0.00  0.0    0 10.4 24 290   M    M   0        29 290
18  71  30  51  -9  14   0 0.00  0.0    0  9.4 26 240   M    M   0        34 240
19  60  42  51  -9  14   0 0.00  0.0    0 20.7 36 290   M    M   1 8      47 290
20  78  46  62   2   3   0 0.00  0.0    0 11.3 31 270   M    M   0        35 260
21  85  40  63   3   2   0 0.00  0.0    0  5.7 18 240   M    M   0        21 250
22  88  49  69   8   0   4 0.00  0.0    0  7.9 26 220   M    M   0        33 220
================================================================================
SM 1681 1005       104  24  0.09     0.0 313.6          M        5
================================================================================
AV 76.4 45.7                              14.3 FASTST   M    M   0    MAX(MPH)
                                 MISC ---->  # 40 290               # 50  300
================================================================================
NOTES:
# LAST OF SEVERAL OCCURRENCES

COLUMN 17 PEAK WIND IN M.P.H.

PRELIMINARY LOCAL CLIMATOLOGICAL DATA (WS FORM: F-6) , PAGE 2

                                          STATION:  LANCASTER FOX FIELD CA
                                          MONTH:    APRIL
                                          YEAR:     2018
                                          LATITUDE:   34 43 N
                                          LONGITUDE: 118 13 W

[TEMPERATURE DATA]      [PRECIPITATION DATA]       SYMBOLS USED IN COLUMN 16

AVERAGE MONTHLY: 61.1   TOTAL FOR MONTH:   0.09    1 = FOG OR MIST
DPTR FM NORMAL:   3.1   DPTR FM NORMAL:   -0.20    2 = FOG REDUCING VISIBILITY
HIGHEST:    88 ON 22,10 GRTST 24HR  0.09 ON 16-16      TO 1/4 MILE OR LESS
LOWEST:     30 ON 18                               3 = THUNDER
                        SNOW, ICE PELLETS, HAIL    4 = ICE PELLETS
                        TOTAL MONTH:   0.0 INCH    5 = HAIL
                        GRTST 24HR     0.0         6 = FREEZING RAIN OR DRIZZLE
                        GRTST DEPTH:   0           7 = DUSTSTORM OR SANDSTORM:
                                                       VSBY 1/2 MILE OR LESS
                                                   8 = SMOKE OR HAZE
[NO. OF DAYS WITH]      [WEATHER - DAYS WITH]      9 = BLOWING SNOW
                                                   X = TORNADO
MAX 32 OR BELOW:   0    0.01 INCH OR MORE:   1
MAX 90 OR ABOVE:   0    0.10 INCH OR MORE:   0
MIN 32 OR BELOW:   1    0.50 INCH OR MORE:   0
MIN  0 OR BELOW:   0    1.00 INCH OR MORE:   0

[HDD (BASE 65) ]
TOTAL THIS MO.   104    CLEAR  (SCALE 0-3)  22
DPTR FM NORMAL   -67    PTCLDY (SCALE 4-7)   0
TOTAL FM JUL 1  2475    CLOUDY (SCALE 8-10)  0
DPTR FM NORMAL  -357

[CDD (BASE 65) ]
TOTAL THIS MO.    24
DPTR FM NORMAL    11    [PRESSURE DATA]
TOTAL FM JAN 1    24    HIGHEST SLP M ON M
DPTR FM NORMAL     9    LOWEST  SLP 29.79 ON  2

[REMARKS]
