000
CXUS51 KPHI 020854
CLAGED
CLIMATE REPORT
NATIONAL WEATHER SERVICE MOUNT HOLLY NJ
354 AM EST TUE JAN 02 2024
...................................
...THE GEORGETOWN DE CLIMATE SUMMARY FOR THE YEAR OF 2023...
CLIMATE NORMAL PERIOD: 1991 TO 2020
CLIMATE RECORD PERIOD: 1948 TO 2024
WEATHER OBSERVED NORMAL DEPART LAST YEAR`S
VALUE DATE(S) VALUE FROM VALUE DATE(S)
NORMAL
................................................................
TEMPERATURE (F)
RECORD
HIGH 104 07/23/2011
07/22/2011
LOW -13 01/28/1987
HIGHEST 97 09/07 MM MM 97 08/04
LOWEST 17 02/04 MM MM 8 01/30
AVG. MAXIMUM 69.4 66.9 2.5 68.2
AVG. MINIMUM 48.8 48.2 0.6 47.7
MEAN 59.1 57.6 1.5 57.9
DAYS MAX >= 90 28 30.5 -2.5 50
DAYS MAX <= 32 1 8.7 -7.7 7
DAYS MIN <= 32 60 83.2 -23.2 90
DAYS MIN <= 0 0 0.2 -0.2 0
PRECIPITATION (INCHES)
RECORD
MAXIMUM 69.21 1948
MINIMUM 33.92 1965
TOTALS 45.67 43.88 1.79 40.59
DAILY AVG. 0.13 0.12 0.01 0.11
DAYS >= .01 110 132.2 -22.2 120
DAYS >= .10 67 72.7 -5.7 77
DAYS >= .50 34 27.7 6.3 32
DAYS >= 1.00 14 11.1 2.9 12
GREATEST
24 HR. TOTAL 4.27 12/17 TO 12/18 1.90 12/15 TO 12/16
STORM TOTAL 4.27 1.89
(MM/DD(HH)) MM
DEGREE DAYS
HEATING TOTAL 3342 4070 -728 4004
SINCE 7/1 1388 1450 -62 MM
COOLING TOTAL 1316 1396 -80 1542
SINCE 1/1 1316 1395 -79 MM
FREEZE DATES
RECORD
EARLIEST MM
LATEST MM
EARLIEST 11/02
LATEST 03/21
................................................................
WIND (MPH)
AVERAGE WIND SPEED 6.2
RESULTANT WIND SPEED/DIRECTION 1/210
HIGHEST WIND SPEED/DIRECTION 35/060 DATE 09/23
HIGHEST GUST SPEED/DIRECTION 49/150 DATE 12/18
SKY COVER
POSSIBLE SUNSHINE (PERCENT) MM
AVERAGE SKY COVER 0.31
NUMBER OF DAYS FAIR 209
NUMBER OF DAYS PC 95
NUMBER OF DAYS CLOUDY 36
AVERAGE RH (PERCENT) 68
WEATHER CONDITIONS. NUMBER OF DAYS WITH
THUNDERSTORM 40 MIXED PRECIP 0
HEAVY RAIN 40 RAIN 53
LIGHT RAIN 148 FREEZING RAIN 0
LT FREEZING RAIN 0 HAIL 0
HEAVY SNOW 0 SNOW 1
LIGHT SNOW 4 SLEET 0
FOG 178 FOG W/VIS <= 1/4 MILE 34
HAZE 34
- INDICATES NEGATIVE NUMBERS.
R INDICATES RECORD WAS SET OR TIED.
MM INDICATES DATA IS MISSING.
T INDICATES TRACE AMOUNT.
$$