000
CDUS43 KABR 250718
CLI8D3


CLIMATE REPORT
NATIONAL WEATHER SERVICE ABERDEEN SD
217 AM CDT FRI MAY 25 2018


...................................

...THE SISSETON SD CLIMATE SUMMARY FOR MAY 24 2018...

CLIMATE NORMAL PERIOD 1981 TO 2010
CLIMATE RECORD PERIOD 1900 TO 2018


WEATHER ITEM   OBSERVED TIME   RECORD YEAR NORMAL DEPARTURE LAST
                VALUE   (LST)  VALUE       VALUE  FROM      YEAR
                                                  NORMAL
..................................................................
TEMPERATURE (F)
 YESTERDAY
  MAXIMUM         90R   321 PM  90    2010  72     18       64
  MINIMUM         65    224 AM  26    2002  48     17       41
  AVERAGE         78                        60     18       53

PRECIPITATION (IN)
  YESTERDAY        0.00          2.73 1973   0.08  -0.08     0.00
  MONTH TO DATE    1.02                      2.10  -1.08     1.09
  SINCE MAR 1      3.30                      5.50  -2.20     2.92
  SINCE JAN 1      4.40                      6.36  -1.96     4.12

DEGREE DAYS
 HEATING
  YESTERDAY        0                         6     -6       12
  MONTH TO DATE  126                       225    -99      201
  SINCE MAR 1   2138                      1925    213     1851
  SINCE JUL 1   8235                      8184     51     7115

 COOLING
  YESTERDAY       13                         1     12        0
  MONTH TO DATE   52                        15     37       16
  SINCE MAR 1     52                        16     36       16
  SINCE JAN 1     52                        16     36       16
..................................................................


WIND (MPH)
  HIGHEST WIND SPEED    21   HIGHEST WIND DIRECTION    SW (210)
  HIGHEST GUST SPEED    28   HIGHEST GUST DIRECTION    SW (220)
  AVERAGE WIND SPEED    12.2


SKY COVER
  POSSIBLE SUNSHINE  MM
  AVERAGE SKY COVER 0.0


WEATHER CONDITIONS
 THE FOLLOWING WEATHER WAS RECORDED YESTERDAY.
  NO SIGNIFICANT WEATHER WAS OBSERVED.


RELATIVE HUMIDITY (PERCENT)
 HIGHEST   100           100 AM
 LOWEST     40           200 PM
 AVERAGE    70

..........................................................


THE SISSETON SD CLIMATE NORMALS FOR TODAY
                         NORMAL    RECORD    YEAR
 MAXIMUM TEMPERATURE (F)   72        92      1959
 MINIMUM TEMPERATURE (F)   48        32      1905


SUNRISE AND SUNSET
MAY 25 2018...........SUNRISE   547 AM CDT   SUNSET   904 PM CDT
MAY 26 2018...........SUNRISE   546 AM CDT   SUNSET   905 PM CDT


-  INDICATES NEGATIVE NUMBERS.
R  INDICATES RECORD WAS SET OR TIED.
MM INDICATES DATA IS MISSING.
T  INDICATES TRACE AMOUNT.




$$
