000
CDUS42 KCAE 242213
CLIAGS


CLIMATE REPORT
NATIONAL WEATHER SERVICE COLUMBIA SC
613 PM EDT THU MAY 24 2018


...................................

...THE AUGUSTA BUSH FIELD GA CLIMATE SUMMARY FOR MAY 24 2018...
VALID TODAY AS OF 0500 PM LOCAL TIME.

CLIMATE NORMAL PERIOD 1981 TO 2010
CLIMATE RECORD PERIOD 1873 TO 2018


WEATHER ITEM   OBSERVED TIME   RECORD YEAR NORMAL DEPARTURE LAST
                VALUE   (LST)  VALUE       VALUE  FROM      YEAR
                                                  NORMAL
..................................................................
TEMPERATURE (F)
 TODAY
  MAXIMUM         88    217 PM  98    1878  87      1       80
  MINIMUM         68    313 AM  45    2002  60      8       63
                                      1954
  AVERAGE         78                        74      4       72

PRECIPITATION (IN)
  TODAY            T             1.85 1982   0.10  -0.10     1.13
  MONTH TO DATE    3.77                      1.87   1.90     3.34
  SINCE MAR 1     10.45                      8.89   1.56     7.71
  SINCE JAN 1     14.11                     16.72  -2.61    19.95

SNOWFALL (IN)
  TODAY            0.0          MM      MM   0.0             0.0
  MONTH TO DATE    0.0                       0.0             0.0
  SINCE MAR 1      0.0                       0.0             0.0
  SINCE JUL 1      T                         0.9              T

DEGREE DAYS
 HEATING
  TODAY            0                         0      0        0
  MONTH TO DATE    3                        18    -15        3
  SINCE MAR 1    478                       438     40      272
  SINCE JUL 1   2165                      2470   -305     1407

 COOLING
  TODAY           13                         9      4        7
  MONTH TO DATE  192                       142     50      209
  SINCE MAR 1    224                       212     12      429
  SINCE JAN 1    275                       215     60      459
..................................................................


WIND (MPH)
  HIGHEST WIND SPEED    23   HIGHEST WIND DIRECTION    NE (40)
  HIGHEST GUST SPEED    30   HIGHEST GUST DIRECTION    NE (50)
  AVERAGE WIND SPEED     1.3


SKY COVER
  AVERAGE SKY COVER 0.9


WEATHER CONDITIONS
 THE FOLLOWING WEATHER WAS RECORDED TODAY.
  THUNDERSTORM
  LIGHT RAIN
  FOG
  FOG W/VISIBILITY <= 1/4 MILE


RELATIVE HUMIDITY (PERCENT)
 HIGHEST   100          1200 AM
 LOWEST     57           200 PM
 AVERAGE    79

..........................................................


THE AUGUSTA BUSH FIELD GA CLIMATE NORMALS FOR TOMORROW
                         NORMAL    RECORD    YEAR
 MAXIMUM TEMPERATURE (F)   87        99      2000
                                             1878
 MINIMUM TEMPERATURE (F)   60        43      1951


SUNRISE AND SUNSET
MAY 24 2018...........SUNRISE   622 AM EDT   SUNSET   827 PM EDT
MAY 25 2018...........SUNRISE   622 AM EDT   SUNSET   828 PM EDT


-  INDICATES NEGATIVE NUMBERS.
R  INDICATES RECORD WAS SET OR TIED.
MM INDICATES DATA IS MISSING.
T  INDICATES TRACE AMOUNT.




$$
