000
CDAK48 PAFC 200049
CLIAKN


CLIMATE REPORT
NATIONAL WEATHER SERVICE ANCHORAGE, AK
449 PM AKDT THU APR 19 2018


...................................

...THE KING SALMON CLIMATE SUMMARY FOR APRIL 19 2018...
VALID TODAY AS OF 0400 PM LOCAL TIME.

CLIMATE NORMAL PERIOD 1981 TO 2010
CLIMATE RECORD PERIOD 1917 TO 2018


WEATHER ITEM   OBSERVED TIME   RECORD YEAR NORMAL DEPARTURE LAST
                VALUE   (LST)  VALUE       VALUE  FROM      YEAR
                                                  NORMAL
..................................................................
TEMPERATURE (F)
 TODAY
  MAXIMUM         50    259 PM  59    1951  44      6       48
                                      1935
  MINIMUM         31    654 AM   0    1982  26      5       21
  AVERAGE         41                        35      6       35

PRECIPITATION (IN)
  TODAY            T             0.21 1994   0.03  -0.03     0.00
  MONTH TO DATE    0.91                      0.58   0.33     0.49
  SINCE MAR 1      4.35                      1.28   3.07     0.54
  SINCE JAN 1      8.05                      3.06   4.99     1.74

SNOWFALL (IN)
  TODAY            0.0          MM      MM   0.1   -0.1      0.0
  MONTH TO DATE   10.5                       3.0    7.5      2.9
  SINCE MAR 1     32.3                       9.4   22.9      3.3
  SINCE JUL 1     56.2                      44.9   11.3     26.0
  SNOW DEPTH       0

DEGREE DAYS
 HEATING
  TODAY           24                        30     -6       30
  MONTH TO DATE  566                       636    -70      524
  SINCE MAR 1   1701                      1902   -201     2148
  SINCE JUL 1   8187                      9522  -1335     9281

 COOLING
  TODAY            0                         0      0        0
  MONTH TO DATE    0                         0      0        0
  SINCE MAR 1      0                         0      0        0
  SINCE JAN 1      0                         0      0        0
..................................................................


WIND (MPH)
  RESULTANT WIND SPEED   2   RESULTANT WIND DIRECTION   E (90)
  HIGHEST WIND SPEED     9   HIGHEST WIND DIRECTION    SW (220)
  HIGHEST GUST SPEED    12   HIGHEST GUST DIRECTION    SW (220)
  AVERAGE WIND SPEED     4.0



WEATHER CONDITIONS
 THE FOLLOWING WEATHER WAS RECORDED TODAY.
  NO SIGNIFICANT WEATHER WAS OBSERVED.


RELATIVE HUMIDITY (PERCENT)
 HIGHEST   100
 LOWEST     39
 AVERAGE    70

..........................................................


THE KING SALMON CLIMATE NORMALS FOR TOMORROW
                         NORMAL    RECORD    YEAR
 MAXIMUM TEMPERATURE (F)   44        59      2014
 MINIMUM TEMPERATURE (F)   27         3      1972
                                             1922


SUNRISE AND SUNSET
APRIL 19 2018.........SUNRISE   702 AM AKDT  SUNSET   951 PM AKDT
APRIL 20 2018.........SUNRISE   659 AM AKDT  SUNSET   953 PM AKDT


-  INDICATES NEGATIVE NUMBERS.
R  INDICATES RECORD WAS SET OR TIED.
MM INDICATES DATA IS MISSING.
T  INDICATES TRACE AMOUNT.




$$
