000
CDUS42 KJAX 240529
CLIAMG


CLIMATE REPORT
NATIONAL WEATHER SERVICE JACKSONVILLE FL
127 AM EDT TUE APR 24 2018


...................................

...THE ALMA CLIMATE SUMMARY FOR APRIL 23 2018...

CLIMATE NORMAL PERIOD 1981 TO 2010
CLIMATE RECORD PERIOD 1948 TO 2018


WEATHER ITEM   OBSERVED TIME   RECORD YEAR NORMAL DEPARTURE LAST
                VALUE   (LST)  VALUE       VALUE  FROM      YEAR
                                                  NORMAL
..................................................................
TEMPERATURE (F)
 YESTERDAY
  MAXIMUM         84    427 PM  94    1968  80      4       88
  MINIMUM         66    423 AM  36    1993  55     11       62
  AVERAGE         75                        68      7       75

PRECIPITATION (IN)
  YESTERDAY        0.89          3.82 1984   0.08   0.81     0.00
  MONTH TO DATE    1.82                      2.29  -0.47     2.35
  SINCE MAR 1      3.85                      7.04  -3.19     2.89
  SINCE JAN 1      7.36                     15.10  -7.74    11.02

SNOWFALL (IN)
  YESTERDAY        0.0           0.0    MM   0.0    0.0      0.0
  MONTH TO DATE    0.0                       0.0    0.0      0.0
  SINCE MAR 1      0.0                       0.0    0.0      0.0
  SINCE JUL 1      3.0                       0.1    2.9      0.0
  SNOW DEPTH       0

DEGREE DAYS
 HEATING
  YESTERDAY        0                         1     -1        0
  MONTH TO DATE   60                        56      4       27
  SINCE MAR 1    305                       244     61      224
  SINCE JUL 1   1551                      1645    -94     1080

 COOLING
  YESTERDAY       10                         4      6       10
  MONTH TO DATE   46                        67    -21      109
  SINCE MAR 1     80                       105    -25      172
  SINCE JAN 1    172                       121     51      227
..................................................................


WIND (MPH)
  HIGHEST WIND SPEED    15   HIGHEST WIND DIRECTION     E (100)
  HIGHEST GUST SPEED    23   HIGHEST GUST DIRECTION     E (100)
  AVERAGE WIND SPEED     6.9


SKY COVER
  POSSIBLE SUNSHINE  MM
  AVERAGE SKY COVER 0.6


WEATHER CONDITIONS
 THE FOLLOWING WEATHER WAS RECORDED YESTERDAY.
  HEAVY RAIN
  RAIN
  LIGHT RAIN
  FOG


RELATIVE HUMIDITY (PERCENT)
 HIGHEST    97          1000 PM
 LOWEST     58           400 PM
 AVERAGE    78

..........................................................


THE ALMA CLIMATE NORMALS FOR TODAY
                         NORMAL    RECORD    YEAR
 MAXIMUM TEMPERATURE (F)   81        93      1999
 MINIMUM TEMPERATURE (F)   56        37      1986


SUNRISE AND SUNSET
APRIL 24 2018.........SUNRISE   652 AM EDT   SUNSET   805 PM EDT
APRIL 25 2018.........SUNRISE   651 AM EDT   SUNSET   806 PM EDT


-  INDICATES NEGATIVE NUMBERS.
R  INDICATES RECORD WAS SET OR TIED.
MM INDICATES DATA IS MISSING.
T  INDICATES TRACE AMOUNT.




$$
