000
CDUS41 KCTP 250627
CLIAOO


CLIMATE REPORT
NATIONAL WEATHER SERVICE STATE COLLEGE PA
227 AM EDT WED APR 25 2018


...................................

...THE ALTOONA CLIMATE SUMMARY FOR APRIL 24 2018...

CLIMATE NORMAL PERIOD 1981 TO 2010
CLIMATE RECORD PERIOD 1948 TO 2018


WEATHER ITEM   OBSERVED TIME   RECORD YEAR NORMAL DEPARTURE LAST
                VALUE   (LST)  VALUE       VALUE  FROM      YEAR
                                                  NORMAL
..................................................................
TEMPERATURE (F)
 YESTERDAY
  MAXIMUM         54    438 PM  86    1960  63     -9       58
  MINIMUM         49    553 AM  28    1956  41      8       41
  AVERAGE         52                        52      0       50

PRECIPITATION (IN)
  YESTERDAY        0.34          1.64 1983   0.11   0.23     0.01
  MONTH TO DATE    3.43                      2.55   0.88     1.76
  SINCE MAR 1      5.58                      5.62  -0.04     6.09
  SINCE JAN 1     11.81                      9.83   1.98    10.72

DEGREE DAYS
 HEATING
  YESTERDAY       13                        13      0       15
  MONTH TO DATE  514                       415     99      242
  SINCE MAR 1   1494                      1274    220     1078
  SINCE JUL 1   5580                      5844   -264     4745

 COOLING
  YESTERDAY        0                         0      0        0
  MONTH TO DATE   12                         0     12        8
  SINCE MAR 1     12                         1     11        8
  SINCE JAN 1     12                         1     11        8
..................................................................


WIND (MPH)
  HIGHEST WIND SPEED    17   HIGHEST WIND DIRECTION     S (160)
  HIGHEST GUST SPEED    23   HIGHEST GUST DIRECTION     S (170)
  AVERAGE WIND SPEED     8.2


SKY COVER
  POSSIBLE SUNSHINE  MM
  AVERAGE SKY COVER 0.9


WEATHER CONDITIONS
 THE FOLLOWING WEATHER WAS RECORDED YESTERDAY.
  RAIN
  LIGHT RAIN
  FOG


RELATIVE HUMIDITY (PERCENT)
 HIGHEST    83           400 PM
 LOWEST     46           100 AM
 AVERAGE    65

..........................................................


THE ALTOONA CLIMATE NORMALS FOR TODAY
                         NORMAL    RECORD    YEAR
 MAXIMUM TEMPERATURE (F)   63        85      2011
 MINIMUM TEMPERATURE (F)   41        25      1956


SUNRISE AND SUNSET
APRIL 25 2018.........SUNRISE   621 AM EDT   SUNSET   802 PM EDT
APRIL 26 2018.........SUNRISE   619 AM EDT   SUNSET   803 PM EDT


-  INDICATES NEGATIVE NUMBERS.
R  INDICATES RECORD WAS SET OR TIED.
MM INDICATES DATA IS MISSING.
T  INDICATES TRACE AMOUNT.




$$
