000
CDUS43 KAPX 210526
CLIAPN


CLIMATE REPORT
NATIONAL WEATHER SERVICE GAYLORD MI
126 AM EDT SAT APR 21 2018


...................................

...THE ALPENA MI CLIMATE SUMMARY FOR APRIL 20 2018...

CLIMATE NORMAL PERIOD 1981 TO 2010
CLIMATE RECORD PERIOD 1916 TO 2018


WEATHER ITEM   OBSERVED TIME   RECORD YEAR NORMAL DEPARTURE LAST
                VALUE   (LST)  VALUE       VALUE  FROM      YEAR
                                                  NORMAL
..................................................................
TEMPERATURE (F)
 YESTERDAY
  MAXIMUM         50    341 PM  86    1987  55     -5       42
  MINIMUM         21    505 AM  18    1928  33    -12       37
  AVERAGE         36                        44     -8       40

PRECIPITATION (IN)
  YESTERDAY        0.00          0.90 2009   0.08  -0.08     0.57
  MONTH TO DATE    4.62                      1.62   3.00     4.00
  SINCE MAR 1      6.13                      3.48   2.65     6.83
  SINCE JAN 1     10.02                      6.46   3.56    12.32

SNOWFALL (IN)
  YESTERDAY        0.0           2.9  2011   0.2   -0.2      0.0
  MONTH TO DATE   30.7                       5.0   25.7       T
  SINCE OCT 1     82.5                      83.3   -0.8     66.4
  SINCE JUL 1     82.5                      83.3   -0.8     66.4
  SNOW DEPTH      11

DEGREE DAYS
 HEATING
  YESTERDAY       29                        21      8       25
  MONTH TO DATE  710                       508    202      413
  SINCE MAR 1   1858                      1632    226     1544
  SINCE JUL 1   7307                      7364    -57     6175

 COOLING
  YESTERDAY        0                         0      0        0
  MONTH TO DATE    0                         0      0        0
  SINCE MAR 1      0                         0      0        0
  SINCE JAN 1      0                         0      0        0
..................................................................


WIND (MPH)
  HIGHEST WIND SPEED    13   HIGHEST WIND DIRECTION     N (20)
  HIGHEST GUST SPEED    13   HIGHEST GUST DIRECTION     N (10)
  AVERAGE WIND SPEED     4.4




RELATIVE HUMIDITY (PERCENT)
 HIGHEST    88
 LOWEST     31
 AVERAGE    60

..........................................................


THE ALPENA MI CLIMATE NORMALS FOR TODAY
                         NORMAL    RECORD    YEAR
 MAXIMUM TEMPERATURE (F)   55        89      1985
 MINIMUM TEMPERATURE (F)   33        17      2013


SUNRISE AND SUNSET
APRIL 21 2018.........SUNRISE   639 AM EDT   SUNSET   827 PM EDT
APRIL 22 2018.........SUNRISE   638 AM EDT   SUNSET   829 PM EDT


-  INDICATES NEGATIVE NUMBERS.
R  INDICATES RECORD WAS SET OR TIED.
MM INDICATES DATA IS MISSING.
T  INDICATES TRACE AMOUNT.




$$
