000
CDUS46 KPQR 210226
CLIAST


CLIMATE REPORT
NATIONAL WEATHER SERVICE PORTLAND OREGON
726 PM PDT FRI APR 20 2018


...................................

...THE ASTORIA OR CLIMATE SUMMARY FOR APRIL 20 2018...
VALID TODAY AS OF 0700 PM LOCAL TIME.

CLIMATE NORMAL PERIOD 1981 TO 2010
CLIMATE RECORD PERIOD 1892 TO 2018


WEATHER ITEM   OBSERVED TIME   RECORD YEAR NORMAL DEPARTURE LAST
                VALUE   (LST)  VALUE       VALUE  FROM      YEAR
                                                  NORMAL
..................................................................
TEMPERATURE (F)
 TODAY
  MAXIMUM         55    202 PM  83    1956  57     -2       55
  MINIMUM         39    552 AM  32    2007  41     -2       45
  AVERAGE         47                        49     -2       50

PRECIPITATION (IN)
  TODAY            0.01          3.40 1893   0.17  -0.16     0.26
  MONTH TO DATE    8.74                      3.72   5.02     5.84
  SINCE OCT 1     62.78                     55.58   7.20    82.04
  SINCE JAN 1     31.99                     28.56   3.43    38.17

DEGREE DAYS
 HEATING
  TODAY           18                        16      2       15
  MONTH TO DATE  329                       336     -7      319
  SINCE MAR 1    949                       914     35      883
  SINCE JUL 1   4107                      4256   -149     3866

 COOLING
  TODAY            0                         0      0        0
  MONTH TO DATE    0                         0      0        0
  SINCE MAR 1      0                         0      0        0
  SINCE JAN 1      0                         0      0        0
..................................................................


WIND (MPH)
  HIGHEST WIND SPEED    15   HIGHEST WIND DIRECTION     W (250)
  HIGHEST GUST SPEED    18   HIGHEST GUST DIRECTION     W (250)
  AVERAGE WIND SPEED     4.2


SKY COVER
  POSSIBLE SUNSHINE  MM
  AVERAGE SKY COVER 0.6


WEATHER CONDITIONS
 THE FOLLOWING WEATHER WAS RECORDED TODAY.
  NO SIGNIFICANT WEATHER WAS OBSERVED.


RELATIVE HUMIDITY (PERCENT)
 HIGHEST   100           400 AM
 LOWEST     66           200 PM
 AVERAGE    83

..........................................................


THE ASTORIA OR CLIMATE NORMALS FOR TOMORROW
                         NORMAL    RECORD    YEAR
 MAXIMUM TEMPERATURE (F)   57        77      1982
 MINIMUM TEMPERATURE (F)   41        31      1985
                                             1975


SUNRISE AND SUNSET
APRIL 20 2018.........SUNRISE   620 AM PDT   SUNSET   810 PM PDT
APRIL 21 2018.........SUNRISE   618 AM PDT   SUNSET   811 PM PDT


-  INDICATES NEGATIVE NUMBERS.
R  INDICATES RECORD WAS SET OR TIED.
MM INDICATES DATA IS MISSING.
T  INDICATES TRACE AMOUNT.




$$
