000
CDUS43 KGRB 210719
CLIAUW


CLIMATE REPORT
NATIONAL WEATHER SERVICE GREEN BAY
217 AM CDT SAT APR 21 2018


...................................

...THE WAUSAU WI CLIMATE SUMMARY FOR APRIL 20 2018...

CLIMATE NORMAL PERIOD 1981 TO 2010
CLIMATE RECORD PERIOD 1896 TO 2018


WEATHER ITEM   OBSERVED TIME   RECORD YEAR NORMAL DEPARTURE LAST
                VALUE   (LST)  VALUE       VALUE  FROM      YEAR
                                                  NORMAL
..................................................................
TEMPERATURE (F)
 YESTERDAY
  MAXIMUM         53    309 PM  86    1987  57     -4       47
  MINIMUM         22    521 AM  14    1907  35    -13       36
  AVERAGE         38                        46     -8

PRECIPITATION (IN)
  YESTERDAY        0.00          1.27 2000   0.09  -0.09     0.51
  MONTH TO DATE    3.11                      1.70   1.41     4.54
  SINCE MAR 1      4.74                      3.46   1.28     6.72
  SINCE JAN 1      7.21                      5.40   1.81    10.66

SNOWFALL (IN)
  YESTERDAY        0.0           2.4  1925   0.2   -0.2      0.0
  MONTH TO DATE   34.5                       3.2   31.3      0.4
  SINCE JUL 1     89.2                      58.5   30.7     59.2
  SNOW DEPTH       3

DEGREE DAYS
 HEATING
  YESTERDAY       27                        19      8       23
  MONTH TO DATE  757                       465    292      370
  SINCE MAR 1   1883                      1550    333     1455
  SINCE JUL 1   7971                      7686    285     6681

 COOLING
  YESTERDAY        0                         0      0        0
  MONTH TO DATE    0                         0      0        0
  SINCE MAR 1      0                         0      0        0
  SINCE JAN 1      0                         0      0        0
..................................................................


WIND (MPH)
  HIGHEST WIND SPEED    12   HIGHEST WIND DIRECTION     W (290)
  HIGHEST GUST SPEED    15   HIGHEST GUST DIRECTION     W (270)
  AVERAGE WIND SPEED     2.7


SKY COVER
  POSSIBLE SUNSHINE  MM
  AVERAGE SKY COVER 0.0


WEATHER CONDITIONS
 THE FOLLOWING WEATHER WAS RECORDED YESTERDAY.
  NO SIGNIFICANT WEATHER WAS OBSERVED.


RELATIVE HUMIDITY (PERCENT)
 HIGHEST    88           400 AM
 LOWEST     21          1200 PM
 AVERAGE    55

..........................................................


THE WAUSAU WI CLIMATE NORMALS FOR TODAY
                         NORMAL    RECORD    YEAR
 MAXIMUM TEMPERATURE (F)   58        87      1980
 MINIMUM TEMPERATURE (F)   36        18      1904


SUNRISE AND SUNSET
APRIL 21 2018.........SUNRISE   604 AM CDT   SUNSET   751 PM CDT
APRIL 22 2018.........SUNRISE   602 AM CDT   SUNSET   753 PM CDT


-  INDICATES NEGATIVE NUMBERS.
R  INDICATES RECORD WAS SET OR TIED.
MM INDICATES DATA IS MISSING.
T  INDICATES TRACE AMOUNT.

$$
