000
CDUS43 KGRR 222135
CLIAZO


CLIMATE REPORT
NATIONAL WEATHER SERVICE GRAND RAPIDS, MI
533 PM EDT TUE MAY 22 2018


...................................

...THE KALAMAZOO MI CLIMATE SUMMARY FOR MAY 22 2018...
VALID TODAY AS OF 0500 PM LOCAL TIME.

CLIMATE NORMAL PERIOD 1981 TO 2010
CLIMATE RECORD PERIOD 1998 TO 2018


WEATHER ITEM   OBSERVED TIME   NORMAL DEPARTURE LAST
                VALUE   (LST)  VALUE  FROM      YEAR
                                      NORMAL
......................................................
TEMPERATURE (F)
 TODAY
  MAXIMUM         69    306 PM  72     -3       71
  MINIMUM         56    317 AM  50      6       51
  AVERAGE         63            61      2       61

PRECIPITATION (IN)
  TODAY            0.02          0.13  -0.11     0.00
  MONTH TO DATE    6.62          2.80   3.82     3.05
  SINCE MAR 1     10.65          8.13   2.52     9.84
  SINCE JAN 1     16.48         11.37   5.11    14.56

DEGREE DAYS
 HEATING
  TODAY            2             6     -4        4
  MONTH TO DATE   69           182   -113      214
  SINCE MAR 1   1675          1552    123     1452
  SINCE JUL 1   6236          6325    -89     5348

 COOLING
  TODAY            0             2     -2        0
  MONTH TO DATE   36            18     18       23
  SINCE MAR 1     36            22     14       34
  SINCE JAN 1     36            22     14       34
......................................................


WIND (MPH)
  RESULTANT WIND SPEED   6   RESULTANT WIND DIRECTION   W (280)
  HIGHEST WIND SPEED    17   HIGHEST WIND DIRECTION    NW (310)
  HIGHEST GUST SPEED    21   HIGHEST GUST DIRECTION    NW (300)
  AVERAGE WIND SPEED     6.8


SKY COVER
  AVERAGE SKY COVER 0.8


WEATHER CONDITIONS
 THE FOLLOWING WEATHER WAS RECORDED TODAY.
  HEAVY RAIN
  LIGHT RAIN
  FOG
  HAZE


RELATIVE HUMIDITY (PERCENT)
 HIGHEST    93           200 AM
 LOWEST     73           100 PM
 AVERAGE    83

..........................................................


THE KALAMAZOO MI CLIMATE NORMALS FOR TOMORROW
                         NORMAL
 MAXIMUM TEMPERATURE (F)   72
 MINIMUM TEMPERATURE (F)   50


SUNRISE AND SUNSET
MAY 22 2018...........SUNRISE   615 AM EDT   SUNSET   904 PM EDT
MAY 23 2018...........SUNRISE   614 AM EDT   SUNSET   904 PM EDT


-  INDICATES NEGATIVE NUMBERS.
R  INDICATES RECORD WAS SET OR TIED.
MM INDICATES DATA IS MISSING.
T  INDICATES TRACE AMOUNT.




$$
