000
CDUS46 KHNX 280027
CLIBFL


CLIMATE REPORT
NATIONAL WEATHER SERVICE SAN JOAQUIN VALLEY, CA
526 PM PDT SUN MAY 27 2018


...................................

...THE BAKERSFIELD CLIMATE SUMMARY FOR MAY 27 2018...
VALID AS OF 0400 PM LOCAL TIME.

CLIMATE NORMAL PERIOD 1981 TO 2010
CLIMATE RECORD PERIOD 1889 TO 2018


WEATHER ITEM   OBSERVED TIME   RECORD YEAR NORMAL DEPARTURE LAST
                VALUE   (LST)  VALUE       VALUE  FROM      YEAR
                                                  NORMAL
..................................................................
TEMPERATURE (F)
 TODAY
  MAXIMUM         84    349 PM 106    1974  86     -2       83
  MINIMUM         58    329 AM  42    1917  60     -2       57
  AVERAGE         71                        73     -2       70

PRECIPITATION (IN)
  TODAY            0.00          0.75 1906   0.01  -0.01     0.00
  MONTH TO DATE    0.02                      0.17  -0.15     0.05
  SINCE OCT 1      3.95                      6.26  -2.31     7.81
  SINCE JAN 1      3.88                      4.30  -0.42     4.78

SNOWFALL (IN)
  TODAY            0.0
  MONTH TO DATE    0.0
  SINCE MAR 1      0.0
  SINCE JUL 1      0.0
  SNOW DEPTH       0

DEGREE DAYS
 HEATING
  TODAY            0                         0      0        0
  MONTH TO DATE    2                        30    -28       23
  SINCE MAR 1    257                       398   -141      247
  SINCE JUL 1   1535                      2172   -637     1615

 COOLING
  TODAY            6                         8     -2        5
  MONTH TO DATE  184                       166     18      221
  SINCE MAR 1    311                       232     79      298
  SINCE JAN 1    311                       232     79      300
..................................................................


WIND (MPH)
  HIGHEST WIND SPEED    14   HIGHEST WIND DIRECTION    NW (310)
  HIGHEST GUST SPEED    18   HIGHEST GUST DIRECTION    NW (300)
  AVERAGE WIND SPEED     4.8




RELATIVE HUMIDITY (PERCENT)
 HIGHEST    62
 LOWEST     32
 AVERAGE    47

..........................................................


THE BAKERSFIELD CLIMATE NORMALS FOR TOMORROW
                         NORMAL    RECORD    YEAR
 MAXIMUM TEMPERATURE (F)   86       107      1973
 MINIMUM TEMPERATURE (F)   60        43      1906


SUNRISE AND SUNSET
MAY 27 2018...........SUNRISE   544 AM PDT   SUNSET   803 PM PDT
MAY 28 2018...........SUNRISE   544 AM PDT   SUNSET   803 PM PDT


-  INDICATES NEGATIVE NUMBERS.
R  INDICATES RECORD WAS SET OR TIED.
MM INDICATES DATA IS MISSING.
T  INDICATES TRACE AMOUNT.




$$
