000
CDUS45 KBYZ 270721
CLIBIL


CLIMATE REPORT
NATIONAL WEATHER SERVICE BILLINGS MT
121 AM MDT FRI APR 27 2018


...................................

...THE BILLINGS MT CLIMATE SUMMARY FOR APRIL 26 2018...

CLIMATE NORMAL PERIOD 1981 TO 2010
CLIMATE RECORD PERIOD 1934 TO 2018


WEATHER ITEM   OBSERVED TIME   RECORD YEAR NORMAL DEPARTURE LAST
                VALUE   (LST)  VALUE       VALUE  FROM      YEAR
                                                  NORMAL
..................................................................
TEMPERATURE (F)
 YESTERDAY
  MAXIMUM         71    425 PM  85    1946  61     10       52
  MINIMUM         38    646 AM  23    1994  38      0       33
  AVERAGE         55                        49      6       43

PRECIPITATION (IN)
  YESTERDAY        0.00          0.85 1986   0.06  -0.06     0.06
  MONTH TO DATE    2.01                      1.40   0.61     2.43
  SINCE OCT 1      8.62                      5.73   2.89    11.67
  SINCE JAN 1      4.97                      3.42   1.55     6.11

SNOWFALL (IN)
  YESTERDAY        0.0           5.6  1986   0.2   -0.2       T
  MONTH TO DATE   19.4                       7.5   11.9      3.4
  SINCE MAR 1     29.2                      17.7   11.5     13.8
  SINCE JUL 1    106.1                      52.2   53.9     74.1
  SNOW DEPTH       0

DEGREE DAYS
 HEATING
  YESTERDAY       10                        16     -6       22
  MONTH TO DATE  632                       507    125      437
  SINCE MAR 1   1612                      1352    260     1155
  SINCE JUL 1   7009                      6317    692     6240

 COOLING
  YESTERDAY        0                         0      0        0
  MONTH TO DATE    0                         0      0        0
  SINCE MAR 1      0                         0      0        0
  SINCE JAN 1      0                         0      0        0
..................................................................


WIND (MPH)
  HIGHEST WIND SPEED    18   HIGHEST WIND DIRECTION    SW (240)
  HIGHEST GUST SPEED    23   HIGHEST GUST DIRECTION    SW (230)
  AVERAGE WIND SPEED    11.0


SKY COVER
  POSSIBLE SUNSHINE  MM
  AVERAGE SKY COVER 0.0


WEATHER CONDITIONS
 THE FOLLOWING WEATHER WAS RECORDED YESTERDAY.
  NO SIGNIFICANT WEATHER WAS OBSERVED.


RELATIVE HUMIDITY (PERCENT)
 HIGHEST    76           600 AM
 LOWEST     18           500 PM
 AVERAGE    47

..........................................................


THE BILLINGS MT CLIMATE NORMALS FOR TODAY
                         NORMAL    RECORD    YEAR
 MAXIMUM TEMPERATURE (F)   62        84      1987
 MINIMUM TEMPERATURE (F)   38        20      1994


SUNRISE AND SUNSET
APRIL 27 2018.........SUNRISE   608 AM MDT   SUNSET   817 PM MDT
APRIL 28 2018.........SUNRISE   606 AM MDT   SUNSET   818 PM MDT


-  INDICATES NEGATIVE NUMBERS.
R  INDICATES RECORD WAS SET OR TIED.
MM INDICATES DATA IS MISSING.
T  INDICATES TRACE AMOUNT.




$$
