000
CDUS41 KRLX 260727
CLIBKW


CLIMATE REPORT
NATIONAL WEATHER SERVICE CHARLESTON WV
326 AM EDT THU APR 26 2018


...................................

...THE BECKLEY WV CLIMATE SUMMARY FOR APRIL 25 2018...

CLIMATE NORMAL PERIOD 1981 TO 2010
CLIMATE RECORD PERIOD 1963 TO 2018


WEATHER ITEM   OBSERVED TIME   RECORD YEAR NORMAL DEPARTURE LAST
                VALUE   (LST)  VALUE       VALUE  FROM      YEAR
                                                  NORMAL
..................................................................
TEMPERATURE (F)
 YESTERDAY
  MAXIMUM         56    359 PM  87    1925  66    -10       65
  MINIMUM         47   1159 PM  21    1956  44      3       50
  AVERAGE         52                        55     -3       58

PRECIPITATION (IN)
  YESTERDAY        0.10          1.23 1901   0.12  -0.02     0.02
  MONTH TO DATE    3.90                      2.76   1.14     3.18
  SINCE JAN 1     17.14                     11.90   5.24    13.72

SNOWFALL (IN)
  YESTERDAY        0.0           T    2005   0.0    0.0      0.0
  MONTH TO DATE    3.5                       2.8    0.7      1.8
  SINCE SEP 1     54.5                      61.8   -7.3     26.0
  SNOW DEPTH       0

DEGREE DAYS
 HEATING
  YESTERDAY       13                        10      3        7
  MONTH TO DATE  418                       346     72      221
  SINCE MAR 1   1275                      1058    217      915
  SINCE JUL 1   4965                      5059    -94     4049

 COOLING
  YESTERDAY        0                         0      0        0
  MONTH TO DATE   10                         0     10        9
  SINCE MAR 1     11                         1     10        9
  SINCE JAN 1     12                         1     11        9
..................................................................


WIND (MPH)
  HIGHEST WIND SPEED    15   HIGHEST WIND DIRECTION     N (350)
  HIGHEST GUST SPEED    23   HIGHEST GUST DIRECTION    NW (330)
  AVERAGE WIND SPEED     6.9


SKY COVER
  POSSIBLE SUNSHINE  MM
  AVERAGE SKY COVER 1.0


WEATHER CONDITIONS
 THE FOLLOWING WEATHER WAS RECORDED YESTERDAY.
  RAIN
  LIGHT RAIN
  FOG


RELATIVE HUMIDITY (PERCENT)
 HIGHEST   100           600 AM
 LOWEST     83           400 PM
 AVERAGE    92

..........................................................


THE BECKLEY WV CLIMATE NORMALS FOR TODAY
                         NORMAL    RECORD    YEAR
 MAXIMUM TEMPERATURE (F)   66        87      1949
 MINIMUM TEMPERATURE (F)   44        24      1934


SUNRISE AND SUNSET
APRIL 26 2018.........SUNRISE   635 AM EDT   SUNSET   810 PM EDT
APRIL 27 2018.........SUNRISE   633 AM EDT   SUNSET   811 PM EDT


-  INDICATES NEGATIVE NUMBERS.
R  INDICATES RECORD WAS SET OR TIED.
MM INDICATES DATA IS MISSING.
T  INDICATES TRACE AMOUNT.




$$
