000
CDUS44 KOHX 230657
CLIBNA

CLIMATE REPORT
NATIONAL WEATHER SERVICE NASHVILLE TN
158 AM CDT MON APR 23 2018

...THE NASHVILLE CLIMATE SUMMARY FOR APRIL 22 2018...

CLIMATE NORMAL PERIOD 1981 TO 2010
CLIMATE RECORD PERIOD 1871 TO 2018


WEATHER ITEM   OBSERVED TIME   RECORD YEAR NORMAL DEPARTURE
                VALUE   (LST)  VALUE       VALUE  FROM
                                                  NORMAL
...............................................................
TEMPERATURE (F)
 YESTERDAY
  MAXIMUM         61    818 AM  86    1987  72    -11
                                      1980
                                      1963
  MINIMUM         56    517 AM  32    1978  50      6
  AVERAGE         59                        61     -2

PRECIPITATION (IN)
  YESTERDAY        2.09          5.03 1883   0.15   1.94
  MONTH TO DATE    5.11                      2.76   2.35
  SINCE JAN 1     22.48                     14.56   7.92

SNOWFALL (IN)
  YESTERDAY        0.0           0.0  2002
                                      2001
  MONTH TO DATE    0.0
  SINCE MAR 1      0.6
  SINCE JUL 1      3.0

DEGREE DAYS
 HEATING
  YESTERDAY        6                                0
  MONTH TO DATE  256                               74
  SINCE MAR 1    700                               45
  SINCE JUL 1   3347                             -246

 COOLING
  YESTERDAY        0                               -2
  MONTH TO DATE   11                              -13
  SINCE MAR 1     13                              -19
  SINCE JAN 1     34                                2
...............................................................


WIND (MPH)
  HIGHEST WIND SPEED    23   HIGHEST WIND DIRECTION     E (90)
  HIGHEST GUST SPEED    31   HIGHEST GUST DIRECTION     E (80)
  AVERAGE WIND SPEED    11.5




RELATIVE HUMIDITY (PERCENT)
 HIGHEST    93
 LOWEST     42

..........................................................


THE NASHVILLE CLIMATE NORMALS FOR TODAY
                         NORMAL    RECORD    YEAR
 MAXIMUM TEMPERATURE (F)   73        90      1980
 MINIMUM TEMPERATURE (F)   50        31      1986


SUNRISE AND SUNSET
APRIL 23 2018.........SUNRISE   603 AM CDT   SUNSET   727 PM CDT
APRIL 24 2018.........SUNRISE   602 AM CDT   SUNSET   728 PM CDT


-  INDICATES NEGATIVE NUMBERS.
R  INDICATES RECORD WAS SET OR TIED.
MM INDICATES DATA IS MISSING.
T  INDICATES TRACE AMOUNT.

$$

21
