000
CDUS45 KRIW 270738
CLIBPI


CLIMATE REPORT
NATIONAL WEATHER SERVICE RIVERTON WY
133 AM MDT SUN MAY 27 2018


...................................

...THE BIG PINEY WY CLIMATE SUMMARY FOR MAY 26 2018...

CLIMATE NORMAL PERIOD 1981 TO 2010
CLIMATE RECORD PERIOD 1976 TO 2018


WEATHER ITEM   OBSERVED TIME   RECORD YEAR NORMAL DEPARTURE LAST
                VALUE   (LST)  VALUE       VALUE  FROM      YEAR
                                                  NORMAL
..................................................................
TEMPERATURE (F)
 YESTERDAY
  MAXIMUM         78    325 PM  80    2003  65     13       58
  MINIMUM         36    449 AM  23    1977  33      3       32
  AVERAGE         57                        49      8       45

PRECIPITATION (IN)
  YESTERDAY        0.00          0.28 1981   0.03  -0.03     0.08
  MONTH TO DATE    1.71                      0.70   1.01     1.10
  SINCE MAR 1      2.35                      1.67   0.68     3.72
  SINCE JAN 1      2.40                      2.33   0.07     5.46

DEGREE DAYS
 HEATING
  YESTERDAY        8                        16     -8       20
  MONTH TO DATE  412                       519   -107      497
  SINCE MAR 1   2369                      2527   -158     2460
  SINCE JUL 1   8866                     10050  -1184     9890

 COOLING
  YESTERDAY        0                         0      0        0
  MONTH TO DATE    0                         0      0        0
  SINCE MAR 1      0                         0      0        0
  SINCE JAN 1      0                         0      0        0
..................................................................


WIND (MPH)
  HIGHEST WIND SPEED    21   HIGHEST WIND DIRECTION    SW (230)
  HIGHEST GUST SPEED    27   HIGHEST GUST DIRECTION    SW (230)
  AVERAGE WIND SPEED     8.7


SKY COVER
  POSSIBLE SUNSHINE  MM
  AVERAGE SKY COVER 0.1


WEATHER CONDITIONS
 THE FOLLOWING WEATHER WAS RECORDED YESTERDAY.
  NO SIGNIFICANT WEATHER WAS OBSERVED.


RELATIVE HUMIDITY (PERCENT)
 HIGHEST    92           500 AM
 LOWEST     12           300 PM
 AVERAGE    52

..........................................................


THE BIG PINEY WY CLIMATE NORMALS FOR TODAY
                         NORMAL    RECORD    YEAR
 MAXIMUM TEMPERATURE (F)   65        82      2003
 MINIMUM TEMPERATURE (F)   33        25      2011
                                             1983


SUNRISE AND SUNSET
MAY 27 2018...........SUNRISE   548 AM MDT   SUNSET   847 PM MDT
MAY 28 2018...........SUNRISE   548 AM MDT   SUNSET   848 PM MDT


-  INDICATES NEGATIVE NUMBERS.
R  INDICATES RECORD WAS SET OR TIED.
MM INDICATES DATA IS MISSING.
T  INDICATES TRACE AMOUNT.




$$
