000
CDUS44 KBRO 210645
CLIBRO


CLIMATE REPORT
NATIONAL WEATHER SERVICE BROWNSVILLE TX
145 AM CDT MON MAY 21 2018


...................................

...THE BROWNSVILLE CLIMATE SUMMARY FOR MAY 20 2018...

CLIMATE NORMAL PERIOD 1981 TO 2010
CLIMATE RECORD PERIOD 1878 TO 2018


WEATHER ITEM   OBSERVED TIME   RECORD YEAR NORMAL DEPARTURE LAST
                VALUE   (LST)  VALUE       VALUE  FROM      YEAR
                                                  NORMAL
..................................................................
TEMPERATURE (F)
 YESTERDAY
  MAXIMUM         93    216 PM 100    2011  89      4       92
  MINIMUM         79    624 AM  58    1986  73      6       80
  AVERAGE         86                        81      5       86

PRECIPITATION (IN)
  YESTERDAY        0.04          1.91 1976   0.09  -0.05     0.00
  MONTH TO DATE    0.26                      1.64  -1.38     0.03
  SINCE MAR 1      2.65                      4.41  -1.76     2.50
  SINCE JAN 1      4.88                      6.76  -1.88     4.04

SNOWFALL (IN)
  YESTERDAY        0.0
  MONTH TO DATE    0.0
  SINCE MAR 1      0.0
  SINCE JUL 1      0.3
  SNOW DEPTH       0

DEGREE DAYS
 HEATING
  YESTERDAY        0                         0      0        0
  MONTH TO DATE    0                         0      0        0
  SINCE MAR 1      3                        51    -48        2
  SINCE JUL 1    485                       554    -69      201

 COOLING
  YESTERDAY       21                        16      5       21
  MONTH TO DATE  350                       289     61      327
  SINCE MAR 1    963                       765    198     1037
  SINCE JAN 1   1228                       906    322     1424
..................................................................


WIND (MPH)
  HIGHEST WIND SPEED    25   HIGHEST WIND DIRECTION    SE (130)
  HIGHEST GUST SPEED    31   HIGHEST GUST DIRECTION    SE (130)
  AVERAGE WIND SPEED    14.6


SKY COVER
  POSSIBLE SUNSHINE  MM
  AVERAGE SKY COVER 0.9


WEATHER CONDITIONS
 THE FOLLOWING WEATHER WAS RECORDED YESTERDAY.
  LIGHT RAIN


RELATIVE HUMIDITY (PERCENT)
 HIGHEST    91          1200 AM
 LOWEST     59          1100 AM
 AVERAGE    75

..........................................................


THE BROWNSVILLE CLIMATE NORMALS FOR TODAY
                         NORMAL    RECORD    YEAR
 MAXIMUM TEMPERATURE (F)   89        98      1917
 MINIMUM TEMPERATURE (F)   73        57      1919


SUNRISE AND SUNSET
MAY 21 2018...........SUNRISE   641 AM CDT   SUNSET   812 PM CDT
MAY 22 2018...........SUNRISE   641 AM CDT   SUNSET   812 PM CDT


-  INDICATES NEGATIVE NUMBERS.
R  INDICATES RECORD WAS SET OR TIED.
MM INDICATES DATA IS MISSING.
T  INDICATES TRACE AMOUNT.




$$
