000
CDUS41 KBTV 200535
CLIBTV


CLIMATE REPORT
NATIONAL WEATHER SERVICE BURLINGTON VT
134 AM EDT FRI APR 20 2018


...................................

...THE BURLINGTON VT CLIMATE SUMMARY FOR APRIL 19 2018...

CLIMATE NORMAL PERIOD 1981 TO 2010
CLIMATE RECORD PERIOD 1884 TO 2018


WEATHER ITEM   OBSERVED TIME   RECORD YEAR NORMAL DEPARTURE LAST
                VALUE   (LST)  VALUE       VALUE  FROM      YEAR
                                                  NORMAL
..................................................................
TEMPERATURE (F)
 YESTERDAY
  MAXIMUM         44    158 PM  91    1976  57    -13       53
  MINIMUM         35   1159 PM  22    1918  36     -1       38
  AVERAGE         40                        46     -6       46

PRECIPITATION (IN)
  YESTERDAY        0.02          0.76 1969   0.09  -0.07     0.40
  MONTH TO DATE    2.67                      1.75   0.92     3.11
  SINCE MAR 1      5.30                      3.97   1.33     6.38
  SINCE JAN 1      9.24                      7.79   1.45    11.05

SNOWFALL (IN)
  YESTERDAY        T             6.0  1925   0.1   -0.1      0.0
  MONTH TO DATE    3.4                       3.6   -0.2      4.4
  SINCE MAR 1     33.5                      19.4   14.1     41.2
  SINCE JUL 1     87.9                      80.2    7.7    100.4
  SNOW DEPTH       0

DEGREE DAYS
 HEATING
  YESTERDAY       25                        19      6       19
  MONTH TO DATE  537                       433    104      334
  SINCE MAR 1   1576                      1487     89     1491
  SINCE JUL 1   6373                      6897   -524     5869

 COOLING
  YESTERDAY        0                         0      0        0
  MONTH TO DATE    0                         0      0        6
  SINCE MAR 1      0                         0      0        6
  SINCE JAN 1      0                         0      0        6
..................................................................


WIND (MPH)
  HIGHEST WIND SPEED    21   HIGHEST WIND DIRECTION    NW (320)
  HIGHEST GUST SPEED    28   HIGHEST GUST DIRECTION    NW (320)
  AVERAGE WIND SPEED     9.4


SKY COVER
  POSSIBLE SUNSHINE  MM
  AVERAGE SKY COVER 1.0


WEATHER CONDITIONS
 THE FOLLOWING WEATHER WAS RECORDED YESTERDAY.
  LIGHT RAIN
  SNOW
  LIGHT SNOW
  FOG


RELATIVE HUMIDITY (PERCENT)
 HIGHEST    76           300 AM
 LOWEST     45           200 PM
 AVERAGE    61

..........................................................


THE BURLINGTON VT CLIMATE NORMALS FOR TODAY
                         NORMAL    RECORD    YEAR
 MAXIMUM TEMPERATURE (F)   57        86      1941
 MINIMUM TEMPERATURE (F)   37        16      1897


SUNRISE AND SUNSET
APRIL 20 2018.........SUNRISE   600 AM EDT   SUNSET   743 PM EDT
APRIL 21 2018.........SUNRISE   559 AM EDT   SUNSET   745 PM EDT


-  INDICATES NEGATIVE NUMBERS.
R  INDICATES RECORD WAS SET OR TIED.
MM INDICATES DATA IS MISSING.
T  INDICATES TRACE AMOUNT.




&&

LAKE CHAMPLAIN DATA:
LEVEL...............98.08 FEET
TEMPERATURE.........37 DEGREES

MOUNT MANSFIELD DATA:
HIGH................31 DEGREES
LOW.................24 DEGREES
PRECIPITATION.......0.07 INCHES
SNOW AT STAKE.......91 INCHES

$$
