000
CDUS42 KCAE 250542
CLICAE


CLIMATE REPORT
NATIONAL WEATHER SERVICE COLUMBIA SC
142 AM EDT FRI MAY 25 2018


...................................

...THE COLUMBIA METRO AIRPORT SC CLIMATE SUMMARY FOR MAY 24 2018...

CLIMATE NORMAL PERIOD 1981 TO 2010
CLIMATE RECORD PERIOD 1887 TO 2018


WEATHER ITEM   OBSERVED TIME   RECORD YEAR NORMAL DEPARTURE LAST
                VALUE   (LST)  VALUE       VALUE  FROM      YEAR
                                                  NORMAL
..................................................................
TEMPERATURE (F)
 YESTERDAY
  MAXIMUM         87   1109 AM  98    1953  86      1       79
  MINIMUM         70    509 AM  46    1931  62      8       63
  AVERAGE         79                        74      5       71

PRECIPITATION (IN)
  YESTERDAY        0.20          2.00 1966   0.11   0.09     1.38
  MONTH TO DATE    1.38                      2.22  -0.84     6.18
  SINCE MAR 1      7.45                      8.57  -1.12    14.67
  SINCE JAN 1     11.48                     15.76  -4.28    23.31

SNOWFALL (IN)
  YESTERDAY        0.0          MM      MM   0.0             0.0
  MONTH TO DATE    0.0                       0.0             0.0
  SINCE MAR 1      0.0                       0.1              T
  SINCE JUL 1      T                         1.5             0.1

DEGREE DAYS
 HEATING
  YESTERDAY        0                         0      0        0
  MONTH TO DATE    0                        18    -18       12
  SINCE MAR 1    461                       450     11      324
  SINCE JUL 1   2185                      2549   -364     1665

 COOLING
  YESTERDAY       14                         9      5        6
  MONTH TO DATE  269                       154    115      204
  SINCE MAR 1    328                       245     83      430
  SINCE JAN 1    388                       249    139      448
..................................................................


WIND (MPH)
  HIGHEST WIND SPEED    18   HIGHEST WIND DIRECTION     S (160)
  HIGHEST GUST SPEED    23   HIGHEST GUST DIRECTION     S (160)
  AVERAGE WIND SPEED     5.2


SKY COVER
  AVERAGE SKY COVER 0.6


WEATHER CONDITIONS
 THE FOLLOWING WEATHER WAS RECORDED YESTERDAY.
  THUNDERSTORM
  HEAVY RAIN
  LIGHT RAIN
  FOG


RELATIVE HUMIDITY (PERCENT)
 HIGHEST   100          1200 AM
 LOWEST     61          1100 AM
 AVERAGE    81

..........................................................


THE COLUMBIA METRO AIRPORT SC CLIMATE NORMALS FOR TODAY
                         NORMAL    RECORD    YEAR
 MAXIMUM TEMPERATURE (F)   86       101      2000
 MINIMUM TEMPERATURE (F)   63        45      2013
                                             1967


SUNRISE AND SUNSET
MAY 25 2018...........SUNRISE   617 AM EDT   SUNSET   826 PM EDT
MAY 26 2018...........SUNRISE   617 AM EDT   SUNSET   827 PM EDT


-  INDICATES NEGATIVE NUMBERS.
R  INDICATES RECORD WAS SET OR TIED.
MM INDICATES DATA IS MISSING.
T  INDICATES TRACE AMOUNT.




$$
