000
CDUS42 KCHS 260618
CLICHS


CLIMATE REPORT
NATIONAL WEATHER SERVICE CHARLESTON SC
217 AM EDT THU APR 26 2018


...................................

...THE NORTH CHARLESTON SC CLIMATE SUMMARY FOR APRIL 25 2018...

CLIMATE NORMAL PERIOD 1981 TO 2010
CLIMATE RECORD PERIOD 1938 TO 2018


WEATHER ITEM   OBSERVED TIME   RECORD YEAR NORMAL DEPARTURE LAST
                VALUE   (LST)  VALUE       VALUE  FROM      YEAR
                                                  NORMAL
..................................................................
TEMPERATURE (F)
 YESTERDAY
  MAXIMUM         81    201 PM  92    1958  79      2       76
  MINIMUM         59    548 AM  37    1974  56      3       58
  AVERAGE         70                        67      3       67

PRECIPITATION (IN)
  YESTERDAY        0.00          2.38 1982   0.09  -0.09      T
  MONTH TO DATE    4.04                      2.44   1.60     6.22
  SINCE MAR 1      6.27                      6.15   0.12     7.24
  SINCE JAN 1     10.44                     12.82  -2.38    11.42

SNOWFALL (IN)
  YESTERDAY        0.0                       0.0    0.0
  SINCE MAR 1      0.0                       0.0    0.0
  SINCE JUL 1      5.3                       0.5    4.8

DEGREE DAYS
 HEATING
  YESTERDAY        0                         2     -2        0
  MONTH TO DATE   97                        82     15       23
  SINCE MAR 1    371                       321     50      257
  SINCE JUL 1   1819                      1957   -138     1225

 COOLING
  YESTERDAY        5                         4      1        2
  MONTH TO DATE   61                        64     -3      121
  SINCE MAR 1     83                        91     -8      180
  SINCE JAN 1    145                        98     47      215
..................................................................


WIND (MPH)
  HIGHEST WIND SPEED    17   HIGHEST WIND DIRECTION    SW (240)
  HIGHEST GUST SPEED    25   HIGHEST GUST DIRECTION     W (290)
  AVERAGE WIND SPEED     8.5


SKY COVER
  POSSIBLE SUNSHINE  MM
  AVERAGE SKY COVER 0.3


WEATHER CONDITIONS
 THE FOLLOWING WEATHER WAS RECORDED YESTERDAY.
  NO SIGNIFICANT WEATHER WAS OBSERVED.


RELATIVE HUMIDITY (PERCENT)
 HIGHEST    84           400 AM
 LOWEST     42           200 PM
 AVERAGE    63

..........................................................


THE NORTH CHARLESTON SC CLIMATE NORMALS FOR TODAY
                         NORMAL    RECORD    YEAR
 MAXIMUM TEMPERATURE (F)   79        92      1989
 MINIMUM TEMPERATURE (F)   56        43      1974


SUNRISE AND SUNSET
APRIL 26 2018.........SUNRISE   638 AM EDT   SUNSET   758 PM EDT
APRIL 27 2018.........SUNRISE   637 AM EDT   SUNSET   759 PM EDT


-  INDICATES NEGATIVE NUMBERS.
R  INDICATES RECORD WAS SET OR TIED.
MM INDICATES DATA IS MISSING.
T  INDICATES TRACE AMOUNT.


$$
