000
CDUS44 KHGX 222123
CLICLL


CLIMATE REPORT
NATIONAL WEATHER SERVICE HOUSTON/GALVESTON TX
422 PM CDT TUE MAY 22 2018


...................................

...THE COLLEGE STATION CLIMATE SUMMARY FOR MAY 22 2018...
VALID TODAY AS OF 400 PM LOCAL TIME.

CLIMATE NORMAL PERIOD 1981 TO 2010
CLIMATE RECORD PERIOD 1902 TO 2018


WEATHER ITEM   OBSERVED TIME   RECORD YEAR NORMAL DEPARTURE LAST
                VALUE   (LST)  VALUE       VALUE  FROM      YEAR
                                                  NORMAL
..................................................................
TEMPERATURE (F)
 TODAY
  MAXIMUM         86    122 PM  97    1996  87     -1       73
  MINIMUM         68    503 AM  46    1892  68      0       61
  AVERAGE         77                        78     -1       67

PRECIPITATION (IN)
  TODAY            T             2.20 2017   0.15  -0.15     2.20
  MONTH TO DATE    2.08                      3.02  -0.94     4.43
  SINCE MAR 1      9.72                      8.85   0.87     9.11
  SINCE JAN 1     12.64                     14.94  -2.30    16.11

SNOWFALL (IN)
  TODAY            0.0
  MONTH TO DATE    0.0
  SINCE JUL 1      5.0

DEGREE DAYS
 HEATING
  TODAY            0                         0      0        0
  MONTH TO DATE    0                         0      0        0
  SINCE MAR 1    154                       219    -65       78
  SINCE JUL 1   1521                      1606    -85      847

 COOLING
  TODAY           12                        13     -1        2
  MONTH TO DATE  281                       226     55      194
  SINCE MAR 1    467                       437     30      515
  SINCE JAN 1    513                       465     48      646
..................................................................


WIND (MPH)
  HIGHEST WIND SPEED    16   HIGHEST WIND DIRECTION     N (10)
  HIGHEST GUST SPEED    20   HIGHEST GUST DIRECTION     N (360)
  AVERAGE WIND SPEED     4.4


SKY COVER
  AVERAGE SKY COVER 0.4


WEATHER CONDITIONS
 THE FOLLOWING WEATHER WAS RECORDED TODAY.
  THUNDERSTORM
  LIGHT RAIN


RELATIVE HUMIDITY (PERCENT)
 HIGHEST    97           100 AM
 LOWEST     61          1100 AM
 AVERAGE    79

..........................................................


THE COLLEGE STATION CLIMATE NORMALS FOR TOMORROW
                         NORMAL    RECORD    YEAR
 MAXIMUM TEMPERATURE (F)   88        97      1996
                                             1925
 MINIMUM TEMPERATURE (F)   69        51      1892


SUNRISE AND SUNSET
MAY 22 2018...........SUNRISE   627 AM CDT   SUNSET   818 PM CDT
MAY 23 2018...........SUNRISE   627 AM CDT   SUNSET   818 PM CDT


-  INDICATES NEGATIVE NUMBERS.
R  INDICATES RECORD WAS SET OR TIED.
MM INDICATES DATA IS MISSING.
T  INDICATES TRACE AMOUNT.




$$
